68.142.251.52 - - [15/Jul/2005:09:18:55 +0000] "GET /?N=A HTTP/1.0" 200 814 "-" "Mozilla/5.0 (compatible; Yahoo! Slurp; http://help.yahoo.com/help/us/ysearch/slurp)"
69.238.45.206 - - [15/Jul/2005:10:23:50 +0000] "GET /robots.txt HTTP/1.1" 404 216 "-" "ScSpider/0.2"
69.238.45.206 - - [15/Jul/2005:10:24:02 +0000] "GET / HTTP/1.1" 200 826 "-" "ScSpider/0.2"
69.238.45.206 - - [15/Jul/2005:10:24:18 +0000] "GET /?N=D HTTP/1.1" 200 826 "-" "ScSpider/0.2"
69.238.45.206 - - [15/Jul/2005:10:24:20 +0000] "GET /?M=A HTTP/1.1" 200 826 "-" "ScSpider/0.2"
69.238.45.206 - - [15/Jul/2005:10:24:22 +0000] "GET /?S=A HTTP/1.1" 200 826 "-" "ScSpider/0.2"
69.238.45.206 - - [15/Jul/2005:10:24:28 +0000] "GET /?D=A HTTP/1.1" 200 826 "-" "ScSpider/0.2"
69.238.45.206 - - [15/Jul/2005:10:24:30 +0000] "GET /WS_FTP.LOG HTTP/1.1" 200 440 "-" "ScSpider/0.2"
217.219.195.10 - - [15/Jul/2005:15:53:19 +0000] "GET / HTTP/1.1" 200 826 "-" "Mozilla/4.0 (compatible; MSIE 6.0; Windows NT 5.1)"
68.142.250.76 - - [15/Jul/2005:16:09:48 +0000] "GET /robots.txt HTTP/1.0" 404 204 "-" "Mozilla/5.0 (compatible; Yahoo! Slurp; http://help.yahoo.com/help/us/ysearch/slurp)"
68.142.251.179 - - [15/Jul/2005:16:09:49 +0000] "GET /error_log HTTP/1.0" 200 30637 "-" "Mozilla/5.0 (compatible; Yahoo! Slurp; http://help.yahoo.com/help/us/ysearch/slurp)"
212.72.131.253 - - [15/Jul/2005:16:59:55 +0000] "GET / HTTP/1.0" 200 814 "-" "Mozilla/4.0 (compatible; MSIE 6.0; Windows NT 5.1; .NET CLR 1.1.4322)"
212.72.131.253 - - [15/Jul/2005:16:59:57 +0000] "GET /icons/blank.gif HTTP/1.0" 200 148 "http://www.persianart.com/" "Mozilla/4.0 (compatible; MSIE 6.0; Windows NT 5.1; .NET CLR 1.1.4322)"
212.72.131.253 - - [15/Jul/2005:16:59:57 +0000] "GET /icons/back.gif HTTP/1.0" 200 216 "http://www.persianart.com/" "Mozilla/4.0 (compatible; MSIE 6.0; Windows NT 5.1; .NET CLR 1.1.4322)"
212.72.131.253 - - [15/Jul/2005:16:59:57 +0000] "GET /icons/unknown.gif HTTP/1.0" 200 245 "http://www.persianart.com/" "Mozilla/4.0 (compatible; MSIE 6.0; Windows NT 5.1; .NET CLR 1.1.4322)"
212.72.131.253 - - [15/Jul/2005:17:00:25 +0000] "GET / HTTP/1.0" 200 814 "http://www.persianart.com/" "Mozilla/4.0 (compatible; MSIE 6.0; Windows NT 5.1; .NET CLR 1.1.4322)"
212.72.131.253 - - [15/Jul/2005:17:01:03 +0000] "GET /access_log HTTP/1.0" 200 131072 "http://www.persianart.com/" "Mozilla/4.0 (compatible; MSIE 6.0; Windows NT 5.1; .NET CLR 1.1.4322)"
62.194.11.37 - - [15/Jul/2005:19:40:59 +0000] "GET / HTTP/1.1" 200 826 "-" "Mozilla/4.0 (compatible; MSIE 6.0; Windows 98)"
207.46.98.121 - - [15/Jul/2005:20:25:43 +0000] "GET /robots.txt HTTP/1.0" 404 204 "-" "msnbot/1.0 (+http://search.msn.com/msnbot.htm)"
207.46.98.121 - - [15/Jul/2005:20:25:43 +0000] "GET /WS_FTP.LOG HTTP/1.0" 200 440 "-" "msnbot/1.0 (+http://search.msn.com/msnbot.htm)"
64.62.168.72 - - [15/Jul/2005:20:50:54 +0000] "GET /robots.txt HTTP/1.0" 404 204 "-" "Gigabot/2.0"
24.127.108.72 - - [15/Jul/2005:20:52:54 +0000] "GET / HTTP/1.1" 200 826 "-" "Mozilla/4.0 (compatible; MSIE 6.0; Windows NT 5.1; SV1; .NET CLR 1.1.4322; .NET CLR 1.0.3705)"
24.127.108.72 - - [15/Jul/2005:20:52:54 +0000] "GET /icons/blank.gif HTTP/1.1" 200 148 "-" "Mozilla/4.0 (compatible; MSIE 6.0; Windows NT 5.1; SV1; .NET CLR 1.1.4322; .NET CLR 1.0.3705)"
24.127.108.72 - - [15/Jul/2005:20:52:54 +0000] "GET /icons/back.gif HTTP/1.1" 200 216 "-" "Mozilla/4.0 (compatible; MSIE 6.0; Windows NT 5.1; SV1; .NET CLR 1.1.4322; .NET CLR 1.0.3705)"
24.127.108.72 - - [15/Jul/2005:20:52:55 +0000] "GET /icons/unknown.gif HTTP/1.1" 200 245 "-" "Mozilla/4.0 (compatible; MSIE 6.0; Windows NT 5.1; SV1; .NET CLR 1.1.4322; .NET CLR 1.0.3705)"
71.106.166.58 - - [15/Jul/2005:21:35:37 +0000] "GET / HTTP/1.1" 200 826 "-" "Mozilla/4.0 (compatible; MSIE 6.0; Windows NT 5.1; SV1; .NET CLR 1.1.4322; .NET CLR 1.0.3705)"
71.106.166.58 - - [15/Jul/2005:21:35:37 +0000] "GET /icons/blank.gif HTTP/1.1" 304 - "-" "Mozilla/4.0 (compatible; MSIE 6.0; Windows NT 5.1; SV1; .NET CLR 1.1.4322; .NET CLR 1.0.3705)"
71.106.166.58 - - [15/Jul/2005:21:35:37 +0000] "GET /icons/unknown.gif HTTP/1.1" 304 - "-" "Mozilla/4.0 (compatible; MSIE 6.0; Windows NT 5.1; SV1; .NET CLR 1.1.4322; .NET CLR 1.0.3705)"
71.106.166.58 - - [15/Jul/2005:21:35:37 +0000] "GET /icons/back.gif HTTP/1.1" 304 - "-" "Mozilla/4.0 (compatible; MSIE 6.0; Windows NT 5.1; SV1; .NET CLR 1.1.4322; .NET CLR 1.0.3705)"
68.142.249.172 - - [15/Jul/2005:22:25:43 +0000] "GET /robots.txt HTTP/1.0" 404 204 "-" "Mozilla/5.0 (compatible; Yahoo! Slurp; http://help.yahoo.com/help/us/ysearch/slurp)"
68.142.251.181 - - [15/Jul/2005:22:25:43 +0000] "GET / HTTP/1.0" 200 814 "-" "Mozilla/5.0 (compatible; Yahoo! Slurp; http://help.yahoo.com/help/us/ysearch/slurp)"
66.249.65.101 - - [16/Jul/2005:06:45:26 +0000] "GET /robots.txt HTTP/1.1" 404 216 "-" "Mozilla/5.0 (compatible; Googlebot/2.1; +http://www.google.com/bot.html)"
66.249.65.101 - - [16/Jul/2005:06:45:27 +0000] "GET /WS_FTP.LOG HTTP/1.1" 200 440 "-" "Mozilla/5.0 (compatible; Googlebot/2.1; +http://www.google.com/bot.html)"
67.39.186.38 - - [16/Jul/2005:07:31:35 +0000] "GET / HTTP/1.1" 200 826 "-" "Mozilla/5.0 (Macintosh; U; PPC Mac OS X; en) AppleWebKit/412.6 (KHTML, like Gecko) Safari/412.2"
67.39.186.38 - - [16/Jul/2005:07:31:35 +0000] "GET /favicon.ico HTTP/1.1" 404 217 "-" "Mozilla/5.0 (Macintosh; U; PPC Mac OS X; en) AppleWebKit/412.6 (KHTML, like Gecko) Safari/412.2"
67.39.186.38 - - [16/Jul/2005:07:31:35 +0000] "GET /icons/back.gif HTTP/1.1" 200 216 "http://www.persianart.com/" "Mozilla/5.0 (Macintosh; U; PPC Mac OS X; en) AppleWebKit/412.6 (KHTML, like Gecko) Safari/412.2"
67.39.186.38 - - [16/Jul/2005:07:31:35 +0000] "GET /icons/blank.gif HTTP/1.1" 200 148 "http://www.persianart.com/" "Mozilla/5.0 (Macintosh; U; PPC Mac OS X; en) AppleWebKit/412.6 (KHTML, like Gecko) Safari/412.2"
67.39.186.38 - - [16/Jul/2005:07:31:35 +0000] "GET /icons/unknown.gif HTTP/1.1" 200 245 "http://www.persianart.com/" "Mozilla/5.0 (Macintosh; U; PPC Mac OS X; en) AppleWebKit/412.6 (KHTML, like Gecko) Safari/412.2"
217.219.57.32 - - [16/Jul/2005:09:12:07 +0000] "GET / HTTP/1.1" 200 826 "-" "Mozilla/4.0 (compatible; MSIE 6.0; Windows NT 5.1; SV1; .NET CLR 1.1.4322)"
217.219.57.32 - - [16/Jul/2005:09:12:18 +0000] "GET / HTTP/1.1" 200 826 "http://www.persianart.com/" "Mozilla/4.0 (compatible; MSIE 6.0; Windows NT 5.1; SV1; .NET CLR 1.1.4322)"
217.219.57.32 - - [16/Jul/2005:09:14:22 +0000] "GET / HTTP/1.1" 200 826 "http://www.persianart.com/" "Mozilla/4.0 (compatible; MSIE 6.0; Windows NT 5.1; SV1; .NET CLR 1.1.4322)"
85.185.53.26 - - [16/Jul/2005:09:45:58 +0000] "GET / HTTP/1.1" 200 826 "-" "Mozilla/4.0 (compatible; MSIE 6.0; Windows 98)"
85.185.53.26 - - [16/Jul/2005:09:45:58 +0000] "GET /icons/blank.gif HTTP/1.1" 200 148 "http://www.persianart.com" "Mozilla/4.0 (compatible; MSIE 6.0; Windows 98)"
85.185.53.26 - - [16/Jul/2005:09:45:59 +0000] "GET /icons/back.gif HTTP/1.1" 200 216 "http://www.persianart.com" "Mozilla/4.0 (compatible; MSIE 6.0; Windows 98)"
85.185.53.26 - - [16/Jul/2005:09:45:59 +0000] "GET /icons/unknown.gif HTTP/1.1" 200 245 "http://www.persianart.com" "Mozilla/4.0 (compatible; MSIE 6.0; Windows 98)"
64.140.49.69 - - [16/Jul/2005:11:36:50 +0000] "GET /robots.txt HTTP/1.0" 404 204 "-" "TurnitinBot/2.0 (http://www.turnitin.com/robot/crawlerinfo.html)"
64.140.49.69 - - [16/Jul/2005:11:38:30 +0000] "GET / HTTP/1.0" 200 814 "-" "TurnitinBot/2.0 http://www.turnitin.com/robot/crawlerinfo.html"
68.142.249.190 - - [16/Jul/2005:13:25:06 +0000] "GET /robots.txt HTTP/1.0" 404 204 "-" "Mozilla/5.0 (compatible; Yahoo! Slurp; http://help.yahoo.com/help/us/ysearch/slurp)"
68.142.250.139 - - [16/Jul/2005:13:25:10 +0000] "GET /?M=D HTTP/1.0" 200 814 "-" "Mozilla/5.0 (compatible; Yahoo! Slurp; http://help.yahoo.com/help/us/ysearch/slurp)"
195.175.37.6 - - [16/Jul/2005:13:54:33 +0000] "GET / HTTP/1.0" 200 814 "-" "Mozilla/4.0 (compatible; MSIE 6.0; Windows NT 5.1; SV1)"
195.175.37.6 - - [16/Jul/2005:13:54:36 +0000] "GET /icons/blank.gif HTTP/1.0" 200 148 "http://www.persianart.com" "Mozilla/4.0 (compatible; MSIE 6.0; Windows NT 5.1; SV1)"
195.175.37.6 - - [16/Jul/2005:13:54:36 +0000] "GET /icons/back.gif HTTP/1.0" 200 216 "http://www.persianart.com" "Mozilla/4.0 (compatible; MSIE 6.0; Windows NT 5.1; SV1)"
195.175.37.6 - - [16/Jul/2005:13:54:36 +0000] "GET /icons/unknown.gif HTTP/1.0" 200 245 "http://www.persianart.com" "Mozilla/4.0 (compatible; MSIE 6.0; Windows NT 5.1; SV1)"
195.175.37.6 - - [16/Jul/2005:13:55:20 +0000] "GET / HTTP/1.0" 200 814 "http://www.persianart.com" "Mozilla/4.0 (compatible; MSIE 6.0; Windows NT 5.1; SV1)"
195.175.37.6 - - [16/Jul/2005:13:55:40 +0000] "GET /WS_FTP.LOG HTTP/1.0" 200 440 "http://www.persianart.com/" "Mozilla/4.0 (compatible; MSIE 6.0; Windows NT 5.1; SV1)"
217.219.199.152 - - [16/Jul/2005:15:39:57 +0000] "GET / HTTP/1.1" 200 826 "-" "Mozilla/4.0 (compatible; MSIE 6.0; Windows NT 5.1)"
68.142.249.190 - - [16/Jul/2005:22:06:21 +0000] "GET /robots.txt HTTP/1.0" 404 204 "-" "Mozilla/5.0 (compatible; Yahoo! Slurp; http://help.yahoo.com/help/us/ysearch/slurp)"
68.142.250.75 - - [16/Jul/2005:22:06:21 +0000] "GET /?D=A HTTP/1.0" 200 814 "-" "Mozilla/5.0 (compatible; Yahoo! Slurp; http://help.yahoo.com/help/us/ysearch/slurp)"
81.19.66.8 - - [16/Jul/2005:22:12:35 +0000] "GET /robots.txt HTTP/1.0" 404 204 "-" "StackRambler/2.0 (MSIE incompatible)"
64.242.88.50 - - [17/Jul/2005:00:41:22 +0000] "GET /?S=A HTTP/1.1" 200 826 "-" "Mozilla/4.0 compatible ZyBorg/1.0 Dead Link Checker (wn.dlc@looksmart.net; http://www.WISEnutbot.com)"
68.142.249.190 - - [17/Jul/2005:01:05:24 +0000] "GET /robots.txt HTTP/1.0" 404 204 "-" "Mozilla/5.0 (compatible; Yahoo! Slurp; http://help.yahoo.com/help/us/ysearch/slurp)"
68.142.251.174 - - [17/Jul/2005:01:05:37 +0000] "GET /access_log HTTP/1.0" 200 209416 "-" "Mozilla/5.0 (compatible; Yahoo! Slurp; http://help.yahoo.com/help/us/ysearch/slurp)"
68.142.249.190 - - [17/Jul/2005:02:08:13 +0000] "GET /robots.txt HTTP/1.0" 404 204 "-" "Mozilla/5.0 (compatible; Yahoo! Slurp; http://help.yahoo.com/help/us/ysearch/slurp)"
68.142.251.72 - - [17/Jul/2005:02:08:13 +0000] "GET /WS_FTP.LOG HTTP/1.0" 200 440 "-" "Mozilla/5.0 (compatible; Yahoo! Slurp; http://help.yahoo.com/help/us/ysearch/slurp)"
64.242.88.50 - - [17/Jul/2005:04:25:12 +0000] "GET /?M=A HTTP/1.1" 200 826 "-" "Mozilla/4.0 compatible ZyBorg/1.0 Dead Link Checker (wn.dlc@looksmart.net; http://www.WISEnutbot.com)"
217.219.195.10 - - [17/Jul/2005:07:55:05 +0000] "GET / HTTP/1.1" 200 826 "-" "Mozilla/4.0 (compatible; MSIE 6.0; Windows NT 5.1)"
217.219.195.10 - - [17/Jul/2005:07:55:15 +0000] "GET /icons/unknown.gif HTTP/1.1" 200 245 "http://www.persianart.com" "Mozilla/4.0 (compatible; MSIE 6.0; Windows NT 5.1)"
217.219.195.10 - - [17/Jul/2005:07:55:18 +0000] "GET /icons/back.gif HTTP/1.1" 200 216 "http://www.persianart.com" "Mozilla/4.0 (compatible; MSIE 6.0; Windows NT 5.1)"
217.219.195.10 - - [17/Jul/2005:07:55:22 +0000] "GET /icons/blank.gif HTTP/1.1" 200 148 "http://www.persianart.com" "Mozilla/4.0 (compatible; MSIE 6.0; Windows NT 5.1)"
64.242.88.50 - - [17/Jul/2005:09:47:16 +0000] "GET /?D=A HTTP/1.1" 200 826 "-" "Mozilla/4.0 compatible ZyBorg/1.0 Dead Link Checker (wn.dlc@looksmart.net; http://www.WISEnutbot.com)"
68.142.249.190 - - [17/Jul/2005:14:30:55 +0000] "GET /robots.txt HTTP/1.0" 404 204 "-" "Mozilla/5.0 (compatible; Yahoo! Slurp; http://help.yahoo.com/help/us/ysearch/slurp)"
68.142.249.102 - - [17/Jul/2005:14:30:55 +0000] "GET /?S=A HTTP/1.0" 200 814 "-" "Mozilla/5.0 (compatible; Yahoo! Slurp; http://help.yahoo.com/help/us/ysearch/slurp)"
82.99.195.220 - - [17/Jul/2005:14:35:05 +0000] "GET / HTTP/1.1" 200 826 "-" "Mozilla/4.0 (compatible; MSIE 6.0; Windows NT 5.1)"
82.99.195.220 - - [17/Jul/2005:14:35:06 +0000] "GET /icons/blank.gif HTTP/1.1" 200 148 "http://www.persianart.com/" "Mozilla/4.0 (compatible; MSIE 6.0; Windows NT 5.1)"
82.99.195.220 - - [17/Jul/2005:14:35:07 +0000] "GET /icons/back.gif HTTP/1.1" 200 216 "http://www.persianart.com/" "Mozilla/4.0 (compatible; MSIE 6.0; Windows NT 5.1)"
82.99.195.220 - - [17/Jul/2005:14:35:07 +0000] "GET /icons/unknown.gif HTTP/1.1" 200 245 "http://www.persianart.com/" "Mozilla/4.0 (compatible; MSIE 6.0; Windows NT 5.1)"
68.142.249.190 - - [17/Jul/2005:16:09:54 +0000] "GET /robots.txt HTTP/1.0" 404 204 "-" "Mozilla/5.0 (compatible; Yahoo! Slurp; http://help.yahoo.com/help/us/ysearch/slurp)"
68.142.251.179 - - [17/Jul/2005:16:09:54 +0000] "GET /error_log HTTP/1.0" 200 32316 "-" "Mozilla/5.0 (compatible; Yahoo! Slurp; http://help.yahoo.com/help/us/ysearch/slurp)"
80.191.244.62 - - [17/Jul/2005:16:59:02 +0000] "GET / HTTP/1.1" 200 826 "-" "Mozilla/4.0 (compatible; MSIE 6.0; Windows NT 5.1)"
80.191.244.62 - - [17/Jul/2005:16:59:03 +0000] "GET /icons/blank.gif HTTP/1.1" 200 148 "http://www.persianart.com" "Mozilla/4.0 (compatible; MSIE 6.0; Windows NT 5.1)"
80.191.244.62 - - [17/Jul/2005:16:59:04 +0000] "GET /icons/back.gif HTTP/1.1" 200 216 "http://www.persianart.com" "Mozilla/4.0 (compatible; MSIE 6.0; Windows NT 5.1)"
80.191.244.62 - - [17/Jul/2005:16:59:04 +0000] "GET /icons/unknown.gif HTTP/1.1" 200 245 "http://www.persianart.com" "Mozilla/4.0 (compatible; MSIE 6.0; Windows NT 5.1)"
64.242.88.50 - - [17/Jul/2005:17:03:32 +0000] "GET /access_log HTTP/1.1" 200 3812 "-" "Mozilla/4.0 compatible ZyBorg/1.0 Dead Link Checker (wn.dlc@looksmart.net; http://www.WISEnutbot.com)"
84.11.63.176 - - [17/Jul/2005:18:07:23 +0000] "GET / HTTP/1.0" 200 814 "-" "Mozilla/4.0 (compatible; MSIE 6.0; Windows NT 5.1; SV1; Hotbar 4.6.1)"
84.11.63.176 - - [17/Jul/2005:18:07:24 +0000] "GET /icons/blank.gif HTTP/1.0" 200 148 "http://www.persianart.com" "Mozilla/4.0 (compatible; MSIE 6.0; Windows NT 5.1; SV1; Hotbar 4.6.1)"
84.11.63.176 - - [17/Jul/2005:18:07:24 +0000] "GET /icons/back.gif HTTP/1.0" 200 216 "http://www.persianart.com" "Mozilla/4.0 (compatible; MSIE 6.0; Windows NT 5.1; SV1; Hotbar 4.6.1)"
84.11.63.176 - - [17/Jul/2005:18:07:26 +0000] "GET /icons/unknown.gif HTTP/1.0" 200 245 "http://www.persianart.com" "Mozilla/4.0 (compatible; MSIE 6.0; Windows NT 5.1; SV1; Hotbar 4.6.1)"
64.242.88.50 - - [17/Jul/2005:19:06:39 +0000] "GET /error_log HTTP/1.1" 200 3840 "-" "Mozilla/4.0 compatible ZyBorg/1.0 Dead Link Checker (wn.dlc@looksmart.net; http://www.WISEnutbot.com)"
68.142.249.190 - - [17/Jul/2005:23:25:23 +0000] "GET /robots.txt HTTP/1.0" 404 204 "-" "Mozilla/5.0 (compatible; Yahoo! Slurp; http://help.yahoo.com/help/us/ysearch/slurp)"
68.142.250.193 - - [17/Jul/2005:23:25:23 +0000] "GET /?M=A HTTP/1.0" 200 814 "-" "Mozilla/5.0 (compatible; Yahoo! Slurp; http://help.yahoo.com/help/us/ysearch/slurp)"
68.142.249.190 - - [18/Jul/2005:00:55:25 +0000] "GET /robots.txt HTTP/1.0" 404 204 "-" "Mozilla/5.0 (compatible; Yahoo! Slurp; http://help.yahoo.com/help/us/ysearch/slurp)"
68.142.251.98 - - [18/Jul/2005:00:55:25 +0000] "GET /?D=D HTTP/1.0" 200 814 "-" "Mozilla/5.0 (compatible; Yahoo! Slurp; http://help.yahoo.com/help/us/ysearch/slurp)"
68.37.232.190 - - [18/Jul/2005:01:18:52 +0000] "GET / HTTP/1.1" 200 826 "-" "Mozilla/4.0 (compatible; MSIE 6.0; Windows NT 5.1; SV1; .NET CLR 1.1.4322)"
68.37.232.190 - - [18/Jul/2005:01:18:52 +0000] "GET /icons/blank.gif HTTP/1.1" 200 148 "http://www.persianart.com/" "Mozilla/4.0 (compatible; MSIE 6.0; Windows NT 5.1; SV1; .NET CLR 1.1.4322)"
68.37.232.190 - - [18/Jul/2005:01:18:52 +0000] "GET /icons/back.gif HTTP/1.1" 200 216 "http://www.persianart.com/" "Mozilla/4.0 (compatible; MSIE 6.0; Windows NT 5.1; SV1; .NET CLR 1.1.4322)"
68.37.232.190 - - [18/Jul/2005:01:18:52 +0000] "GET /icons/unknown.gif HTTP/1.1" 200 245 "http://www.persianart.com/" "Mozilla/4.0 (compatible; MSIE 6.0; Windows NT 5.1; SV1; .NET CLR 1.1.4322)"
68.142.249.191 - - [18/Jul/2005:04:44:15 +0000] "GET /robots.txt HTTP/1.0" 404 204 "-" "Mozilla/5.0 (compatible; Yahoo! Slurp; http://help.yahoo.com/help/us/ysearch/slurp)"
68.142.250.169 - - [18/Jul/2005:04:44:15 +0000] "GET /?N=D HTTP/1.0" 200 814 "-" "Mozilla/5.0 (compatible; Yahoo! Slurp; http://help.yahoo.com/help/us/ysearch/slurp)"
81.12.0.233 - - [18/Jul/2005:09:48:29 +0000] "GET / HTTP/1.0" 200 814 "-" "Mozilla/4.0 (compatible; MSIE 6.0; Windows NT 5.1; SV1)"
81.12.0.234 - - [18/Jul/2005:09:48:32 +0000] "GET /icons/back.gif HTTP/1.0" 200 216 "http://persianart.com/" "Mozilla/4.0 (compatible; MSIE 6.0; Windows NT 5.1; SV1)"
81.12.0.232 - - [18/Jul/2005:09:48:32 +0000] "GET /icons/blank.gif HTTP/1.0" 200 148 "http://persianart.com/" "Mozilla/4.0 (compatible; MSIE 6.0; Windows NT 5.1; SV1)"
81.12.0.235 - - [18/Jul/2005:09:48:32 +0000] "GET /icons/unknown.gif HTTP/1.0" 200 245 "http://persianart.com/" "Mozilla/4.0 (compatible; MSIE 6.0; Windows NT 5.1; SV1)"
81.12.0.232 - - [18/Jul/2005:09:48:48 +0000] "GET /WS_FTP.LOG HTTP/1.0" 200 440 "http://persianart.com/" "Mozilla/4.0 (compatible; MSIE 6.0; Windows NT 5.1; SV1)"
207.46.98.123 - - [18/Jul/2005:11:17:03 +0000] "GET /robots.txt HTTP/1.0" 404 204 "-" "msnbot/1.0 (+http://search.msn.com/msnbot.htm)"
207.46.98.123 - - [18/Jul/2005:11:17:03 +0000] "GET / HTTP/1.0" 200 814 "-" "msnbot/1.0 (+http://search.msn.com/msnbot.htm)"
66.194.6.83 - - [18/Jul/2005:11:52:03 +0000] "GET / HTTP/1.1" 200 826 "-" "Mozilla/4.0 (compatible; MSIE 6.0; Windows NT 5.1; Q312468)"
64.246.165.200 - - [18/Jul/2005:13:01:06 +0000] "GET /robots.txt HTTP/1.1" 404 216 "http://www.whois.sc/" "SurveyBot/2.3 (Whois Source)"
64.246.165.200 - - [18/Jul/2005:13:01:06 +0000] "GET / HTTP/1.1" 200 826 "http://www.whois.sc/persianart.com" "SurveyBot/2.3 (Whois Source)"
195.175.37.6 - - [18/Jul/2005:14:18:26 +0000] "GET / HTTP/1.0" 200 814 "-" "Mozilla/4.0 (compatible; MSIE 6.0; Windows NT 5.1; SV1)"
68.142.249.191 - - [18/Jul/2005:16:09:56 +0000] "GET /robots.txt HTTP/1.0" 404 204 "-" "Mozilla/5.0 (compatible; Yahoo! Slurp; http://help.yahoo.com/help/us/ysearch/slurp)"
68.142.251.179 - - [18/Jul/2005:16:09:56 +0000] "GET /error_log HTTP/1.0" 200 33095 "-" "Mozilla/5.0 (compatible; Yahoo! Slurp; http://help.yahoo.com/help/us/ysearch/slurp)"
207.46.98.123 - - [18/Jul/2005:16:18:06 +0000] "GET /robots.txt HTTP/1.0" 404 204 "-" "msnbot/1.0 (+http://search.msn.com/msnbot.htm)"
207.46.98.123 - - [18/Jul/2005:16:18:06 +0000] "GET / HTTP/1.0" 200 814 "-" "msnbot/1.0 (+http://search.msn.com/msnbot.htm)"
80.191.223.3 - - [18/Jul/2005:16:29:54 +0000] "GET / HTTP/1.1" 200 826 "-" "Mozilla/4.0 (compatible; MSIE 5.5; Windows 98; Win 9x 4.90)"
80.191.223.3 - - [18/Jul/2005:16:29:56 +0000] "GET /icons/unknown.gif HTTP/1.1" 200 245 "http://www.persianart.com" "Mozilla/4.0 (compatible; MSIE 5.5; Windows 98; Win 9x 4.90)"
80.191.223.3 - - [18/Jul/2005:16:29:56 +0000] "GET /icons/back.gif HTTP/1.1" 200 216 "http://www.persianart.com" "Mozilla/4.0 (compatible; MSIE 5.5; Windows 98; Win 9x 4.90)"
80.191.223.3 - - [18/Jul/2005:16:29:56 +0000] "GET /icons/blank.gif HTTP/1.1" 200 148 "http://www.persianart.com" "Mozilla/4.0 (compatible; MSIE 5.5; Windows 98; Win 9x 4.90)"
80.191.223.3 - - [18/Jul/2005:16:30:18 +0000] "GET /WS_FTP.LOG HTTP/1.1" 200 440 "http://www.persianart.com" "Mozilla/4.0 (compatible; MSIE 5.5; Windows 98; Win 9x 4.90)"
84.169.107.145 - - [18/Jul/2005:18:53:54 +0000] "GET / HTTP/1.1" 200 826 "-" "Mozilla/4.0 (compatible; MSIE 6.0; Windows NT 5.1)"
84.169.107.145 - - [18/Jul/2005:18:53:55 +0000] "GET /icons/blank.gif HTTP/1.1" 200 148 "http://www.persianart.com/" "Mozilla/4.0 (compatible; MSIE 6.0; Windows NT 5.1)"
84.169.107.145 - - [18/Jul/2005:18:53:55 +0000] "GET /icons/back.gif HTTP/1.1" 200 216 "http://www.persianart.com/" "Mozilla/4.0 (compatible; MSIE 6.0; Windows NT 5.1)"
84.169.107.145 - - [18/Jul/2005:18:53:55 +0000] "GET /icons/unknown.gif HTTP/1.1" 200 245 "http://www.persianart.com/" "Mozilla/4.0 (compatible; MSIE 6.0; Windows NT 5.1)"
84.169.107.145 - - [18/Jul/2005:18:54:13 +0000] "GET / HTTP/1.1" 200 826 "http://www.persianart.com/" "Mozilla/4.0 (compatible; MSIE 6.0; Windows NT 5.1)"
84.169.107.145 - - [18/Jul/2005:18:54:18 +0000] "GET / HTTP/1.1" 200 826 "http://www.persianart.com/" "Mozilla/4.0 (compatible; MSIE 6.0; Windows NT 5.1)"
80.253.143.3 - - [18/Jul/2005:20:09:38 +0000] "GET / HTTP/1.0" 200 814 "http://www.broadphase.com/order-free-d.php" "Mozilla/4.0 (compatible; MSIE 6.0; Windows NT 5.1; SV1; FunWebProducts; Media Center PC 3.0; .NET CLR 1.0.3705)"
80.253.143.3 - - [18/Jul/2005:20:09:40 +0000] "GET /icons/blank.gif HTTP/1.0" 200 148 "http://www.persianart.com/" "Mozilla/4.0 (compatible; MSIE 6.0; Windows NT 5.1; SV1; FunWebProducts; Media Center PC 3.0; .NET CLR 1.0.3705)"
80.253.143.3 - - [18/Jul/2005:20:09:40 +0000] "GET /icons/back.gif HTTP/1.0" 200 216 "http://www.persianart.com/" "Mozilla/4.0 (compatible; MSIE 6.0; Windows NT 5.1; SV1; FunWebProducts; Media Center PC 3.0; .NET CLR 1.0.3705)"
80.253.143.3 - - [18/Jul/2005:20:09:40 +0000] "GET /icons/unknown.gif HTTP/1.0" 200 245 "http://www.persianart.com/" "Mozilla/4.0 (compatible; MSIE 6.0; Windows NT 5.1; SV1; FunWebProducts; Media Center PC 3.0; .NET CLR 1.0.3705)"
80.253.143.3 - - [18/Jul/2005:20:10:33 +0000] "GET /access_log HTTP/1.0" 200 196608 "http://www.persianart.com/" "Mozilla/4.0 (compatible; MSIE 6.0; Windows NT 5.1; SV1; FunWebProducts; Media Center PC 3.0; .NET CLR 1.0.3705)"
80.71.114.31 - - [18/Jul/2005:20:38:48 +0000] "GET / HTTP/1.0" 200 814 "-" "Mozilla/4.0 (compatible; MSIE 6.0; Windows NT 5.1; SV1)"
80.71.114.31 - - [18/Jul/2005:20:38:49 +0000] "GET /icons/blank.gif HTTP/1.0" 200 148 "http://www.persianart.com" "Mozilla/4.0 (compatible; MSIE 6.0; Windows NT 5.1; SV1)"
80.71.114.31 - - [18/Jul/2005:20:38:49 +0000] "GET /icons/back.gif HTTP/1.0" 200 216 "http://www.persianart.com" "Mozilla/4.0 (compatible; MSIE 6.0; Windows NT 5.1; SV1)"
80.71.114.31 - - [18/Jul/2005:20:38:49 +0000] "GET /icons/unknown.gif HTTP/1.0" 200 245 "http://www.persianart.com" "Mozilla/4.0 (compatible; MSIE 6.0; Windows NT 5.1; SV1)"
64.62.168.72 - - [18/Jul/2005:20:47:13 +0000] "GET /robots.txt HTTP/1.0" 404 204 "-" "Gigabot/2.0"
64.62.168.21 - - [18/Jul/2005:20:47:13 +0000] "GET / HTTP/1.0" 200 814 "-" "Gigabot/2.0"
207.46.98.123 - - [18/Jul/2005:21:21:28 +0000] "GET /robots.txt HTTP/1.0" 404 204 "-" "msnbot/1.0 (+http://search.msn.com/msnbot.htm)"
207.46.98.123 - - [18/Jul/2005:21:21:28 +0000] "GET / HTTP/1.0" 200 814 "-" "msnbot/1.0 (+http://search.msn.com/msnbot.htm)"
66.249.65.3 - - [18/Jul/2005:22:34:01 +0000] "GET /robots.txt HTTP/1.1" 404 216 "-" "Mozilla/5.0 (compatible; Googlebot/2.1; +http://www.google.com/bot.html)"
66.249.65.3 - - [18/Jul/2005:22:34:01 +0000] "GET /access_log HTTP/1.1" 200 222140 "-" "Mozilla/5.0 (compatible; Googlebot/2.1; +http://www.google.com/bot.html)"
64.242.88.50 - - [18/Jul/2005:23:21:56 +0000] "GET / HTTP/1.1" 200 826 "-" "Mozilla/4.0 compatible ZyBorg/1.0 Dead Link Checker (wn.dlc@looksmart.net; http://www.WISEnutbot.com)"
66.194.6.81 - - [18/Jul/2005:23:40:09 +0000] "GET / HTTP/1.1" 200 826 "-" "Mozilla/4.0 (compatible; MSIE 6.0; Windows NT 5.1; Q312464)"
65.94.21.17 - - [19/Jul/2005:00:43:29 +0000] "GET / HTTP/1.1" 200 826 "-" "Mozilla/5.0 (Windows; U; Windows NT 5.1; en-US; rv:1.7.8) Gecko/20050511 Firefox/1.0.4"
65.94.21.17 - - [19/Jul/2005:00:43:29 +0000] "GET /icons/blank.gif HTTP/1.1" 200 148 "http://www.persianart.com/" "Mozilla/5.0 (Windows; U; Windows NT 5.1; en-US; rv:1.7.8) Gecko/20050511 Firefox/1.0.4"
65.94.21.17 - - [19/Jul/2005:00:43:29 +0000] "GET /icons/back.gif HTTP/1.1" 200 216 "http://www.persianart.com/" "Mozilla/5.0 (Windows; U; Windows NT 5.1; en-US; rv:1.7.8) Gecko/20050511 Firefox/1.0.4"
65.94.21.17 - - [19/Jul/2005:00:43:29 +0000] "GET /icons/unknown.gif HTTP/1.1" 200 245 "http://www.persianart.com/" "Mozilla/5.0 (Windows; U; Windows NT 5.1; en-US; rv:1.7.8) Gecko/20050511 Firefox/1.0.4"
65.94.21.17 - - [19/Jul/2005:00:43:29 +0000] "GET /favicon.ico HTTP/1.1" 404 217 "-" "Mozilla/5.0 (Windows; U; Windows NT 5.1; en-US; rv:1.7.8) Gecko/20050511 Firefox/1.0.4"
65.94.21.17 - - [19/Jul/2005:00:43:29 +0000] "GET /favicon.ico HTTP/1.1" 404 217 "-" "Mozilla/5.0 (Windows; U; Windows NT 5.1; en-US; rv:1.7.8) Gecko/20050511 Firefox/1.0.4"
68.142.250.23 - - [19/Jul/2005:01:06:22 +0000] "GET /robots.txt HTTP/1.0" 404 204 "-" "Mozilla/5.0 (compatible; Yahoo! Slurp; http://help.yahoo.com/help/us/ysearch/slurp)"
68.142.251.174 - - [19/Jul/2005:01:06:23 +0000] "GET /access_log HTTP/1.0" 200 223910 "-" "Mozilla/5.0 (compatible; Yahoo! Slurp; http://help.yahoo.com/help/us/ysearch/slurp)"
63.148.99.239 - - [19/Jul/2005:01:31:50 +0000] "GET / HTTP/1.1" 200 826 "-" "Mozilla/4.0 (compatible; MSIE 6.0; Windows XP)"
63.148.99.239 - - [19/Jul/2005:01:32:10 +0000] "GET /error_log HTTP/1.1" 200 33993 "http://www.persianart.com/" "Mozilla/4.0 (compatible; MSIE 6.0; Windows XP)"
63.148.99.239 - - [19/Jul/2005:01:32:11 +0000] "GET /WS_FTP.LOG HTTP/1.1" 200 440 "http://www.persianart.com/" "Mozilla/4.0 (compatible; MSIE 6.0; Windows XP)"
63.148.99.239 - - [19/Jul/2005:01:32:11 +0000] "GET /access_log HTTP/1.1" 200 32768 "http://www.persianart.com/" "Mozilla/4.0 (compatible; MSIE 6.0; Windows XP)"
207.46.98.123 - - [19/Jul/2005:02:05:54 +0000] "GET /robots.txt HTTP/1.0" 404 204 "-" "msnbot/1.0 (+http://search.msn.com/msnbot.htm)"
207.46.98.123 - - [19/Jul/2005:02:05:54 +0000] "GET / HTTP/1.0" 200 814 "-" "msnbot/1.0 (+http://search.msn.com/msnbot.htm)"
68.142.250.40 - - [19/Jul/2005:03:19:03 +0000] "GET /robots.txt HTTP/1.0" 404 204 "-" "Mozilla/5.0 (compatible; Yahoo! Slurp; http://help.yahoo.com/help/us/ysearch/slurp)"
68.142.251.52 - - [19/Jul/2005:03:19:04 +0000] "GET /?N=A HTTP/1.0" 200 814 "-" "Mozilla/5.0 (compatible; Yahoo! Slurp; http://help.yahoo.com/help/us/ysearch/slurp)"
207.46.98.123 - - [19/Jul/2005:04:46:45 +0000] "GET /robots.txt HTTP/1.0" 404 204 "-" "msnbot/1.0 (+http://search.msn.com/msnbot.htm)"
207.46.98.123 - - [19/Jul/2005:04:46:46 +0000] "GET /access_log HTTP/1.0" 200 225427 "-" "msnbot/1.0 (+http://search.msn.com/msnbot.htm)"
207.46.98.123 - - [19/Jul/2005:06:38:05 +0000] "GET / HTTP/1.0" 200 814 "-" "msnbot/1.0 (+http://search.msn.com/msnbot.htm)"
62.253.128.14 - - [19/Jul/2005:09:34:11 +0000] "GET / HTTP/1.1" 200 826 "http://www.google.com/search?sourceid=navclient&ie=UTF-8&rls=RNWE,RNWE:2005-13,RNWE:en&q=persianart" "Mozilla/4.0 (compatible; MSIE 6.0; Windows NT 5.1; ntlworld v2.0; SV1; .NET CLR 1.1.4322)"
62.253.128.14 - - [19/Jul/2005:09:34:11 +0000] "GET /icons/blank.gif HTTP/1.1" 200 148 "http://www.persianart.com/" "Mozilla/4.0 (compatible; MSIE 6.0; Windows NT 5.1; ntlworld v2.0; SV1; .NET CLR 1.1.4322)"
62.253.128.14 - - [19/Jul/2005:09:34:11 +0000] "GET /icons/back.gif HTTP/1.1" 200 216 "http://www.persianart.com/" "Mozilla/4.0 (compatible; MSIE 6.0; Windows NT 5.1; ntlworld v2.0; SV1; .NET CLR 1.1.4322)"
62.253.128.14 - - [19/Jul/2005:09:34:11 +0000] "GET /icons/unknown.gif HTTP/1.1" 200 245 "http://www.persianart.com/" "Mozilla/4.0 (compatible; MSIE 6.0; Windows NT 5.1; ntlworld v2.0; SV1; .NET CLR 1.1.4322)"
62.253.128.14 - - [19/Jul/2005:09:34:17 +0000] "GET / HTTP/1.1" 200 826 "http://www.persianart.com/" "Mozilla/4.0 (compatible; MSIE 6.0; Windows NT 5.1; ntlworld v2.0; SV1; .NET CLR 1.1.4322)"
62.253.128.14 - - [19/Jul/2005:09:34:21 +0000] "GET /WS_FTP.LOG HTTP/1.1" 200 440 "http://www.persianart.com/" "Mozilla/4.0 (compatible; MSIE 6.0; Windows NT 5.1; ntlworld v2.0; SV1; .NET CLR 1.1.4322)"
81.12.0.231 - - [19/Jul/2005:09:42:14 +0000] "GET / HTTP/1.0" 200 814 "-" "Mozilla/4.0 (compatible; MSIE 6.0; Windows NT 5.1; SV1)"
81.12.0.236 - - [19/Jul/2005:09:42:23 +0000] "GET /icons/back.gif HTTP/1.0" 304 - "http://www.persianart.com/" "Mozilla/4.0 (compatible; MSIE 6.0; Windows NT 5.1; SV1)"
81.12.0.235 - - [19/Jul/2005:09:42:23 +0000] "GET /icons/blank.gif HTTP/1.0" 304 - "http://www.persianart.com/" "Mozilla/4.0 (compatible; MSIE 6.0; Windows NT 5.1; SV1)"
81.12.0.237 - - [19/Jul/2005:09:42:23 +0000] "GET /icons/unknown.gif HTTP/1.0" 304 - "http://www.persianart.com/" "Mozilla/4.0 (compatible; MSIE 6.0; Windows NT 5.1; SV1)"
81.12.0.236 - - [19/Jul/2005:10:24:47 +0000] "GET / HTTP/1.0" 200 814 "-" "Mozilla/4.0 (compatible; MSIE 6.0; Windows NT 5.1; .NET CLR 1.1.4322; FDM)"
81.12.0.242 - - [19/Jul/2005:10:24:57 +0000] "GET /icons/unknown.gif HTTP/1.0" 200 245 "-" "Mozilla/4.0 (compatible; MSIE 6.0; Windows NT 5.1; .NET CLR 1.1.4322; FDM)"
81.12.0.243 - - [19/Jul/2005:10:24:57 +0000] "GET /icons/blank.gif HTTP/1.0" 200 148 "-" "Mozilla/4.0 (compatible; MSIE 6.0; Windows NT 5.1; .NET CLR 1.1.4322; FDM)"
195.175.37.6 - - [19/Jul/2005:11:30:23 +0000] "GET / HTTP/1.0" 200 814 "-" "Mozilla/4.0 (compatible; MSIE 6.0; Windows NT 5.1; SV1)"
195.175.37.6 - - [19/Jul/2005:11:30:28 +0000] "GET /icons/blank.gif HTTP/1.0" 304 - "http://www.persianart.com/" "Mozilla/4.0 (compatible; MSIE 6.0; Windows NT 5.1; SV1)"
195.175.37.6 - - [19/Jul/2005:11:30:33 +0000] "GET /icons/back.gif HTTP/1.0" 304 - "http://www.persianart.com/" "Mozilla/4.0 (compatible; MSIE 6.0; Windows NT 5.1; SV1)"
195.175.37.6 - - [19/Jul/2005:11:30:35 +0000] "GET /icons/unknown.gif HTTP/1.0" 304 - "http://www.persianart.com/" "Mozilla/4.0 (compatible; MSIE 6.0; Windows NT 5.1; SV1)"
195.175.37.6 - - [19/Jul/2005:11:31:50 +0000] "GET / HTTP/1.0" 200 814 "http://www.persianart.com/" "Mozilla/4.0 (compatible; MSIE 6.0; Windows NT 5.1; SV1)"
195.175.37.6 - - [19/Jul/2005:11:34:20 +0000] "GET /WS_FTP.LOG HTTP/1.0" 304 - "http://www.persianart.com/" "Mozilla/4.0 (compatible; MSIE 6.0; Windows NT 5.1; SV1)"
68.142.250.40 - - [19/Jul/2005:16:09:57 +0000] "GET /robots.txt HTTP/1.0" 404 204 "-" "Mozilla/5.0 (compatible; Yahoo! Slurp; http://help.yahoo.com/help/us/ysearch/slurp)"
68.142.251.179 - - [19/Jul/2005:16:09:58 +0000] "GET /error_log HTTP/1.0" 200 34509 "-" "Mozilla/5.0 (compatible; Yahoo! Slurp; http://help.yahoo.com/help/us/ysearch/slurp)"
68.142.251.181 - - [19/Jul/2005:16:25:47 +0000] "GET / HTTP/1.0" 200 814 "-" "Mozilla/5.0 (compatible; Yahoo! Slurp; http://help.yahoo.com/help/us/ysearch/slurp)"
66.194.6.72 - - [19/Jul/2005:22:25:44 +0000] "GET / HTTP/1.1" 200 826 "-" "Mozilla/5.0 (compatible; Konqueror/3.1-rc3; i686 Linux; 20020516)"
68.142.250.40 - - [20/Jul/2005:01:06:34 +0000] "GET /robots.txt HTTP/1.0" 404 204 "-" "Mozilla/5.0 (compatible; Yahoo! Slurp; http://help.yahoo.com/help/us/ysearch/slurp)"
68.142.251.174 - - [20/Jul/2005:01:06:35 +0000] "GET /access_log HTTP/1.0" 200 229899 "-" "Mozilla/5.0 (compatible; Yahoo! Slurp; http://help.yahoo.com/help/us/ysearch/slurp)"
66.194.6.80 - - [20/Jul/2005:02:11:54 +0000] "GET / HTTP/1.1" 200 826 "-" "Mozilla/4.0 (compatible; MSIE 6.0; Windows NT 5.1; Q312462)"
80.191.235.172 - - [20/Jul/2005:06:33:01 +0000] "GET / HTTP/1.1" 200 826 "-" "Mozilla/4.0 (compatible; MSIE 6.0; Windows NT 5.1)"
66.249.66.110 - - [20/Jul/2005:07:09:32 +0000] "GET /robots.txt HTTP/1.1" 404 216 "-" "Mozilla/5.0 (compatible; Googlebot/2.1; +http://www.google.com/bot.html)"
66.249.66.110 - - [20/Jul/2005:07:09:32 +0000] "GET /error_log HTTP/1.1" 200 34767 "-" "Mozilla/5.0 (compatible; Googlebot/2.1; +http://www.google.com/bot.html)"
66.249.66.110 - - [20/Jul/2005:07:21:31 +0000] "GET /error_log HTTP/1.1" 200 34767 "-" "Mozilla/5.0 (compatible; Googlebot/2.1; +http://www.google.com/bot.html)"
68.142.250.40 - - [20/Jul/2005:07:25:13 +0000] "GET /robots.txt HTTP/1.0" 404 204 "-" "Mozilla/5.0 (compatible; Yahoo! Slurp; http://help.yahoo.com/help/us/ysearch/slurp)"
68.142.250.139 - - [20/Jul/2005:07:25:14 +0000] "GET /?M=D HTTP/1.0" 200 814 "-" "Mozilla/5.0 (compatible; Yahoo! Slurp; http://help.yahoo.com/help/us/ysearch/slurp)"
64.242.88.50 - - [20/Jul/2005:10:18:31 +0000] "GET /?S=A HTTP/1.1" 200 826 "-" "Mozilla/4.0 compatible ZyBorg/1.0 Dead Link Checker (wn.dlc@looksmart.net; http://www.WISEnutbot.com)"
64.242.88.50 - - [20/Jul/2005:14:56:35 +0000] "GET /?M=A HTTP/1.1" 200 826 "-" "Mozilla/4.0 compatible ZyBorg/1.0 Dead Link Checker (wn.dlc@looksmart.net; http://www.WISEnutbot.com)"
213.217.53.94 - - [20/Jul/2005:15:38:49 +0000] "GET /icons/blank.gif HTTP/1.1" 200 148 "http://www.persianart.com/" "Mozilla/4.0 (compatible; MSIE 6.0; Windows NT 5.1)"
213.217.53.94 - - [20/Jul/2005:15:38:49 +0000] "GET /icons/back.gif HTTP/1.1" 200 216 "http://www.persianart.com/" "Mozilla/4.0 (compatible; MSIE 6.0; Windows NT 5.1)"
213.217.53.94 - - [20/Jul/2005:15:38:50 +0000] "GET /icons/unknown.gif HTTP/1.1" 200 245 "http://www.persianart.com/" "Mozilla/4.0 (compatible; MSIE 6.0; Windows NT 5.1)"
213.217.53.94 - - [20/Jul/2005:15:39:03 +0000] "GET /error_log HTTP/1.1" 200 34896 "http://www.persianart.com/" "Mozilla/4.0 (compatible; MSIE 6.0; Windows NT 5.1)"
66.249.66.110 - - [20/Jul/2005:17:53:36 +0000] "GET /robots.txt HTTP/1.1" 404 216 "-" "Mozilla/5.0 (compatible; Googlebot/2.1; +http://www.google.com/bot.html)"
66.249.66.110 - - [20/Jul/2005:17:53:36 +0000] "GET /WS_FTP.LOG HTTP/1.1" 200 440 "-" "Mozilla/5.0 (compatible; Googlebot/2.1; +http://www.google.com/bot.html)"
64.242.88.50 - - [20/Jul/2005:19:01:43 +0000] "GET /?D=A HTTP/1.1" 200 826 "-" "Mozilla/4.0 compatible ZyBorg/1.0 Dead Link Checker (wn.dlc@looksmart.net; http://www.WISEnutbot.com)"
66.147.154.3 - - [20/Jul/2005:21:15:46 +0000] "GET /robots.txt HTTP/1.0" 404 204 "-" "http://www.almaden.ibm.com/cs/crawler [bc12]"
66.147.154.3 - - [20/Jul/2005:21:19:02 +0000] "GET /WS_FTP.LOG HTTP/1.0" 200 440 "-" "http://www.almaden.ibm.com/cs/crawler [bc12]"
66.147.154.3 - - [20/Jul/2005:21:21:47 +0000] "GET / HTTP/1.0" 200 814 "-" "http://www.almaden.ibm.com/cs/crawler [bc12]"
66.147.154.3 - - [20/Jul/2005:21:24:47 +0000] "GET /?N=D HTTP/1.0" 200 814 "-" "http://www.almaden.ibm.com/cs/crawler [bc12]"
213.113.65.108 - - [20/Jul/2005:21:53:44 +0000] "GET / HTTP/1.1" 200 826 "http://www.google.se/search?hl=sv&q=persianart&meta=" "Mozilla/4.0 (compatible; MSIE 6.0; Windows 98; Win 9x 4.90)"
213.113.65.108 - - [20/Jul/2005:21:53:44 +0000] "GET /icons/blank.gif HTTP/1.1" 200 148 "http://www.persianart.com/" "Mozilla/4.0 (compatible; MSIE 6.0; Windows 98; Win 9x 4.90)"
213.113.65.108 - - [20/Jul/2005:21:53:45 +0000] "GET /icons/back.gif HTTP/1.1" 200 216 "http://www.persianart.com/" "Mozilla/4.0 (compatible; MSIE 6.0; Windows 98; Win 9x 4.90)"
213.113.65.108 - - [20/Jul/2005:21:53:45 +0000] "GET /icons/unknown.gif HTTP/1.1" 200 245 "http://www.persianart.com/" "Mozilla/4.0 (compatible; MSIE 6.0; Windows 98; Win 9x 4.90)"
213.113.65.108 - - [20/Jul/2005:21:53:46 +0000] "GET / HTTP/1.1" 200 826 "http://www.persianart.com/" "Mozilla/4.0 (compatible; MSIE 6.0; Windows 98; Win 9x 4.90)"
213.113.65.108 - - [20/Jul/2005:21:53:50 +0000] "GET /WS_FTP.LOG HTTP/1.1" 200 440 "http://www.persianart.com/" "Mozilla/4.0 (compatible; MSIE 6.0; Windows 98; Win 9x 4.90)"
213.113.65.108 - - [20/Jul/2005:21:54:40 +0000] "GET /access_log HTTP/1.1" 200 196608 "http://www.google.se/search?q=persianart&hl=sv&lr=&start=10&sa=N" "Mozilla/4.0 (compatible; MSIE 6.0; Windows 98; Win 9x 4.90)"
209.2.60.75 - - [20/Jul/2005:21:56:19 +0000] "GET / HTTP/1.1" 200 826 "-" "Mozilla/4.0 (compatible; MSIE 6.0; Windows NT 5.1)"
209.2.60.75 - - [20/Jul/2005:21:56:19 +0000] "GET /icons/blank.gif HTTP/1.1" 200 148 "http://www.persianart.com/" "Mozilla/4.0 (compatible; MSIE 6.0; Windows NT 5.1)"
209.2.60.75 - - [20/Jul/2005:21:56:19 +0000] "GET /icons/back.gif HTTP/1.1" 200 216 "http://www.persianart.com/" "Mozilla/4.0 (compatible; MSIE 6.0; Windows NT 5.1)"
209.2.60.75 - - [20/Jul/2005:21:56:19 +0000] "GET /icons/unknown.gif HTTP/1.1" 200 245 "http://www.persianart.com/" "Mozilla/4.0 (compatible; MSIE 6.0; Windows NT 5.1)"
68.142.250.40 - - [21/Jul/2005:01:06:35 +0000] "GET /robots.txt HTTP/1.0" 404 204 "-" "Mozilla/5.0 (compatible; Yahoo! Slurp; http://help.yahoo.com/help/us/ysearch/slurp)"
68.142.251.174 - - [21/Jul/2005:01:06:36 +0000] "GET /access_log HTTP/1.0" 200 235311 "-" "Mozilla/5.0 (compatible; Yahoo! Slurp; http://help.yahoo.com/help/us/ysearch/slurp)"
64.242.88.50 - - [21/Jul/2005:02:13:47 +0000] "GET /access_log HTTP/1.1" 200 3812 "-" "Mozilla/4.0 compatible ZyBorg/1.0 Dead Link Checker (wn.dlc@looksmart.net; http://www.WISEnutbot.com)"
64.242.88.50 - - [21/Jul/2005:03:26:18 +0000] "GET /error_log HTTP/1.1" 200 3840 "-" "Mozilla/4.0 compatible ZyBorg/1.0 Dead Link Checker (wn.dlc@looksmart.net; http://www.WISEnutbot.com)"
64.242.88.50 - - [21/Jul/2005:05:41:34 +0000] "GET /robots.txt HTTP/1.1" 404 216 "-" "Mozilla/4.0 compatible ZyBorg/1.0 Dead Link Checker (wn.dlc@looksmart.net; http://www.WISEnutbot.com)"
82.99.215.163 - - [21/Jul/2005:08:46:00 +0000] "GET /icons/back.gif HTTP/1.1" 200 216 "http://www.persianart.com/" "Mozilla/4.0 (compatible; MSIE 6.0; Windows NT 5.1)"
82.99.215.163 - - [21/Jul/2005:08:46:00 +0000] "GET /icons/blank.gif HTTP/1.1" 200 148 "http://www.persianart.com/" "Mozilla/4.0 (compatible; MSIE 6.0; Windows NT 5.1)"
82.99.215.163 - - [21/Jul/2005:08:46:00 +0000] "GET /icons/unknown.gif HTTP/1.1" 200 245 "http://www.persianart.com/" "Mozilla/4.0 (compatible; MSIE 6.0; Windows NT 5.1)"
68.142.250.40 - - [21/Jul/2005:09:41:07 +0000] "GET /robots.txt HTTP/1.0" 404 204 "-" "Mozilla/5.0 (compatible; Yahoo! Slurp; http://help.yahoo.com/help/us/ysearch/slurp)"
68.142.249.102 - - [21/Jul/2005:09:41:08 +0000] "GET /?S=A HTTP/1.0" 200 814 "-" "Mozilla/5.0 (compatible; Yahoo! Slurp; http://help.yahoo.com/help/us/ysearch/slurp)"
64.246.165.237 - - [21/Jul/2005:10:10:44 +0000] "GET / HTTP/1.0" 200 814 "-" "Mozilla/4.0 (compatible; MSIE 6.0; Windows NT 5.2; SV1; .NET CLR 1.1.4322)"
64.246.165.130 - - [21/Jul/2005:10:10:44 +0000] "GET /icons/back.gif HTTP/1.0" 200 216 "http://www.persianart.com/" "Mozilla/4.0 (compatible; MSIE 6.0; Windows NT 5.2; SV1; .NET CLR 1.1.4322)"
216.145.16.211 - - [21/Jul/2005:10:10:44 +0000] "GET /icons/blank.gif HTTP/1.0" 200 148 "http://www.persianart.com/" "Mozilla/4.0 (compatible; MSIE 6.0; Windows NT 5.2; SV1; .NET CLR 1.1.4322)"
64.246.165.130 - - [21/Jul/2005:10:10:45 +0000] "GET /icons/unknown.gif HTTP/1.0" 200 245 "http://www.persianart.com/" "Mozilla/4.0 (compatible; MSIE 6.0; Windows NT 5.2; SV1; .NET CLR 1.1.4322)"
68.37.232.190 - - [21/Jul/2005:12:04:26 +0000] "GET / HTTP/1.1" 200 826 "-" "Mozilla/4.0 (compatible; MSIE 6.0; Windows NT 5.1; SV1; .NET CLR 1.1.4322)"
68.37.232.190 - - [21/Jul/2005:12:04:26 +0000] "GET /icons/blank.gif HTTP/1.1" 200 148 "http://www.persianart.com/" "Mozilla/4.0 (compatible; MSIE 6.0; Windows NT 5.1; SV1; .NET CLR 1.1.4322)"
68.37.232.190 - - [21/Jul/2005:12:04:26 +0000] "GET /icons/back.gif HTTP/1.1" 200 216 "http://www.persianart.com/" "Mozilla/4.0 (compatible; MSIE 6.0; Windows NT 5.1; SV1; .NET CLR 1.1.4322)"
68.37.232.190 - - [21/Jul/2005:12:04:26 +0000] "GET /icons/unknown.gif HTTP/1.1" 200 245 "http://www.persianart.com/" "Mozilla/4.0 (compatible; MSIE 6.0; Windows NT 5.1; SV1; .NET CLR 1.1.4322)"
66.194.6.83 - - [21/Jul/2005:13:46:53 +0000] "GET / HTTP/1.1" 200 826 "-" "Mozilla/4.0 (compatible; MSIE 6.0; Windows NT 5.1; Q312466)"
68.142.250.40 - - [21/Jul/2005:16:10:00 +0000] "GET /robots.txt HTTP/1.0" 404 204 "-" "Mozilla/5.0 (compatible; Yahoo! Slurp; http://help.yahoo.com/help/us/ysearch/slurp)"
68.142.251.179 - - [21/Jul/2005:16:10:00 +0000] "GET /error_log HTTP/1.0" 200 35668 "-" "Mozilla/5.0 (compatible; Yahoo! Slurp; http://help.yahoo.com/help/us/ysearch/slurp)"
64.242.88.50 - - [21/Jul/2005:20:59:51 +0000] "GET / HTTP/1.1" 200 826 "-" "Mozilla/4.0 compatible ZyBorg/1.0 Dead Link Checker (wn.dlc@looksmart.net; http://www.WISEnutbot.com)"
66.147.154.3 - - [21/Jul/2005:21:20:44 +0000] "GET /robots.txt HTTP/1.0" 404 204 "-" "http://www.almaden.ibm.com/cs/crawler [bc12]"
68.142.249.204 - - [21/Jul/2005:22:17:29 +0000] "GET /robots.txt HTTP/1.0" 404 204 "-" "Mozilla/5.0 (compatible; Yahoo! Slurp; http://help.yahoo.com/help/us/ysearch/slurp)"
68.142.250.193 - - [21/Jul/2005:22:17:29 +0000] "GET /?M=A HTTP/1.0" 200 814 "-" "Mozilla/5.0 (compatible; Yahoo! Slurp; http://help.yahoo.com/help/us/ysearch/slurp)"
68.142.250.169 - - [21/Jul/2005:22:44:17 +0000] "GET /?N=D HTTP/1.0" 200 814 "-" "Mozilla/5.0 (compatible; Yahoo! Slurp; http://help.yahoo.com/help/us/ysearch/slurp)"
68.142.249.204 - - [22/Jul/2005:01:06:37 +0000] "GET /robots.txt HTTP/1.0" 404 204 "-" "Mozilla/5.0 (compatible; Yahoo! Slurp; http://help.yahoo.com/help/us/ysearch/slurp)"
68.142.251.174 - - [22/Jul/2005:01:06:37 +0000] "GET /access_log HTTP/1.0" 200 239847 "-" "Mozilla/5.0 (compatible; Yahoo! Slurp; http://help.yahoo.com/help/us/ysearch/slurp)"
68.142.249.204 - - [22/Jul/2005:02:35:20 +0000] "GET /robots.txt HTTP/1.0" 404 204 "-" "Mozilla/5.0 (compatible; Yahoo! Slurp; http://help.yahoo.com/help/us/ysearch/slurp)"
68.142.251.98 - - [22/Jul/2005:02:35:21 +0000] "GET /?D=D HTTP/1.0" 200 814 "-" "Mozilla/5.0 (compatible; Yahoo! Slurp; http://help.yahoo.com/help/us/ysearch/slurp)"
80.191.240.66 - - [22/Jul/2005:06:16:16 +0000] "GET / HTTP/1.1" 200 826 "-" "Mozilla/4.0 (compatible; MSIE 6.0; Windows NT 5.1)"
80.191.240.66 - - [22/Jul/2005:06:16:19 +0000] "GET /icons/blank.gif HTTP/1.1" 200 148 "http://www.persianart.com" "Mozilla/4.0 (compatible; MSIE 6.0; Windows NT 5.1)"
80.191.240.66 - - [22/Jul/2005:06:16:19 +0000] "GET /icons/back.gif HTTP/1.1" 200 216 "http://www.persianart.com" "Mozilla/4.0 (compatible; MSIE 6.0; Windows NT 5.1)"
80.191.240.66 - - [22/Jul/2005:06:16:19 +0000] "GET /icons/unknown.gif HTTP/1.1" 200 245 "http://www.persianart.com" "Mozilla/4.0 (compatible; MSIE 6.0; Windows NT 5.1)"
67.168.45.82 - - [22/Jul/2005:06:55:40 +0000] "GET / HTTP/1.1" 200 826 "-" "Mozilla/5.0 (Windows; U; Windows NT 5.1; en-US; rv:1.7.2) Gecko/20040804 Netscape/7.2 (ax)"
67.168.45.82 - - [22/Jul/2005:06:55:40 +0000] "GET /favicon.ico HTTP/1.1" 404 217 "-" "Mozilla/5.0 (Windows; U; Windows NT 5.1; en-US; rv:1.7.2) Gecko/20040804 Netscape/7.2 (ax)"
67.168.45.82 - - [22/Jul/2005:06:55:40 +0000] "GET /icons/back.gif HTTP/1.1" 200 216 "http://persianart.com/" "Mozilla/5.0 (Windows; U; Windows NT 5.1; en-US; rv:1.7.2) Gecko/20040804 Netscape/7.2 (ax)"
67.168.45.82 - - [22/Jul/2005:06:55:40 +0000] "GET /icons/blank.gif HTTP/1.1" 200 148 "http://persianart.com/" "Mozilla/5.0 (Windows; U; Windows NT 5.1; en-US; rv:1.7.2) Gecko/20040804 Netscape/7.2 (ax)"
67.168.45.82 - - [22/Jul/2005:06:55:40 +0000] "GET /icons/unknown.gif HTTP/1.1" 200 245 "http://persianart.com/" "Mozilla/5.0 (Windows; U; Windows NT 5.1; en-US; rv:1.7.2) Gecko/20040804 Netscape/7.2 (ax)"
68.142.250.40 - - [22/Jul/2005:14:06:22 +0000] "GET /robots.txt HTTP/1.0" 404 204 "-" "Mozilla/5.0 (compatible; Yahoo! Slurp; http://help.yahoo.com/help/us/ysearch/slurp)"
68.142.250.75 - - [22/Jul/2005:14:06:23 +0000] "GET /?D=A HTTP/1.0" 200 814 "-" "Mozilla/5.0 (compatible; Yahoo! Slurp; http://help.yahoo.com/help/us/ysearch/slurp)"
217.212.224.141 - - [22/Jul/2005:18:27:26 +0000] "GET /robots.txt HTTP/1.0" 404 204 "-" "psbot/0.1 (+http://www.picsearch.com/bot.html)"
217.212.224.144 - - [22/Jul/2005:18:27:26 +0000] "GET / HTTP/1.0" 200 814 "-" "psbot/0.1 (+http://www.picsearch.com/bot.html)"
83.40.142.239 - - [22/Jul/2005:18:46:12 +0000] "GET / HTTP/1.1" 200 826 "-" "Mozilla/4.0 (compatible; MSIE 6.0; Windows NT 5.0)"
217.212.224.146 - - [22/Jul/2005:20:02:37 +0000] "GET /access_log HTTP/1.0" 200 163840 "-" "psbot/0.1 (+http://www.picsearch.com/bot.html)"
217.212.224.144 - - [22/Jul/2005:20:07:08 +0000] "GET /error_log HTTP/1.0" 200 36575 "-" "psbot/0.1 (+http://www.picsearch.com/bot.html)"
66.147.154.3 - - [22/Jul/2005:22:46:16 +0000] "GET /robots.txt HTTP/1.0" 404 204 "-" "http://www.almaden.ibm.com/cs/crawler [bc12]"
66.147.154.3 - - [22/Jul/2005:22:47:24 +0000] "GET /?S=A HTTP/1.0" 200 814 "-" "http://www.almaden.ibm.com/cs/crawler [bc12]"
66.147.154.3 - - [22/Jul/2005:22:48:34 +0000] "GET /?D=A HTTP/1.0" 200 814 "-" "http://www.almaden.ibm.com/cs/crawler [bc12]"
66.147.154.3 - - [22/Jul/2005:22:49:48 +0000] "GET /?S=D HTTP/1.0" 200 814 "-" "http://www.almaden.ibm.com/cs/crawler [bc12]"
219.88.49.149 - - [22/Jul/2005:22:52:13 +0000] "GET / HTTP/1.1" 200 826 "http://www.websearch.com/search/results.aspx?qkw=www.persianart.com&tbid=99" "Mozilla/4.0 (compatible; MSIE 6.0; Windows NT 5.1; SV1)"
219.88.49.149 - - [22/Jul/2005:22:52:13 +0000] "GET /icons/blank.gif HTTP/1.1" 200 148 "http://www.persianart.com/" "Mozilla/4.0 (compatible; MSIE 6.0; Windows NT 5.1; SV1)"
219.88.49.149 - - [22/Jul/2005:22:52:14 +0000] "GET /icons/back.gif HTTP/1.1" 200 216 "http://www.persianart.com/" "Mozilla/4.0 (compatible; MSIE 6.0; Windows NT 5.1; SV1)"
219.88.49.149 - - [22/Jul/2005:22:52:14 +0000] "GET /icons/unknown.gif HTTP/1.1" 200 245 "http://www.persianart.com/" "Mozilla/4.0 (compatible; MSIE 6.0; Windows NT 5.1; SV1)"
217.219.172.18 - - [23/Jul/2005:07:07:41 +0000] "GET / HTTP/1.1" 200 826 "-" "Mozilla/4.0 (compatible; MSIE 6.0; Windows NT 5.1; FunWebProducts)"
217.219.172.18 - - [23/Jul/2005:07:07:43 +0000] "GET /icons/blank.gif HTTP/1.1" 200 148 "http://www.persianart.com" "Mozilla/4.0 (compatible; MSIE 6.0; Windows NT 5.1; FunWebProducts)"
217.219.172.18 - - [23/Jul/2005:07:07:43 +0000] "GET /icons/back.gif HTTP/1.1" 200 216 "http://www.persianart.com" "Mozilla/4.0 (compatible; MSIE 6.0; Windows NT 5.1; FunWebProducts)"
217.219.172.18 - - [23/Jul/2005:07:07:43 +0000] "GET /icons/unknown.gif HTTP/1.1" 200 245 "http://www.persianart.com" "Mozilla/4.0 (compatible; MSIE 6.0; Windows NT 5.1; FunWebProducts)"
68.142.250.71 - - [23/Jul/2005:07:11:46 +0000] "GET /robots.txt HTTP/1.0" 404 204 "-" "Mozilla/5.0 (compatible; Yahoo! Slurp; http://help.yahoo.com/help/us/ysearch/slurp)"
68.142.251.52 - - [23/Jul/2005:07:11:46 +0000] "GET /?N=A HTTP/1.0" 200 814 "-" "Mozilla/5.0 (compatible; Yahoo! Slurp; http://help.yahoo.com/help/us/ysearch/slurp)"
217.219.172.18 - - [23/Jul/2005:07:26:46 +0000] "GET / HTTP/1.1" 200 826 "-" "Mozilla/4.0 (compatible; MSIE 6.0; Windows NT 5.1; FunWebProducts)"
217.219.172.18 - - [23/Jul/2005:07:26:55 +0000] "GET / HTTP/1.1" 200 826 "http://www.persianart.com" "Mozilla/4.0 (compatible; MSIE 6.0; Windows NT 5.1; FunWebProducts)"
217.219.172.18 - - [23/Jul/2005:07:31:57 +0000] "GET /access_log HTTP/1.1" 200 65536 "http://www.persianart.com/" "Mozilla/4.0 (compatible; MSIE 6.0; Windows NT 5.1; FunWebProducts)"
66.194.6.80 - - [23/Jul/2005:12:02:50 +0000] "GET / HTTP/1.1" 200 826 "-" "Mozilla/5.0 (compatible; Konqueror/3.0-rc2; i686 Linux; 20020822)"
64.242.88.50 - - [23/Jul/2005:13:16:54 +0000] "GET /?S=A HTTP/1.1" 200 826 "-" "Mozilla/4.0 compatible ZyBorg/1.0 Dead Link Checker (wn.dlc@looksmart.net; http://www.WISEnutbot.com)"
64.242.88.10 - - [23/Jul/2005:13:30:52 +0000] "GET /robots.txt HTTP/1.1" 404 216 "-" "Mozilla/4.0 compatible ZyBorg/1.0 (wn-14.zyborg@looksmart.net; http://www.WISEnutbot.com)"
64.242.88.10 - - [23/Jul/2005:13:38:41 +0000] "GET / HTTP/1.1" 200 826 "-" "Mozilla/4.0 compatible ZyBorg/1.0 (wn-14.zyborg@looksmart.net; http://www.WISEnutbot.com)"
68.142.250.71 - - [23/Jul/2005:15:01:18 +0000] "GET /robots.txt HTTP/1.0" 404 204 "-" "Mozilla/5.0 (compatible; Yahoo! Slurp; http://help.yahoo.com/help/us/ysearch/slurp)"
68.142.251.181 - - [23/Jul/2005:15:01:18 +0000] "GET / HTTP/1.0" 200 814 "-" "Mozilla/5.0 (compatible; Yahoo! Slurp; http://help.yahoo.com/help/us/ysearch/slurp)"
81.12.0.242 - - [23/Jul/2005:16:32:26 +0000] "GET /icons/blank.gif HTTP/1.0" 200 148 "http://www.persianart.com/" "Mozilla/4.0 (compatible; MSIE 6.0; Windows NT 5.1; SV1)"
81.12.0.242 - - [23/Jul/2005:16:32:26 +0000] "GET /icons/unknown.gif HTTP/1.0" 200 245 "http://www.persianart.com/" "Mozilla/4.0 (compatible; MSIE 6.0; Windows NT 5.1; SV1)"
81.12.0.230 - - [23/Jul/2005:16:32:29 +0000] "GET /icons/back.gif HTTP/1.0" 304 - "http://www.persianart.com/" "Mozilla/4.0 (compatible; MSIE 6.0; Windows NT 5.1; SV1)"
64.242.88.50 - - [23/Jul/2005:18:07:29 +0000] "GET /?M=A HTTP/1.1" 200 826 "-" "Mozilla/4.0 compatible ZyBorg/1.0 Dead Link Checker (wn.dlc@looksmart.net; http://www.WISEnutbot.com)"
207.46.98.123 - - [23/Jul/2005:18:38:31 +0000] "GET /robots.txt HTTP/1.0" 404 204 "-" "msnbot/1.0 (+http://search.msn.com/msnbot.htm)"
207.46.98.123 - - [23/Jul/2005:18:38:32 +0000] "GET / HTTP/1.0" 200 814 "-" "msnbot/1.0 (+http://search.msn.com/msnbot.htm)"
68.142.250.71 - - [23/Jul/2005:20:19:34 +0000] "GET /robots.txt HTTP/1.0" 404 204 "-" "Mozilla/5.0 (compatible; Yahoo! Slurp; http://help.yahoo.com/help/us/ysearch/slurp)"
68.142.251.179 - - [23/Jul/2005:20:19:34 +0000] "GET /error_log HTTP/1.0" 200 37347 "-" "Mozilla/5.0 (compatible; Yahoo! Slurp; http://help.yahoo.com/help/us/ysearch/slurp)"
64.242.88.50 - - [23/Jul/2005:22:34:12 +0000] "GET /?D=A HTTP/1.1" 200 826 "-" "Mozilla/4.0 compatible ZyBorg/1.0 Dead Link Checker (wn.dlc@looksmart.net; http://www.WISEnutbot.com)"
207.46.98.123 - - [23/Jul/2005:23:16:20 +0000] "GET /robots.txt HTTP/1.0" 404 204 "-" "msnbot/1.0 (+http://search.msn.com/msnbot.htm)"
207.46.98.123 - - [23/Jul/2005:23:16:20 +0000] "GET / HTTP/1.0" 200 814 "-" "msnbot/1.0 (+http://search.msn.com/msnbot.htm)"
81.19.66.8 - - [24/Jul/2005:00:42:26 +0000] "GET /robots.txt HTTP/1.0" 404 204 "-" "StackRambler/2.0 (MSIE incompatible)"
68.142.250.71 - - [24/Jul/2005:01:25:14 +0000] "GET /robots.txt HTTP/1.0" 404 204 "-" "Mozilla/5.0 (compatible; Yahoo! Slurp; http://help.yahoo.com/help/us/ysearch/slurp)"
68.142.250.139 - - [24/Jul/2005:01:25:15 +0000] "GET /?M=D HTTP/1.0" 200 814 "-" "Mozilla/5.0 (compatible; Yahoo! Slurp; http://help.yahoo.com/help/us/ysearch/slurp)"
217.219.76.135 - - [24/Jul/2005:04:08:09 +0000] "GET / HTTP/1.1" 200 826 "-" "Mozilla/4.0 (compatible; MSIE 6.0; Windows NT 5.1; SV1)"
217.219.76.135 - - [24/Jul/2005:04:08:16 +0000] "GET /icons/blank.gif HTTP/1.1" 200 148 "http://www.persianart.com" "Mozilla/4.0 (compatible; MSIE 6.0; Windows NT 5.1; SV1)"
217.219.76.135 - - [24/Jul/2005:04:08:20 +0000] "GET /icons/back.gif HTTP/1.1" 200 216 "http://www.persianart.com" "Mozilla/4.0 (compatible; MSIE 6.0; Windows NT 5.1; SV1)"
217.219.76.135 - - [24/Jul/2005:04:08:27 +0000] "GET /icons/unknown.gif HTTP/1.1" 200 245 "http://www.persianart.com" "Mozilla/4.0 (compatible; MSIE 6.0; Windows NT 5.1; SV1)"
