217.11.23.2 - - [26/Jun/2005:15:43:24 +0000] "GET /WS_FTP.LOG HTTP/1.0" 200 440 "http://www.persianart.com/" "Mozilla/4.0 (compatible; MSIE 6.0; Windows NT 5.1; FunWebProducts)"
217.219.215.88 - - [26/Jun/2005:17:54:09 +0000] "GET / HTTP/1.1" 200 826 "-" "Mozilla/4.0 (compatible; MSIE 6.0; Windows NT 5.1; SV1)"
213.219.227.221 - - [26/Jun/2005:18:20:08 +0000] "GET / HTTP/1.1" 200 826 "http://www.ccir.ru/russian/Russian_links.htm" "Opera/7.23 (Windows NT 5.1; U) [ru]"
213.219.227.221 - - [26/Jun/2005:18:20:08 +0000] "GET /icons/blank.gif HTTP/1.1" 200 148 "http://www.persianart.com/" "Opera/7.23 (Windows NT 5.1; U) [ru]"
213.219.227.221 - - [26/Jun/2005:18:20:08 +0000] "GET /icons/unknown.gif HTTP/1.1" 200 245 "http://www.persianart.com/" "Opera/7.23 (Windows NT 5.1; U) [ru]"
213.219.227.221 - - [26/Jun/2005:18:20:08 +0000] "GET /icons/back.gif HTTP/1.1" 200 216 "http://www.persianart.com/" "Opera/7.23 (Windows NT 5.1; U) [ru]"
213.219.227.221 - - [26/Jun/2005:18:20:16 +0000] "GET /WS_FTP.LOG HTTP/1.1" 200 440 "http://www.persianart.com/" "Opera/7.23 (Windows NT 5.1; U) [ru]"
213.219.227.221 - - [26/Jun/2005:18:20:20 +0000] "GET /access_log HTTP/1.1" 200 100978 "http://www.persianart.com/" "Opera/7.23 (Windows NT 5.1; U) [ru]"
66.249.66.116 - - [26/Jun/2005:18:20:21 +0000] "GET /robots.txt HTTP/1.1" 404 216 "-" "Mediapartners-Google/2.1"
66.249.66.116 - - [26/Jun/2005:18:20:22 +0000] "GET /access_log HTTP/1.1" 200 101246 "-" "Mediapartners-Google/2.1"
68.142.250.65 - - [26/Jun/2005:20:48:19 +0000] "GET /robots.txt HTTP/1.0" 404 204 "-" "Mozilla/5.0 (compatible; Yahoo! Slurp; http://help.yahoo.com/help/us/ysearch/slurp)"
68.142.251.179 - - [26/Jun/2005:20:48:19 +0000] "GET /error_log HTTP/1.0" 200 15874 "-" "Mozilla/5.0 (compatible; Yahoo! Slurp; http://help.yahoo.com/help/us/ysearch/slurp)"
64.124.85.77 - - [26/Jun/2005:20:50:59 +0000] "GET /robots.txt HTTP/1.1" 404 216 "-" "Mozilla/5.0 (compatible; BecomeBot/2.3; MSIE 6.0 compatible; +http://www.become.com/site_owners.html)"
64.124.85.77 - - [26/Jun/2005:20:54:00 +0000] "GET / HTTP/1.1" 200 826 "http://dualathlonservers.com/links.htm" "Mozilla/5.0 (compatible; BecomeBot/2.3; MSIE 6.0 compatible; +http://www.become.com/site_owners.html)"
70.57.223.164 - - [26/Jun/2005:21:10:46 +0000] "GET / HTTP/1.1" 200 826 "-" "Mozilla/4.0 (compatible; MSIE 6.0; Windows NT 5.1; BCD2000; SV1; (R1 1.5))"
70.57.223.164 - - [26/Jun/2005:21:10:47 +0000] "GET /icons/blank.gif HTTP/1.1" 200 148 "-" "Mozilla/4.0 (compatible; MSIE 6.0; Windows NT 5.1; BCD2000; SV1; (R1 1.5))"
70.57.223.164 - - [26/Jun/2005:21:10:47 +0000] "GET /icons/back.gif HTTP/1.1" 200 216 "-" "Mozilla/4.0 (compatible; MSIE 6.0; Windows NT 5.1; BCD2000; SV1; (R1 1.5))"
70.57.223.164 - - [26/Jun/2005:21:10:47 +0000] "GET /icons/unknown.gif HTTP/1.1" 200 245 "-" "Mozilla/4.0 (compatible; MSIE 6.0; Windows NT 5.1; BCD2000; SV1; (R1 1.5))"
70.57.223.164 - - [26/Jun/2005:21:10:51 +0000] "GET / HTTP/1.1" 200 826 "-" "Mozilla/4.0 (compatible; MSIE 6.0; Windows NT 5.1; BCD2000; SV1; (R1 1.5))"
66.249.66.116 - - [26/Jun/2005:21:42:33 +0000] "GET /error_log HTTP/1.1" 200 16002 "-" "Mozilla/5.0 (compatible; Googlebot/2.1; +http://www.google.com/bot.html)"
80.191.186.17 - - [26/Jun/2005:21:52:21 +0000] "GET / HTTP/1.1" 200 826 "-" "Mozilla/5.0 (Windows; U; Windows NT 5.1; en-US; rv:1.8b2) Gecko/20050531 Firefox/1.0+"
80.191.186.17 - - [26/Jun/2005:21:52:22 +0000] "GET /icons/back.gif HTTP/1.1" 200 216 "http://www.persianart.com/" "Mozilla/5.0 (Windows; U; Windows NT 5.1; en-US; rv:1.8b2) Gecko/20050531 Firefox/1.0+"
80.191.186.17 - - [26/Jun/2005:21:52:23 +0000] "GET /icons/blank.gif HTTP/1.1" 200 148 "http://www.persianart.com/" "Mozilla/5.0 (Windows; U; Windows NT 5.1; en-US; rv:1.8b2) Gecko/20050531 Firefox/1.0+"
80.191.186.17 - - [26/Jun/2005:21:52:23 +0000] "GET /icons/unknown.gif HTTP/1.1" 200 245 "http://www.persianart.com/" "Mozilla/5.0 (Windows; U; Windows NT 5.1; en-US; rv:1.8b2) Gecko/20050531 Firefox/1.0+"
80.191.186.17 - - [26/Jun/2005:21:52:23 +0000] "GET /favicon.ico HTTP/1.1" 404 217 "-" "Mozilla/5.0 (Windows; U; Windows NT 5.1; en-US; rv:1.8b2) Gecko/20050531 Firefox/1.0+"
67.84.19.153 - - [26/Jun/2005:22:41:12 +0000] "GET /access_log HTTP/1.1" 200 104038 "-" "Mozilla/4.0 (compatible; MSIE 6.0; Windows NT 5.1; FunWebProducts; SV1)"
68.142.250.65 - - [26/Jun/2005:23:07:15 +0000] "GET /robots.txt HTTP/1.0" 404 204 "-" "Mozilla/5.0 (compatible; Yahoo! Slurp; http://help.yahoo.com/help/us/ysearch/slurp)"
68.142.251.174 - - [26/Jun/2005:23:07:15 +0000] "GET /access_log HTTP/1.0" 200 104372 "-" "Mozilla/5.0 (compatible; Yahoo! Slurp; http://help.yahoo.com/help/us/ysearch/slurp)"
142.204.89.114 - - [26/Jun/2005:23:38:18 +0000] "GET / HTTP/1.1" 200 826 "-" "Mozilla/4.0 (compatible; MSIE 6.0; Windows NT 5.1; iebar; SV1)"
142.204.89.114 - - [26/Jun/2005:23:38:18 +0000] "GET /icons/blank.gif HTTP/1.1" 304 - "http://www.persianart.com/" "Mozilla/4.0 (compatible; MSIE 6.0; Windows NT 5.1; iebar; SV1)"
142.204.89.114 - - [26/Jun/2005:23:38:18 +0000] "GET /icons/back.gif HTTP/1.1" 304 - "http://www.persianart.com/" "Mozilla/4.0 (compatible; MSIE 6.0; Windows NT 5.1; iebar; SV1)"
142.204.89.114 - - [26/Jun/2005:23:38:18 +0000] "GET /icons/unknown.gif HTTP/1.1" 304 - "http://www.persianart.com/" "Mozilla/4.0 (compatible; MSIE 6.0; Windows NT 5.1; iebar; SV1)"
66.249.66.116 - - [27/Jun/2005:03:12:06 +0000] "GET /WS_FTP.LOG HTTP/1.1" 200 440 "-" "Mozilla/5.0 (compatible; Googlebot/2.1; +http://www.google.com/bot.html)"
82.99.200.143 - - [27/Jun/2005:04:16:54 +0000] "GET / HTTP/1.1" 200 826 "-" "Mozilla/4.0 (compatible; MSIE 6.0; Windows NT 5.1; SV1)"
82.99.200.143 - - [27/Jun/2005:04:16:55 +0000] "GET /icons/unknown.gif HTTP/1.1" 200 245 "http://persianart.com/" "Mozilla/4.0 (compatible; MSIE 6.0; Windows NT 5.1; SV1)"
82.99.200.143 - - [27/Jun/2005:04:16:55 +0000] "GET /icons/back.gif HTTP/1.1" 200 216 "http://persianart.com/" "Mozilla/4.0 (compatible; MSIE 6.0; Windows NT 5.1; SV1)"
82.99.200.143 - - [27/Jun/2005:04:16:55 +0000] "GET /icons/blank.gif HTTP/1.1" 200 148 "http://persianart.com/" "Mozilla/4.0 (compatible; MSIE 6.0; Windows NT 5.1; SV1)"
216.168.237.71 - - [27/Jun/2005:06:29:36 +0000] "GET / HTTP/1.1" 200 826 "-" "Jakarta Commons-HttpClient/2.0.2"
216.168.237.71 - - [27/Jun/2005:06:30:30 +0000] "GET / HTTP/1.1" 200 826 "-" "Mozilla/5.0 (X11; U; SunOS sun4u; en-US; rv:1.7.5) Gecko/20041109 Firefox/1.0"
216.168.237.71 - - [27/Jun/2005:06:30:30 +0000] "GET /icons/blank.gif HTTP/1.1" 200 148 "http://www.persianart.com/" "Mozilla/5.0 (X11; U; SunOS sun4u; en-US; rv:1.7.5) Gecko/20041109 Firefox/1.0"
216.168.237.71 - - [27/Jun/2005:06:30:30 +0000] "GET /icons/back.gif HTTP/1.1" 200 216 "http://www.persianart.com/" "Mozilla/5.0 (X11; U; SunOS sun4u; en-US; rv:1.7.5) Gecko/20041109 Firefox/1.0"
216.168.237.71 - - [27/Jun/2005:06:30:30 +0000] "GET /icons/unknown.gif HTTP/1.1" 200 245 "http://www.persianart.com/" "Mozilla/5.0 (X11; U; SunOS sun4u; en-US; rv:1.7.5) Gecko/20041109 Firefox/1.0"
194.225.87.7 - - [27/Jun/2005:07:34:17 +0000] "GET / HTTP/1.0" 200 814 "-" "Mozilla/4.0 (compatible; MSIE 6.0; Windows NT 5.1; SV1)"
194.225.87.7 - - [27/Jun/2005:07:34:20 +0000] "GET / HTTP/1.0" 200 814 "-" "Mozilla/4.0 (compatible; MSIE 6.0; Windows NT 5.1; SV1)"
194.225.87.7 - - [27/Jun/2005:07:34:20 +0000] "GET / HTTP/1.0" 200 814 "-" "Mozilla/4.0 (compatible; MSIE 6.0; Windows NT 5.1; SV1)"
194.225.87.7 - - [27/Jun/2005:07:34:22 +0000] "GET /icons/blank.gif HTTP/1.0" 200 148 "http://www.persianart.com" "Mozilla/4.0 (compatible; MSIE 6.0; Windows NT 5.1; SV1)"
194.225.87.7 - - [27/Jun/2005:07:34:22 +0000] "GET /icons/back.gif HTTP/1.0" 200 216 "http://www.persianart.com" "Mozilla/4.0 (compatible; MSIE 6.0; Windows NT 5.1; SV1)"
194.225.87.7 - - [27/Jun/2005:07:34:22 +0000] "GET /icons/unknown.gif HTTP/1.0" 200 245 "http://www.persianart.com" "Mozilla/4.0 (compatible; MSIE 6.0; Windows NT 5.1; SV1)"
202.83.165.194 - - [27/Jun/2005:08:13:07 +0000] "GET / HTTP/1.0" 200 814 "-" "Mozilla/4.0 (compatible; MSIE 6.0; Windows NT 5.1; SV1; (R1 1.3))"
202.83.165.194 - - [27/Jun/2005:08:13:07 +0000] "GET /icons/blank.gif HTTP/1.0" 200 148 "http://www.persianart.com" "Mozilla/4.0 (compatible; MSIE 6.0; Windows NT 5.1; SV1; (R1 1.3))"
202.83.165.194 - - [27/Jun/2005:08:13:07 +0000] "GET /icons/back.gif HTTP/1.0" 200 216 "http://www.persianart.com" "Mozilla/4.0 (compatible; MSIE 6.0; Windows NT 5.1; SV1; (R1 1.3))"
202.83.165.194 - - [27/Jun/2005:08:13:07 +0000] "GET /icons/unknown.gif HTTP/1.0" 200 245 "http://www.persianart.com" "Mozilla/4.0 (compatible; MSIE 6.0; Windows NT 5.1; SV1; (R1 1.3))"
194.225.228.36 - - [27/Jun/2005:10:16:46 +0000] "GET / HTTP/1.1" 200 826 "-" "Mozilla/4.0 (compatible; MSIE 6.0; Windows NT 5.1)"
194.225.228.36 - - [27/Jun/2005:10:16:47 +0000] "GET /icons/back.gif HTTP/1.1" 200 216 "http://www.persianart.com" "Mozilla/4.0 (compatible; MSIE 6.0; Windows NT 5.1)"
194.225.228.36 - - [27/Jun/2005:10:16:47 +0000] "GET /icons/blank.gif HTTP/1.1" 200 148 "http://www.persianart.com" "Mozilla/4.0 (compatible; MSIE 6.0; Windows NT 5.1)"
194.225.228.36 - - [27/Jun/2005:10:16:48 +0000] "GET /icons/unknown.gif HTTP/1.1" 200 245 "http://www.persianart.com" "Mozilla/4.0 (compatible; MSIE 6.0; Windows NT 5.1)"
80.164.38.121 - - [27/Jun/2005:13:40:20 +0000] "GET / HTTP/1.1" 200 826 "-" "Mozilla/4.0 (compatible; MSIE 6.0; Windows NT 5.1; SV1; .NET CLR 1.0.3705; .NET CLR 1.1.4322)"
80.164.38.121 - - [27/Jun/2005:13:40:21 +0000] "GET /icons/blank.gif HTTP/1.1" 200 148 "http://www.persianart.com/" "Mozilla/4.0 (compatible; MSIE 6.0; Windows NT 5.1; SV1; .NET CLR 1.0.3705; .NET CLR 1.1.4322)"
80.164.38.121 - - [27/Jun/2005:13:40:21 +0000] "GET /icons/unknown.gif HTTP/1.1" 200 245 "http://www.persianart.com/" "Mozilla/4.0 (compatible; MSIE 6.0; Windows NT 5.1; SV1; .NET CLR 1.0.3705; .NET CLR 1.1.4322)"
80.164.38.121 - - [27/Jun/2005:13:40:21 +0000] "GET /icons/back.gif HTTP/1.1" 200 216 "http://www.persianart.com/" "Mozilla/4.0 (compatible; MSIE 6.0; Windows NT 5.1; SV1; .NET CLR 1.0.3705; .NET CLR 1.1.4322)"
207.46.98.120 - - [27/Jun/2005:13:59:39 +0000] "GET /robots.txt HTTP/1.0" 404 204 "-" "msnbot/1.0 (+http://search.msn.com/msnbot.htm)"
207.46.98.120 - - [27/Jun/2005:13:59:39 +0000] "GET / HTTP/1.0" 200 814 "-" "msnbot/1.0 (+http://search.msn.com/msnbot.htm)"
68.142.250.65 - - [27/Jun/2005:17:40:56 +0000] "GET /robots.txt HTTP/1.0" 404 204 "-" "Mozilla/5.0 (compatible; Yahoo! Slurp; http://help.yahoo.com/help/us/ysearch/slurp)"
68.142.250.75 - - [27/Jun/2005:17:40:57 +0000] "GET /?D=A HTTP/1.0" 200 814 "-" "Mozilla/5.0 (compatible; Yahoo! Slurp; http://help.yahoo.com/help/us/ysearch/slurp)"
68.142.249.195 - - [27/Jun/2005:20:48:19 +0000] "GET /robots.txt HTTP/1.0" 404 204 "-" "Mozilla/5.0 (compatible; Yahoo! Slurp; http://help.yahoo.com/help/us/ysearch/slurp)"
68.142.251.179 - - [27/Jun/2005:20:48:19 +0000] "GET /error_log HTTP/1.0" 200 16649 "-" "Mozilla/5.0 (compatible; Yahoo! Slurp; http://help.yahoo.com/help/us/ysearch/slurp)"
68.142.249.189 - - [27/Jun/2005:23:27:51 +0000] "GET /robots.txt HTTP/1.0" 404 204 "-" "Mozilla/5.0 (compatible; Yahoo! Slurp; http://help.yahoo.com/help/us/ysearch/slurp)"
68.142.251.174 - - [27/Jun/2005:23:27:52 +0000] "GET /access_log HTTP/1.0" 200 111077 "-" "Mozilla/5.0 (compatible; Yahoo! Slurp; http://help.yahoo.com/help/us/ysearch/slurp)"
130.123.225.69 - - [28/Jun/2005:01:53:46 +0000] "GET / HTTP/1.1" 200 826 "-" "Mozilla/4.0 (compatible; MSIE 6.0; Windows NT 5.0)"
130.123.225.69 - - [28/Jun/2005:01:53:46 +0000] "GET /icons/blank.gif HTTP/1.1" 200 148 "http://www.persianart.com/" "Mozilla/4.0 (compatible; MSIE 6.0; Windows NT 5.0)"
130.123.225.69 - - [28/Jun/2005:01:53:46 +0000] "GET /icons/unknown.gif HTTP/1.1" 200 245 "http://www.persianart.com/" "Mozilla/4.0 (compatible; MSIE 6.0; Windows NT 5.0)"
130.123.225.69 - - [28/Jun/2005:01:53:47 +0000] "GET /icons/back.gif HTTP/1.1" 200 216 "http://www.persianart.com/" "Mozilla/4.0 (compatible; MSIE 6.0; Windows NT 5.0)"
130.123.225.69 - - [28/Jun/2005:01:53:48 +0000] "GET /WS_FTP.LOG HTTP/1.1" 200 440 "http://www.persianart.com/" "Mozilla/4.0 (compatible; MSIE 6.0; Windows NT 5.0)"
66.194.6.76 - - [28/Jun/2005:02:00:18 +0000] "GET / HTTP/1.1" 200 826 "-" "Mozilla/5.0 (compatible; Konqueror/3.0-rc5; i686 Linux; 20021114)"
217.219.5.35 - - [28/Jun/2005:05:04:17 +0000] "GET / HTTP/1.1" 200 826 "-" "Mozilla/4.0 (compatible; MSIE 6.0; Windows NT 5.1)"
217.219.5.35 - - [28/Jun/2005:05:04:20 +0000] "GET /icons/blank.gif HTTP/1.1" 200 148 "http://persianart.com/" "Mozilla/4.0 (compatible; MSIE 6.0; Windows NT 5.1)"
217.219.5.35 - - [28/Jun/2005:05:04:21 +0000] "GET /icons/back.gif HTTP/1.1" 200 216 "http://persianart.com/" "Mozilla/4.0 (compatible; MSIE 6.0; Windows NT 5.1)"
217.219.5.35 - - [28/Jun/2005:05:04:21 +0000] "GET /icons/unknown.gif HTTP/1.1" 200 245 "http://persianart.com/" "Mozilla/4.0 (compatible; MSIE 6.0; Windows NT 5.1)"
217.219.5.35 - - [28/Jun/2005:05:04:45 +0000] "GET / HTTP/1.1" 200 826 "http://persianart.com/" "Mozilla/4.0 (compatible; MSIE 6.0; Windows NT 5.1)"
217.219.5.35 - - [28/Jun/2005:05:04:45 +0000] "GET / HTTP/1.1" 200 826 "http://persianart.com/" "Mozilla/4.0 (compatible; MSIE 6.0; Windows NT 5.1)"
217.219.5.35 - - [28/Jun/2005:05:04:45 +0000] "GET / HTTP/1.1" 200 826 "http://persianart.com/" "Mozilla/4.0 (compatible; MSIE 6.0; Windows NT 5.1)"
66.194.6.76 - - [28/Jun/2005:07:09:52 +0000] "GET / HTTP/1.1" 200 826 "-" "Mozilla/4.0 (compatible; MSIE 6.0; Windows NT 5.1; Q312465)"
194.225.228.36 - - [28/Jun/2005:09:42:38 +0000] "GET / HTTP/1.1" 200 826 "-" "Mozilla/4.0 (compatible; MSIE 6.0; Windows NT 5.1)"
194.225.228.36 - - [28/Jun/2005:09:42:39 +0000] "GET /icons/blank.gif HTTP/1.1" 304 - "http://www.persianart.com" "Mozilla/4.0 (compatible; MSIE 6.0; Windows NT 5.1)"
194.225.228.36 - - [28/Jun/2005:09:42:39 +0000] "GET /icons/back.gif HTTP/1.1" 304 - "http://www.persianart.com" "Mozilla/4.0 (compatible; MSIE 6.0; Windows NT 5.1)"
194.225.228.36 - - [28/Jun/2005:09:42:39 +0000] "GET /icons/unknown.gif HTTP/1.1" 304 - "http://www.persianart.com" "Mozilla/4.0 (compatible; MSIE 6.0; Windows NT 5.1)"
194.225.228.36 - - [28/Jun/2005:09:43:06 +0000] "GET /WS_FTP.LOG HTTP/1.1" 200 440 "http://www.persianart.com" "Mozilla/4.0 (compatible; MSIE 6.0; Windows NT 5.1)"
61.95.182.155 - - [28/Jun/2005:13:48:48 +0000] "GET / HTTP/1.0" 200 814 "-" "Mozilla/4.0 (compatible; MSIE 6.0; Windows NT 5.1; SV1)"
61.95.182.155 - - [28/Jun/2005:13:48:52 +0000] "GET /icons/blank.gif HTTP/1.0" 200 148 "http://www.persianart.com/" "Mozilla/4.0 (compatible; MSIE 6.0; Windows NT 5.1; SV1)"
61.95.182.155 - - [28/Jun/2005:13:48:53 +0000] "GET /icons/back.gif HTTP/1.0" 200 216 "http://www.persianart.com/" "Mozilla/4.0 (compatible; MSIE 6.0; Windows NT 5.1; SV1)"
61.95.182.155 - - [28/Jun/2005:13:48:53 +0000] "GET /icons/unknown.gif HTTP/1.0" 200 245 "http://www.persianart.com/" "Mozilla/4.0 (compatible; MSIE 6.0; Windows NT 5.1; SV1)"
64.246.165.180 - - [28/Jun/2005:14:31:54 +0000] "GET /robots.txt HTTP/1.1" 404 216 "http://www.whois.sc/" "SurveyBot/2.3 (Whois Source)"
64.246.165.180 - - [28/Jun/2005:14:31:54 +0000] "GET / HTTP/1.1" 200 826 "http://www.whois.sc/persianart.com" "SurveyBot/2.3 (Whois Source)"
207.46.98.121 - - [28/Jun/2005:18:48:43 +0000] "GET /robots.txt HTTP/1.0" 404 204 "-" "msnbot/1.0 (+http://search.msn.com/msnbot.htm)"
207.46.98.121 - - [28/Jun/2005:18:48:43 +0000] "GET / HTTP/1.0" 200 814 "-" "msnbot/1.0 (+http://search.msn.com/msnbot.htm)"
68.142.249.189 - - [28/Jun/2005:21:39:18 +0000] "GET /robots.txt HTTP/1.0" 404 204 "-" "Mozilla/5.0 (compatible; Yahoo! Slurp; http://help.yahoo.com/help/us/ysearch/slurp)"
68.142.251.52 - - [28/Jun/2005:21:39:19 +0000] "GET /?N=A HTTP/1.0" 200 814 "-" "Mozilla/5.0 (compatible; Yahoo! Slurp; http://help.yahoo.com/help/us/ysearch/slurp)"
68.142.251.98 - - [28/Jun/2005:21:44:27 +0000] "GET /?D=D HTTP/1.0" 200 814 "-" "Mozilla/5.0 (compatible; Yahoo! Slurp; http://help.yahoo.com/help/us/ysearch/slurp)"
207.46.98.121 - - [29/Jun/2005:00:13:46 +0000] "GET /robots.txt HTTP/1.0" 404 204 "-" "msnbot/1.0 (+http://search.msn.com/msnbot.htm)"
207.46.98.121 - - [29/Jun/2005:00:13:46 +0000] "GET / HTTP/1.0" 200 814 "-" "msnbot/1.0 (+http://search.msn.com/msnbot.htm)"
68.142.249.189 - - [29/Jun/2005:00:31:58 +0000] "GET /robots.txt HTTP/1.0" 404 204 "-" "Mozilla/5.0 (compatible; Yahoo! Slurp; http://help.yahoo.com/help/us/ysearch/slurp)"
68.142.251.181 - - [29/Jun/2005:00:32:02 +0000] "GET / HTTP/1.0" 200 814 "-" "Mozilla/5.0 (compatible; Yahoo! Slurp; http://help.yahoo.com/help/us/ysearch/slurp)"
68.142.249.204 - - [29/Jun/2005:02:29:52 +0000] "GET /robots.txt HTTP/1.0" 404 204 "-" "Mozilla/5.0 (compatible; Yahoo! Slurp; http://help.yahoo.com/help/us/ysearch/slurp)"
68.142.250.193 - - [29/Jun/2005:02:29:56 +0000] "GET /?M=A HTTP/1.0" 200 814 "-" "Mozilla/5.0 (compatible; Yahoo! Slurp; http://help.yahoo.com/help/us/ysearch/slurp)"
66.194.6.83 - - [29/Jun/2005:02:30:17 +0000] "GET / HTTP/1.1" 200 826 "-" "Mozilla/4.0 (compatible; MSIE 6.0; Windows NT 5.1; Q312466)"
68.142.249.204 - - [29/Jun/2005:04:48:22 +0000] "GET /robots.txt HTTP/1.0" 404 204 "-" "Mozilla/5.0 (compatible; Yahoo! Slurp; http://help.yahoo.com/help/us/ysearch/slurp)"
68.142.251.174 - - [29/Jun/2005:04:48:23 +0000] "GET /access_log HTTP/1.0" 200 117146 "-" "Mozilla/5.0 (compatible; Yahoo! Slurp; http://help.yahoo.com/help/us/ysearch/slurp)"
207.46.98.121 - - [29/Jun/2005:05:34:55 +0000] "GET /robots.txt HTTP/1.0" 404 204 "-" "msnbot/1.0 (+http://search.msn.com/msnbot.htm)"
207.46.98.121 - - [29/Jun/2005:05:34:55 +0000] "GET / HTTP/1.0" 200 814 "-" "msnbot/1.0 (+http://search.msn.com/msnbot.htm)"
68.142.249.204 - - [29/Jun/2005:07:43:47 +0000] "GET /robots.txt HTTP/1.0" 404 204 "-" "Mozilla/5.0 (compatible; Yahoo! Slurp; http://help.yahoo.com/help/us/ysearch/slurp)"
68.142.250.169 - - [29/Jun/2005:07:43:48 +0000] "GET /?N=D HTTP/1.0" 200 814 "-" "Mozilla/5.0 (compatible; Yahoo! Slurp; http://help.yahoo.com/help/us/ysearch/slurp)"
68.142.250.139 - - [29/Jun/2005:08:15:13 +0000] "GET /?M=D HTTP/1.0" 200 814 "-" "Mozilla/5.0 (compatible; Yahoo! Slurp; http://help.yahoo.com/help/us/ysearch/slurp)"
84.241.24.5 - - [29/Jun/2005:08:25:53 +0000] "GET / HTTP/1.0" 200 814 "-" "Mozilla/4.0 (compatible; MSIE 6.0; Windows NT 5.1)"
84.241.24.5 - - [29/Jun/2005:08:25:58 +0000] "GET /icons/blank.gif HTTP/1.0" 200 148 "http://www.persianart.com" "Mozilla/4.0 (compatible; MSIE 6.0; Windows NT 5.1)"
84.241.24.5 - - [29/Jun/2005:08:25:58 +0000] "GET /icons/back.gif HTTP/1.0" 200 216 "http://www.persianart.com" "Mozilla/4.0 (compatible; MSIE 6.0; Windows NT 5.1)"
84.241.24.5 - - [29/Jun/2005:08:25:58 +0000] "GET /icons/unknown.gif HTTP/1.0" 200 245 "http://www.persianart.com" "Mozilla/4.0 (compatible; MSIE 6.0; Windows NT 5.1)"
84.241.24.5 - - [29/Jun/2005:08:26:27 +0000] "GET / HTTP/1.0" 200 814 "-" "Mozilla/4.0 (compatible; MSIE 6.0; Windows NT 5.1)"
207.46.98.121 - - [29/Jun/2005:09:59:27 +0000] "GET /robots.txt HTTP/1.0" 404 204 "-" "msnbot/1.0 (+http://search.msn.com/msnbot.htm)"
207.46.98.121 - - [29/Jun/2005:09:59:27 +0000] "GET / HTTP/1.0" 200 814 "-" "msnbot/1.0 (+http://search.msn.com/msnbot.htm)"
213.217.50.54 - - [29/Jun/2005:10:11:01 +0000] "GET / HTTP/1.1" 200 826 "-" "Mozilla/5.0 (Windows; U; Windows NT 5.0; en-US; rv:1.7.8) Gecko/20050511 Firefox/1.0.4"
213.217.50.54 - - [29/Jun/2005:10:11:05 +0000] "GET /icons/blank.gif HTTP/1.1" 200 148 "http://www.persianart.com/" "Mozilla/5.0 (Windows; U; Windows NT 5.0; en-US; rv:1.7.8) Gecko/20050511 Firefox/1.0.4"
213.217.50.54 - - [29/Jun/2005:10:11:05 +0000] "GET /icons/back.gif HTTP/1.1" 200 216 "http://www.persianart.com/" "Mozilla/5.0 (Windows; U; Windows NT 5.0; en-US; rv:1.7.8) Gecko/20050511 Firefox/1.0.4"
213.217.50.54 - - [29/Jun/2005:10:11:07 +0000] "GET /icons/unknown.gif HTTP/1.1" 200 245 "http://www.persianart.com/" "Mozilla/5.0 (Windows; U; Windows NT 5.0; en-US; rv:1.7.8) Gecko/20050511 Firefox/1.0.4"
213.217.50.54 - - [29/Jun/2005:10:11:08 +0000] "GET /favicon.ico HTTP/1.1" 404 217 "-" "Mozilla/5.0 (Windows; U; Windows NT 5.0; en-US; rv:1.7.8) Gecko/20050511 Firefox/1.0.4"
216.139.13.103 - - [29/Jun/2005:12:22:17 +0000] "GET /error_log HTTP/1.1" 200 18205 "http://www.google.com/search?hl=en&hs=Tqa&lr=&safe=off&client=firefox-a&rls=org.mozilla:en-US:official_s&sa=G&q=%2264.62.168.72%22" "Mozilla/5.0 (Windows; U; Windows NT 5.0; en-US; rv:1.7.8) Gecko/20050511 Firefox/1.0.4"
216.139.13.103 - - [29/Jun/2005:12:22:17 +0000] "GET /favicon.ico HTTP/1.1" 404 217 "-" "Mozilla/5.0 (Windows; U; Windows NT 5.0; en-US; rv:1.7.8) Gecko/20050511 Firefox/1.0.4"
68.142.249.204 - - [29/Jun/2005:14:27:55 +0000] "GET /robots.txt HTTP/1.0" 404 204 "-" "Mozilla/5.0 (compatible; Yahoo! Slurp; http://help.yahoo.com/help/us/ysearch/slurp)"
68.142.250.125 - - [29/Jun/2005:14:27:55 +0000] "GET /?S=A HTTP/1.0" 200 814 "-" "Mozilla/5.0 (compatible; Yahoo! Slurp; http://help.yahoo.com/help/us/ysearch/slurp)"
207.46.98.121 - - [29/Jun/2005:14:52:17 +0000] "GET /robots.txt HTTP/1.0" 404 204 "-" "msnbot/1.0 (+http://search.msn.com/msnbot.htm)"
207.46.98.121 - - [29/Jun/2005:14:52:17 +0000] "GET / HTTP/1.0" 200 814 "-" "msnbot/1.0 (+http://search.msn.com/msnbot.htm)"
195.93.21.6 - - [29/Jun/2005:21:33:18 +0000] "GET / HTTP/1.0" 200 814 "-" "Mozilla/4.0 (compatible; MSIE 6.0; AOL 9.0; Windows NT 5.1; DigExt; SV1)"
195.93.21.1 - - [29/Jun/2005:21:33:19 +0000] "GET /icons/back.gif HTTP/1.0" 200 216 "http://www.persianart.com/" "Mozilla/4.0 (compatible; MSIE 6.0; AOL 9.0; Windows NT 5.1; DigExt; SV1)"
195.93.21.4 - - [29/Jun/2005:21:33:19 +0000] "GET /icons/blank.gif HTTP/1.0" 200 148 "http://www.persianart.com/" "Mozilla/4.0 (compatible; MSIE 6.0; AOL 9.0; Windows NT 5.1; DigExt; SV1)"
195.93.21.33 - - [29/Jun/2005:21:33:19 +0000] "GET /icons/unknown.gif HTTP/1.0" 200 245 "http://www.persianart.com/" "Mozilla/4.0 (compatible; MSIE 6.0; AOL 9.0; Windows NT 5.1; DigExt; SV1)"
195.93.21.6 - - [29/Jun/2005:21:33:58 +0000] "GET / HTTP/1.1" 200 826 "-" "Mozilla/4.0 (compatible; MSIE 6.0; AOL 9.0; Windows NT 5.1; DigExt; SV1)"
24.205.28.106 - - [29/Jun/2005:21:57:10 +0000] "GET / HTTP/1.1" 200 826 "http://www.google.com/search?q=intitle:%22Index+of%22+access_log&hl=en&lr=&start=20&sa=N" "Mozilla/4.0 (compatible; MSIE 6.0; Windows NT 5.1; SV1)"
24.205.28.106 - - [29/Jun/2005:21:57:10 +0000] "GET /icons/blank.gif HTTP/1.1" 200 148 "http://www.persianart.com/" "Mozilla/4.0 (compatible; MSIE 6.0; Windows NT 5.1; SV1)"
24.205.28.106 - - [29/Jun/2005:21:57:10 +0000] "GET /icons/unknown.gif HTTP/1.1" 200 245 "http://www.persianart.com/" "Mozilla/4.0 (compatible; MSIE 6.0; Windows NT 5.1; SV1)"
195.93.21.6 - - [29/Jun/2005:22:05:17 +0000] "GET / HTTP/1.1" 200 826 "http://www.google.com/search?hl=en&ie=ISO-8859-1&q=persianart.com&btnG=Google+Search" "Mozilla/4.0 (compatible; MSIE 6.0; AOL 9.0; Windows NT 5.1; DigExt; SV1)"
64.3.84.11 - - [29/Jun/2005:22:43:43 +0000] "GET / HTTP/1.1" 200 826 "-" "Mozilla/4.0 (compatible; MSIE 6.0; Windows NT 5.1)"
64.3.84.11 - - [29/Jun/2005:22:43:43 +0000] "GET /icons/blank.gif HTTP/1.1" 200 148 "http://persianart.com/" "Mozilla/4.0 (compatible; MSIE 6.0; Windows NT 5.1)"
64.3.84.11 - - [29/Jun/2005:22:43:44 +0000] "GET /icons/back.gif HTTP/1.1" 200 216 "http://persianart.com/" "Mozilla/4.0 (compatible; MSIE 6.0; Windows NT 5.1)"
64.3.84.11 - - [29/Jun/2005:22:43:44 +0000] "GET /icons/unknown.gif HTTP/1.1" 200 245 "http://persianart.com/" "Mozilla/4.0 (compatible; MSIE 6.0; Windows NT 5.1)"
68.142.249.189 - - [30/Jun/2005:04:48:34 +0000] "GET /robots.txt HTTP/1.0" 404 204 "-" "Mozilla/5.0 (compatible; Yahoo! Slurp; http://help.yahoo.com/help/us/ysearch/slurp)"
68.142.251.174 - - [30/Jun/2005:04:48:39 +0000] "GET /access_log HTTP/1.0" 200 123598 "-" "Mozilla/5.0 (compatible; Yahoo! Slurp; http://help.yahoo.com/help/us/ysearch/slurp)"
81.31.160.4 - - [30/Jun/2005:07:06:23 +0000] "GET / HTTP/1.1" 200 826 "-" "Mozilla/4.0 (compatible; MSIE 6.0; Windows NT 5.1; en) Opera 8.0"
81.31.160.4 - - [30/Jun/2005:07:06:25 +0000] "GET /icons/blank.gif HTTP/1.1" 200 148 "http://persianart.com/" "Mozilla/4.0 (compatible; MSIE 6.0; Windows NT 5.1; en) Opera 8.0"
81.31.160.4 - - [30/Jun/2005:07:06:25 +0000] "GET /icons/back.gif HTTP/1.1" 200 216 "http://persianart.com/" "Mozilla/4.0 (compatible; MSIE 6.0; Windows NT 5.1; en) Opera 8.0"
81.31.160.4 - - [30/Jun/2005:07:06:25 +0000] "GET /icons/unknown.gif HTTP/1.1" 200 245 "http://persianart.com/" "Mozilla/4.0 (compatible; MSIE 6.0; Windows NT 5.1; en) Opera 8.0"
81.31.160.4 - - [30/Jun/2005:07:06:26 +0000] "GET /favicon.ico HTTP/1.1" 404 217 "http://persianart.com/" "Mozilla/4.0 (compatible; MSIE 6.0; Windows NT 5.1; en) Opera 8.0"
67.52.241.195 - - [30/Jun/2005:08:12:18 +0000] "GET / HTTP/1.1" 200 826 "-" "Mozilla/4.0 (compatible; MSIE 5.5; Windows 98)"
67.52.241.195 - - [30/Jun/2005:08:12:19 +0000] "GET /?N=D HTTP/1.1" 200 826 "http://www.persianart.com/" "Mozilla/4.0 (compatible; MSIE 5.5; Windows 98)"
67.52.241.195 - - [30/Jun/2005:08:12:20 +0000] "GET /?M=A HTTP/1.1" 200 826 "http://www.persianart.com/" "Mozilla/4.0 (compatible; MSIE 5.5; Windows 98)"
67.52.241.195 - - [30/Jun/2005:08:12:21 +0000] "GET /?S=A HTTP/1.1" 200 826 "http://www.persianart.com/" "Mozilla/4.0 (compatible; MSIE 5.5; Windows 98)"
67.52.241.195 - - [30/Jun/2005:08:12:22 +0000] "GET /?D=A HTTP/1.1" 200 826 "http://www.persianart.com/" "Mozilla/4.0 (compatible; MSIE 5.5; Windows 98)"
67.52.241.195 - - [30/Jun/2005:08:12:23 +0000] "GET /WS_FTP.LOG HTTP/1.1" 200 440 "http://www.persianart.com/" "Mozilla/4.0 (compatible; MSIE 5.5; Windows 98)"
67.52.241.195 - - [30/Jun/2005:08:12:24 +0000] "GET /access_log HTTP/1.1" 200 125521 "http://www.persianart.com/" "Mozilla/4.0 (compatible; MSIE 5.5; Windows 98)"
67.52.241.195 - - [30/Jun/2005:08:12:26 +0000] "GET /error_log HTTP/1.1" 200 18853 "http://www.persianart.com/" "Mozilla/4.0 (compatible; MSIE 5.5; Windows 98)"
68.142.249.189 - - [30/Jun/2005:09:11:02 +0000] "GET /robots.txt HTTP/1.0" 404 204 "-" "Mozilla/5.0 (compatible; Yahoo! Slurp; http://help.yahoo.com/help/us/ysearch/slurp)"
68.142.251.179 - - [30/Jun/2005:09:11:02 +0000] "GET /error_log HTTP/1.0" 200 18983 "-" "Mozilla/5.0 (compatible; Yahoo! Slurp; http://help.yahoo.com/help/us/ysearch/slurp)"
80.58.46.170 - - [30/Jun/2005:16:27:30 +0000] "GET /error_log HTTP/1.0" 200 18983 "http://search.netscape.com/ns/search?query=68.142.249.204&fromPage=nsspainsearch" "Mozilla/5.0 (Windows; U; Windows NT 5.2; es-ES; rv:1.0.1) Gecko/20020823 Netscape/7.0"
80.58.46.170 - - [30/Jun/2005:16:27:31 +0000] "GET /favicon.ico HTTP/1.1" 404 217 "-" "Mozilla/5.0 (Windows; U; Windows NT 5.2; es-ES; rv:1.0.1) Gecko/20020823 Netscape/7.0"
205.188.116.204 - - [30/Jun/2005:16:50:25 +0000] "GET /persianart.html HTTP/1.0" 404 209 "-" "Mozilla/4.0 (compatible; MSIE 4.01; AOL 5.0; Mac_PPC)"
217.219.188.146 - - [30/Jun/2005:18:21:42 +0000] "GET /error_log HTTP/1.1" 200 19248 "http://search.yahoo.com/search?p=persianart&sm=Yahoo%21+Search&fr=FP-tab-web-t&toggle=1&cop=&ei=UTF-8" "Mozilla/4.0 (compatible; MSIE 6.0; Windows NT 5.1)"
217.219.188.146 - - [30/Jun/2005:18:21:45 +0000] "GET /_vti_bin/owssvr.dll?UL=1&ACT=4&BUILD=4219&STRMVER=4&CAPREQ=0 HTTP/1.1" 404 225 "-" "Mozilla/4.0 (compatible; MSIE 6.0; Windows NT 5.1)"
217.219.188.146 - - [30/Jun/2005:18:21:47 +0000] "GET /MSOffice/cltreq.asp?UL=1&ACT=4&BUILD=4219&STRMVER=4&CAPREQ=0 HTTP/1.1" 404 225 "-" "Mozilla/4.0 (compatible; MSIE 6.0; Windows NT 5.1)"
196.3.60.17 - - [30/Jun/2005:20:33:48 +0000] "GET / HTTP/1.1" 200 826 "-" "Mozilla/4.0 (compatible; MSIE 4.0; Windows 95)"
217.219.5.35 - - [30/Jun/2005:20:39:06 +0000] "GET / HTTP/1.1" 200 826 "-" "Mozilla/4.0 (compatible; MSIE 6.0; Windows NT 5.1)"
66.194.6.80 - - [30/Jun/2005:20:57:51 +0000] "GET / HTTP/1.1" 200 826 "-" "Mozilla/5.0 (compatible; Konqueror/3.0-rc6; i686 Linux; 20020311)"
81.12.56.6 - - [01/Jul/2005:02:18:36 +0000] "GET / HTTP/1.0" 200 814 "-" "Mozilla/4.0 (compatible; MSIE 5.0; Windows 98; DigExt)"
81.12.56.6 - - [01/Jul/2005:02:18:38 +0000] "GET /icons/blank.gif HTTP/1.0" 200 148 "http://www.persianart.com/" "Mozilla/4.0 (compatible; MSIE 5.0; Windows 98; DigExt)"
81.12.56.6 - - [01/Jul/2005:02:18:38 +0000] "GET /icons/back.gif HTTP/1.0" 200 216 "http://www.persianart.com/" "Mozilla/4.0 (compatible; MSIE 5.0; Windows 98; DigExt)"
81.12.56.6 - - [01/Jul/2005:02:18:38 +0000] "GET /icons/unknown.gif HTTP/1.0" 200 245 "http://www.persianart.com/" "Mozilla/4.0 (compatible; MSIE 5.0; Windows 98; DigExt)"
163.246.50.15 - - [01/Jul/2005:07:31:38 +0000] "GET / HTTP/1.1" 200 826 "-" "Mozilla/4.0 (compatible; MSIE 6.0; Windows NT 5.0; T312461; .NET CLR 1.1.4322)"
163.246.50.15 - - [01/Jul/2005:07:31:38 +0000] "GET /icons/blank.gif HTTP/1.1" 200 148 "http://www.persianart.com" "Mozilla/4.0 (compatible; MSIE 6.0; Windows NT 5.0; T312461; .NET CLR 1.1.4322)"
163.246.50.15 - - [01/Jul/2005:07:31:38 +0000] "GET /icons/back.gif HTTP/1.1" 200 216 "http://www.persianart.com" "Mozilla/4.0 (compatible; MSIE 6.0; Windows NT 5.0; T312461; .NET CLR 1.1.4322)"
163.246.50.15 - - [01/Jul/2005:07:31:38 +0000] "GET /icons/unknown.gif HTTP/1.1" 200 245 "http://www.persianart.com" "Mozilla/4.0 (compatible; MSIE 6.0; Windows NT 5.0; T312461; .NET CLR 1.1.4322)"
163.246.50.15 - - [01/Jul/2005:07:31:40 +0000] "GET / HTTP/1.1" 200 826 "http://www.persianart.com" "Mozilla/4.0 (compatible; MSIE 6.0; Windows NT 5.0; T312461; .NET CLR 1.1.4322)"
163.246.50.15 - - [01/Jul/2005:07:31:47 +0000] "GET / HTTP/1.1" 200 826 "http://www.persianart.com/" "Mozilla/4.0 (compatible; MSIE 6.0; Windows NT 5.0; T312461; .NET CLR 1.1.4322)"
163.246.50.15 - - [01/Jul/2005:07:31:49 +0000] "GET /WS_FTP.LOG HTTP/1.1" 200 440 "http://www.persianart.com/" "Mozilla/4.0 (compatible; MSIE 6.0; Windows NT 5.0; T312461; .NET CLR 1.1.4322)"
24.177.134.6 - - [01/Jul/2005:09:19:00 +0000] "GET /robots.txt HTTP/1.0" 404 204 "-" "aipbot/1.0 (aipbot; http://www.aipbot.com; aipbot@aipbot.com)"
24.177.134.6 - - [01/Jul/2005:09:19:00 +0000] "GET / HTTP/1.0" 200 814 "-" "aipbot/1.0 (aipbot; http://www.aipbot.com; aipbot@aipbot.com)"
62.114.28.194 - - [01/Jul/2005:11:52:41 +0000] "GET /access_log HTTP/1.1" 200 130015 "http://search.msn.com/results.aspx?FORM=MSNH&srch_type=0&q=persianart" "Mozilla/4.0 (compatible; MSIE 6.0; Windows NT 5.1)"
62.114.28.194 - - [01/Jul/2005:12:02:02 +0000] "GET /WS_FTP.LOG HTTP/1.1" 200 440 "http://search.yahoo.com/search?p=persianart&sm=Yahoo%21+Search&fr=FP-tab-web-t&toggle=1&cop=&ei=UTF-8" "Mozilla/4.0 (compatible; MSIE 6.0; Windows NT 5.1)"
207.46.98.121 - - [01/Jul/2005:17:54:03 +0000] "GET /robots.txt HTTP/1.0" 404 204 "-" "msnbot/1.0 (+http://search.msn.com/msnbot.htm)"
207.46.98.121 - - [01/Jul/2005:17:54:03 +0000] "GET /WS_FTP.LOG HTTP/1.0" 200 440 "-" "msnbot/1.0 (+http://search.msn.com/msnbot.htm)"
68.142.250.23 - - [01/Jul/2005:19:39:06 +0000] "GET /robots.txt HTTP/1.0" 404 204 "-" "Mozilla/5.0 (compatible; Yahoo! Slurp; http://help.yahoo.com/help/us/ysearch/slurp)"
68.142.251.174 - - [01/Jul/2005:19:39:07 +0000] "GET /access_log HTTP/1.0" 200 130906 "-" "Mozilla/5.0 (compatible; Yahoo! Slurp; http://help.yahoo.com/help/us/ysearch/slurp)"
68.142.250.23 - - [01/Jul/2005:20:45:31 +0000] "GET /robots.txt HTTP/1.0" 404 204 "-" "Mozilla/5.0 (compatible; Yahoo! Slurp; http://help.yahoo.com/help/us/ysearch/slurp)"
68.142.251.72 - - [01/Jul/2005:20:45:31 +0000] "GET /WS_FTP.LOG HTTP/1.0" 200 440 "-" "Mozilla/5.0 (compatible; Yahoo! Slurp; http://help.yahoo.com/help/us/ysearch/slurp)"
80.191.11.17 - - [02/Jul/2005:01:47:18 +0000] "GET / HTTP/1.1" 200 826 "-" "Mozilla/4.0 (compatible; MSIE 6.0; Windows 98)"
80.191.11.17 - - [02/Jul/2005:01:47:25 +0000] "GET /icons/back.gif HTTP/1.1" 200 216 "http://www.persianart.com/" "Mozilla/4.0 (compatible; MSIE 6.0; Windows 98)"
80.191.11.17 - - [02/Jul/2005:01:47:25 +0000] "GET /icons/unknown.gif HTTP/1.1" 200 245 "http://www.persianart.com/" "Mozilla/4.0 (compatible; MSIE 6.0; Windows 98)"
80.191.11.17 - - [02/Jul/2005:01:47:28 +0000] "GET /icons/blank.gif HTTP/1.1" 200 148 "http://www.persianart.com/" "Mozilla/4.0 (compatible; MSIE 6.0; Windows 98)"
217.218.210.131 - - [02/Jul/2005:08:12:44 +0000] "GET / HTTP/1.1" 200 826 "-" "Mozilla/4.0 (compatible; MSIE 6.0; Windows NT 5.1)"
217.218.210.131 - - [02/Jul/2005:08:12:48 +0000] "GET /icons/back.gif HTTP/1.1" 200 216 "http://www.persianart.com" "Mozilla/4.0 (compatible; MSIE 6.0; Windows NT 5.1)"
217.218.210.131 - - [02/Jul/2005:08:12:49 +0000] "GET /icons/blank.gif HTTP/1.1" 200 148 "http://www.persianart.com" "Mozilla/4.0 (compatible; MSIE 6.0; Windows NT 5.1)"
217.218.210.131 - - [02/Jul/2005:08:12:49 +0000] "GET /icons/unknown.gif HTTP/1.1" 200 245 "http://www.persianart.com" "Mozilla/4.0 (compatible; MSIE 6.0; Windows NT 5.1)"
81.202.110.246 - - [02/Jul/2005:10:58:45 +0000] "GET / HTTP/1.1" 200 826 "-" "Mozilla/4.0 (compatible; MSIE 6.0; Windows 98)"
70.85.219.82 - - [02/Jul/2005:11:20:47 +0000] "GET / HTTP/1.0" 200 814 "http://www.empius.com.au/" "-"
68.142.250.23 - - [02/Jul/2005:11:58:35 +0000] "GET /robots.txt HTTP/1.0" 404 204 "-" "Mozilla/5.0 (compatible; Yahoo! Slurp; http://help.yahoo.com/help/us/ysearch/slurp)"
68.142.250.150 - - [02/Jul/2005:11:58:35 +0000] "GET /?D=D HTTP/1.0" 200 814 "-" "Mozilla/5.0 (compatible; Yahoo! Slurp; http://help.yahoo.com/help/us/ysearch/slurp)"
68.142.250.40 - - [02/Jul/2005:14:21:46 +0000] "GET /robots.txt HTTP/1.0" 404 204 "-" "Mozilla/5.0 (compatible; Yahoo! Slurp; http://help.yahoo.com/help/us/ysearch/slurp)"
68.142.251.179 - - [02/Jul/2005:14:21:46 +0000] "GET /error_log HTTP/1.0" 200 20301 "-" "Mozilla/5.0 (compatible; Yahoo! Slurp; http://help.yahoo.com/help/us/ysearch/slurp)"
68.142.250.40 - - [02/Jul/2005:16:39:01 +0000] "GET /robots.txt HTTP/1.0" 404 204 "-" "Mozilla/5.0 (compatible; Yahoo! Slurp; http://help.yahoo.com/help/us/ysearch/slurp)"
68.142.250.75 - - [02/Jul/2005:16:39:01 +0000] "GET /?D=A HTTP/1.0" 200 814 "-" "Mozilla/5.0 (compatible; Yahoo! Slurp; http://help.yahoo.com/help/us/ysearch/slurp)"
217.205.124.19 - - [02/Jul/2005:19:00:44 +0000] "GET / HTTP/1.0" 200 814 "-" "-"
66.194.6.80 - - [02/Jul/2005:19:36:22 +0000] "GET / HTTP/1.1" 200 826 "-" "Mozilla/4.0 (compatible; MSIE 6.0; Windows NT 5.1; Q312466)"
65.25.82.28 - - [02/Jul/2005:20:49:51 +0000] "GET /access_log HTTP/1.1" 200 134154 "-" "Mozilla/4.0 (compatible; MSIE 6.0; Windows NT 5.1; SV1; .NET CLR 1.1.4322)"
68.142.250.40 - - [02/Jul/2005:21:50:55 +0000] "GET /robots.txt HTTP/1.0" 404 204 "-" "Mozilla/5.0 (compatible; Yahoo! Slurp; http://help.yahoo.com/help/us/ysearch/slurp)"
68.142.250.193 - - [02/Jul/2005:21:50:56 +0000] "GET /?M=A HTTP/1.0" 200 814 "-" "Mozilla/5.0 (compatible; Yahoo! Slurp; http://help.yahoo.com/help/us/ysearch/slurp)"
217.218.43.138 - - [02/Jul/2005:23:18:48 +0000] "GET / HTTP/1.1" 200 826 "-" "Mozilla/4.0 (compatible; MSIE 6.0; Windows NT 5.1)"
217.218.43.138 - - [02/Jul/2005:23:18:49 +0000] "GET /icons/blank.gif HTTP/1.1" 200 148 "http://www.persianart.com/" "Mozilla/4.0 (compatible; MSIE 6.0; Windows NT 5.1)"
217.218.43.138 - - [02/Jul/2005:23:18:49 +0000] "GET /icons/back.gif HTTP/1.1" 200 216 "http://www.persianart.com/" "Mozilla/4.0 (compatible; MSIE 6.0; Windows NT 5.1)"
217.218.43.138 - - [02/Jul/2005:23:18:49 +0000] "GET /icons/unknown.gif HTTP/1.1" 200 245 "http://www.persianart.com/" "Mozilla/4.0 (compatible; MSIE 6.0; Windows NT 5.1)"
68.142.250.40 - - [03/Jul/2005:01:43:49 +0000] "GET /robots.txt HTTP/1.0" 404 204 "-" "Mozilla/5.0 (compatible; Yahoo! Slurp; http://help.yahoo.com/help/us/ysearch/slurp)"
68.142.250.169 - - [03/Jul/2005:01:43:49 +0000] "GET /?N=D HTTP/1.0" 200 814 "-" "Mozilla/5.0 (compatible; Yahoo! Slurp; http://help.yahoo.com/help/us/ysearch/slurp)"
213.217.46.200 - - [03/Jul/2005:04:53:53 +0000] "GET / HTTP/1.0" 200 814 "-" "Mozilla/4.0 (compatible; MSIE 6.0; Windows NT 5.1; .NET CLR 1.1.4322; .NET CLR 1.0.3705)"
213.217.46.200 - - [03/Jul/2005:04:53:55 +0000] "GET /favicon.ico HTTP/1.0" 404 205 "-" "-"
213.217.61.139 - - [03/Jul/2005:07:10:58 +0000] "GET /error_log HTTP/1.1" 200 20819 "http://search.yahoo.com/search?p=www.persianart.com&sm=Yahoo%21+Search&fr=FP-tab-web-t&toggle=1&cop=&ei=UTF-8" "Mozilla/4.0 (compatible; MSIE 5.5; Windows 98; Win 9x 4.90)"
213.217.61.139 - - [03/Jul/2005:07:11:28 +0000] "GET /access_log HTTP/1.1" 200 136155 "http://search.yahoo.com/search?p=www.persianart.com&sm=Yahoo%21+Search&fr=FP-tab-web-t&toggle=1&cop=&ei=UTF-8" "Mozilla/4.0 (compatible; MSIE 5.5; Windows 98; Win 9x 4.90)"
68.142.250.40 - - [03/Jul/2005:08:27:58 +0000] "GET /robots.txt HTTP/1.0" 404 204 "-" "Mozilla/5.0 (compatible; Yahoo! Slurp; http://help.yahoo.com/help/us/ysearch/slurp)"
68.142.250.125 - - [03/Jul/2005:08:27:58 +0000] "GET /?S=A HTTP/1.0" 200 814 "-" "Mozilla/5.0 (compatible; Yahoo! Slurp; http://help.yahoo.com/help/us/ysearch/slurp)"
81.19.66.8 - - [03/Jul/2005:09:18:05 +0000] "GET /robots.txt HTTP/1.0" 404 204 "-" "StackRambler/2.0 (MSIE incompatible)"
217.219.236.25 - - [03/Jul/2005:10:29:05 +0000] "GET / HTTP/1.1" 200 826 "-" "Mozilla/4.0 (compatible; MSIE 6.0; Windows NT 5.0; .NET CLR 1.1.4322)"
217.219.236.25 - - [03/Jul/2005:10:29:12 +0000] "GET /WS_FTP.LOG HTTP/1.1" 200 440 "http://www.persianart.com" "Mozilla/4.0 (compatible; MSIE 6.0; Windows NT 5.0; .NET CLR 1.1.4322)"
217.219.236.25 - - [03/Jul/2005:10:29:35 +0000] "GET /access_log HTTP/1.1" 200 65536 "http://www.persianart.com" "Mozilla/4.0 (compatible; MSIE 6.0; Windows NT 5.0; .NET CLR 1.1.4322)"
65.19.150.249 - - [03/Jul/2005:13:20:43 +0000] "GET /robots.txt HTTP/1.1" 404 216 "-" "OmniExplorer_Bot/1.09 (+http://www.omni-explorer.com) Internet Categorizer"
65.19.150.249 - - [03/Jul/2005:13:20:49 +0000] "GET / HTTP/1.1" 200 826 "-" "OmniExplorer_Bot/1.09 (+http://www.omni-explorer.com) Internet Categorizer"
65.19.150.249 - - [03/Jul/2005:13:20:55 +0000] "GET /?N=D HTTP/1.1" 200 826 "-" "OmniExplorer_Bot/1.09 (+http://www.omni-explorer.com) Internet Categorizer"
65.19.150.249 - - [03/Jul/2005:13:20:59 +0000] "GET /?N=A HTTP/1.1" 200 826 "-" "OmniExplorer_Bot/1.09 (+http://www.omni-explorer.com) Internet Categorizer"
65.19.150.249 - - [03/Jul/2005:13:21:03 +0000] "GET /?M=A HTTP/1.1" 200 826 "-" "OmniExplorer_Bot/1.09 (+http://www.omni-explorer.com) Internet Categorizer"
65.19.150.249 - - [03/Jul/2005:13:21:06 +0000] "GET /?M=D HTTP/1.1" 200 826 "-" "OmniExplorer_Bot/1.09 (+http://www.omni-explorer.com) Internet Categorizer"
65.19.150.249 - - [03/Jul/2005:13:21:09 +0000] "GET /?S=A HTTP/1.1" 200 826 "-" "OmniExplorer_Bot/1.09 (+http://www.omni-explorer.com) Internet Categorizer"
65.19.150.249 - - [03/Jul/2005:13:21:13 +0000] "GET /?S=D HTTP/1.1" 200 826 "-" "OmniExplorer_Bot/1.09 (+http://www.omni-explorer.com) Internet Categorizer"
65.19.150.249 - - [03/Jul/2005:13:21:16 +0000] "GET /?D=A HTTP/1.1" 200 826 "-" "OmniExplorer_Bot/1.09 (+http://www.omni-explorer.com) Internet Categorizer"
65.19.150.249 - - [03/Jul/2005:13:21:20 +0000] "GET / HTTP/1.1" 200 826 "-" "OmniExplorer_Bot/1.09 (+http://www.omni-explorer.com) Internet Categorizer"
65.19.150.249 - - [03/Jul/2005:13:21:27 +0000] "GET /access_log HTTP/1.1" 200 138961 "-" "OmniExplorer_Bot/1.09 (+http://www.omni-explorer.com) Internet Categorizer"
65.19.150.249 - - [03/Jul/2005:13:21:31 +0000] "GET /error_log HTTP/1.1" 200 21203 "-" "OmniExplorer_Bot/1.09 (+http://www.omni-explorer.com) Internet Categorizer"
65.19.150.249 - - [03/Jul/2005:13:21:35 +0000] "GET /WS_FTP.LOG HTTP/1.1" 200 440 "-" "OmniExplorer_Bot/1.09 (+http://www.omni-explorer.com) Internet Categorizer"
68.142.250.40 - - [03/Jul/2005:15:56:00 +0000] "GET /robots.txt HTTP/1.0" 404 204 "-" "Mozilla/5.0 (compatible; Yahoo! Slurp; http://help.yahoo.com/help/us/ysearch/slurp)"
68.142.251.52 - - [03/Jul/2005:15:56:01 +0000] "GET /?N=A HTTP/1.0" 200 814 "-" "Mozilla/5.0 (compatible; Yahoo! Slurp; http://help.yahoo.com/help/us/ysearch/slurp)"
62.114.28.151 - - [03/Jul/2005:16:00:25 +0000] "GET /access_log HTTP/1.1" 200 65536 "http://search.msn.com/results.aspx?FORM=MSNH&srch_type=0&q=persianart" "Mozilla/4.0 (compatible; MSIE 6.0; Windows NT 5.1)"
62.114.28.151 - - [03/Jul/2005:16:05:16 +0000] "GET /error_log HTTP/1.1" 200 21332 "http://search.msn.com/results.aspx?FORM=MSNH&srch_type=0&q=persianart" "Mozilla/4.0 (compatible; MSIE 6.0; Windows NT 5.1; Smart Explorer 6.1)"
62.114.28.151 - - [03/Jul/2005:16:05:56 +0000] "GET /access_log HTTP/1.1" 200 32768 "http://search.msn.com/results.aspx?FORM=MSNH&srch_type=0&q=persianart" "Mozilla/4.0 (compatible; MSIE 6.0; Windows NT 5.1; Smart Explorer 6.1)"
68.142.251.181 - - [03/Jul/2005:16:30:02 +0000] "GET / HTTP/1.0" 200 814 "-" "Mozilla/5.0 (compatible; Yahoo! Slurp; http://help.yahoo.com/help/us/ysearch/slurp)"
68.142.250.40 - - [03/Jul/2005:17:43:38 +0000] "GET /robots.txt HTTP/1.0" 404 204 "-" "Mozilla/5.0 (compatible; Yahoo! Slurp; http://help.yahoo.com/help/us/ysearch/slurp)"
68.142.250.139 - - [03/Jul/2005:17:43:38 +0000] "GET /?M=D HTTP/1.0" 200 814 "-" "Mozilla/5.0 (compatible; Yahoo! Slurp; http://help.yahoo.com/help/us/ysearch/slurp)"
66.249.64.33 - - [03/Jul/2005:18:01:56 +0000] "GET /robots.txt HTTP/1.0" 404 204 "-" "Googlebot/2.1 (+http://www.google.com/bot.html)"
66.249.64.33 - - [03/Jul/2005:18:01:56 +0000] "GET / HTTP/1.0" 200 814 "-" "Googlebot/2.1 (+http://www.google.com/bot.html)"
68.142.250.40 - - [03/Jul/2005:19:39:19 +0000] "GET /robots.txt HTTP/1.0" 404 204 "-" "Mozilla/5.0 (compatible; Yahoo! Slurp; http://help.yahoo.com/help/us/ysearch/slurp)"
68.142.251.174 - - [03/Jul/2005:19:39:19 +0000] "GET /access_log HTTP/1.0" 200 141392 "-" "Mozilla/5.0 (compatible; Yahoo! Slurp; http://help.yahoo.com/help/us/ysearch/slurp)"
68.142.250.40 - - [04/Jul/2005:14:21:55 +0000] "GET /robots.txt HTTP/1.0" 404 204 "-" "Mozilla/5.0 (compatible; Yahoo! Slurp; http://help.yahoo.com/help/us/ysearch/slurp)"
68.142.251.179 - - [04/Jul/2005:14:21:56 +0000] "GET /error_log HTTP/1.0" 200 21847 "-" "Mozilla/5.0 (compatible; Yahoo! Slurp; http://help.yahoo.com/help/us/ysearch/slurp)"
64.246.165.170 - - [04/Jul/2005:14:37:13 +0000] "GET /robots.txt HTTP/1.1" 404 216 "http://www.whois.sc/" "SurveyBot/2.3 (Whois Source)"
64.246.165.170 - - [04/Jul/2005:14:37:16 +0000] "GET / HTTP/1.1" 200 826 "http://www.whois.sc/persianart.com" "SurveyBot/2.3 (Whois Source)"
68.142.250.40 - - [04/Jul/2005:19:39:21 +0000] "GET /robots.txt HTTP/1.0" 404 204 "-" "Mozilla/5.0 (compatible; Yahoo! Slurp; http://help.yahoo.com/help/us/ysearch/slurp)"
68.142.251.174 - - [04/Jul/2005:19:39:21 +0000] "GET /access_log HTTP/1.0" 200 142364 "-" "Mozilla/5.0 (compatible; Yahoo! Slurp; http://help.yahoo.com/help/us/ysearch/slurp)"
64.210.196.198 - - [04/Jul/2005:22:13:20 +0000] "GET /robots.txt HTTP/1.0" 404 204 "-" "Mozilla/4.0 (compatible; MSIE 5.0; Windows NT; Girafabot; girafabot at girafa dot com; http://www.girafa.com)"
64.210.196.198 - - [04/Jul/2005:22:13:20 +0000] "GET / HTTP/1.0" 200 814 "-" "Mozilla/4.0 (compatible; MSIE 5.0; Windows NT; Girafabot; girafabot at girafa dot com; http://www.girafa.com)"
64.210.196.198 - - [04/Jul/2005:22:13:20 +0000] "GET /icons/blank.gif HTTP/1.0" 200 148 "http://www.persianart.com/" "Mozilla/4.0 (compatible; MSIE 5.0; Windows NT; Girafabot; girafabot at girafa dot com; http://www.girafa.com)"
64.210.196.198 - - [04/Jul/2005:22:13:20 +0000] "GET /icons/back.gif HTTP/1.0" 200 216 "http://www.persianart.com/" "Mozilla/4.0 (compatible; MSIE 5.0; Windows NT; Girafabot; girafabot at girafa dot com; http://www.girafa.com)"
64.210.196.198 - - [04/Jul/2005:22:13:20 +0000] "GET /icons/unknown.gif HTTP/1.0" 200 245 "http://www.persianart.com/" "Mozilla/4.0 (compatible; MSIE 5.0; Windows NT; Girafabot; girafabot at girafa dot com; http://www.girafa.com)"
81.19.66.8 - - [04/Jul/2005:23:38:04 +0000] "GET /robots.txt HTTP/1.0" 404 204 "-" "StackRambler/2.0 (MSIE incompatible)"
207.46.98.121 - - [04/Jul/2005:23:53:26 +0000] "GET /robots.txt HTTP/1.0" 404 204 "-" "msnbot/1.0 (+http://search.msn.com/msnbot.htm)"
207.46.98.121 - - [04/Jul/2005:23:53:26 +0000] "GET /access_log HTTP/1.0" 200 143873 "-" "msnbot/1.0 (+http://search.msn.com/msnbot.htm)"
66.194.6.80 - - [05/Jul/2005:03:18:58 +0000] "GET / HTTP/1.1" 200 826 "-" "Mozilla/4.0 (compatible; MSIE 6.0; Windows NT 5.1; Q312466)"
84.241.18.197 - - [05/Jul/2005:04:36:37 +0000] "GET / HTTP/1.1" 200 826 "-" "Mozilla/4.0 (compatible; MSIE 6.0; Windows 98)"
84.241.18.197 - - [05/Jul/2005:04:36:39 +0000] "GET /icons/blank.gif HTTP/1.1" 200 148 "http://www.persianart.com" "Mozilla/4.0 (compatible; MSIE 6.0; Windows 98)"
84.241.18.197 - - [05/Jul/2005:04:36:39 +0000] "GET /icons/back.gif HTTP/1.1" 200 216 "http://www.persianart.com" "Mozilla/4.0 (compatible; MSIE 6.0; Windows 98)"
84.241.18.197 - - [05/Jul/2005:04:36:39 +0000] "GET /icons/unknown.gif HTTP/1.1" 200 245 "http://www.persianart.com" "Mozilla/4.0 (compatible; MSIE 6.0; Windows 98)"
84.241.18.197 - - [05/Jul/2005:04:36:54 +0000] "GET / HTTP/1.1" 200 826 "http://www.persianart.com" "Mozilla/4.0 (compatible; MSIE 6.0; Windows 98)"
194.225.79.3 - - [05/Jul/2005:07:10:23 +0000] "GET / HTTP/1.0" 200 814 "-" "Mozilla/4.0 (compatible; MSIE 6.0; Windows 98)"
194.225.79.3 - - [05/Jul/2005:07:10:24 +0000] "GET /icons/blank.gif HTTP/1.0" 200 148 "http://www.persianart.com" "Mozilla/4.0 (compatible; MSIE 6.0; Windows 98)"
194.225.79.3 - - [05/Jul/2005:07:10:24 +0000] "GET /icons/back.gif HTTP/1.0" 200 216 "http://www.persianart.com" "Mozilla/4.0 (compatible; MSIE 6.0; Windows 98)"
194.225.79.3 - - [05/Jul/2005:07:10:25 +0000] "GET /icons/unknown.gif HTTP/1.0" 200 245 "http://www.persianart.com" "Mozilla/4.0 (compatible; MSIE 6.0; Windows 98)"
68.142.250.40 - - [05/Jul/2005:14:21:57 +0000] "GET /robots.txt HTTP/1.0" 404 204 "-" "Mozilla/5.0 (compatible; Yahoo! Slurp; http://help.yahoo.com/help/us/ysearch/slurp)"
68.142.251.179 - - [05/Jul/2005:14:21:57 +0000] "GET /error_log HTTP/1.0" 200 22620 "-" "Mozilla/5.0 (compatible; Yahoo! Slurp; http://help.yahoo.com/help/us/ysearch/slurp)"
68.142.249.190 - - [05/Jul/2005:19:48:23 +0000] "GET /robots.txt HTTP/1.0" 404 204 "-" "Mozilla/5.0 (compatible; Yahoo! Slurp; http://help.yahoo.com/help/us/ysearch/slurp)"
68.142.251.174 - - [05/Jul/2005:19:48:23 +0000] "GET /access_log HTTP/1.0" 200 146047 "-" "Mozilla/5.0 (compatible; Yahoo! Slurp; http://help.yahoo.com/help/us/ysearch/slurp)"
80.253.135.198 - - [05/Jul/2005:21:44:11 +0000] "GET / HTTP/1.0" 200 814 "-" "Mozilla/4.0 (compatible; MSIE 6.0; Windows NT 5.1)"
80.253.135.198 - - [05/Jul/2005:21:44:13 +0000] "GET /icons/blank.gif HTTP/1.0" 200 148 "http://www.persianart.com/" "Mozilla/4.0 (compatible; MSIE 6.0; Windows NT 5.1)"
80.253.135.198 - - [05/Jul/2005:21:44:13 +0000] "GET /icons/back.gif HTTP/1.0" 200 216 "http://www.persianart.com/" "Mozilla/4.0 (compatible; MSIE 6.0; Windows NT 5.1)"
80.253.135.198 - - [05/Jul/2005:21:44:13 +0000] "GET /icons/unknown.gif HTTP/1.0" 200 245 "http://www.persianart.com/" "Mozilla/4.0 (compatible; MSIE 6.0; Windows NT 5.1)"
80.253.135.198 - - [05/Jul/2005:21:45:13 +0000] "GET / HTTP/1.0" 200 814 "-" "Mozilla/4.0 (compatible; MSIE 6.0; Windows NT 5.1)"
80.253.135.198 - - [05/Jul/2005:21:45:15 +0000] "GET /icons/blank.gif HTTP/1.0" 200 148 "http://persianart.com/" "Mozilla/4.0 (compatible; MSIE 6.0; Windows NT 5.1)"
80.253.135.198 - - [05/Jul/2005:21:45:15 +0000] "GET /icons/back.gif HTTP/1.0" 200 216 "http://persianart.com/" "Mozilla/4.0 (compatible; MSIE 6.0; Windows NT 5.1)"
80.253.135.198 - - [05/Jul/2005:21:45:15 +0000] "GET /icons/unknown.gif HTTP/1.0" 200 245 "http://persianart.com/" "Mozilla/4.0 (compatible; MSIE 6.0; Windows NT 5.1)"
81.19.66.8 - - [06/Jul/2005:01:39:31 +0000] "GET /robots.txt HTTP/1.0" 404 204 "-" "StackRambler/2.0 (MSIE incompatible)"
213.207.200.117 - - [06/Jul/2005:05:58:13 +0000] "GET / HTTP/1.1" 200 826 "-" "Mozilla/4.0 (compatible; MSIE 6.0; Windows NT 5.1; Maxthon; SV1)"
213.207.200.117 - - [06/Jul/2005:05:58:13 +0000] "GET /icons/blank.gif HTTP/1.1" 200 148 "http://persianart.com/" "Mozilla/4.0 (compatible; MSIE 6.0; Windows NT 5.1; Maxthon; SV1)"
213.207.200.117 - - [06/Jul/2005:05:58:13 +0000] "GET /icons/unknown.gif HTTP/1.1" 200 245 "http://persianart.com/" "Mozilla/4.0 (compatible; MSIE 6.0; Windows NT 5.1; Maxthon; SV1)"
213.207.200.117 - - [06/Jul/2005:05:58:13 +0000] "GET /icons/back.gif HTTP/1.1" 200 216 "http://persianart.com/" "Mozilla/4.0 (compatible; MSIE 6.0; Windows NT 5.1; Maxthon; SV1)"
68.142.249.190 - - [06/Jul/2005:14:24:18 +0000] "GET /robots.txt HTTP/1.0" 404 204 "-" "Mozilla/5.0 (compatible; Yahoo! Slurp; http://help.yahoo.com/help/us/ysearch/slurp)"
68.142.251.179 - - [06/Jul/2005:14:24:19 +0000] "GET /error_log HTTP/1.0" 200 23006 "-" "Mozilla/5.0 (compatible; Yahoo! Slurp; http://help.yahoo.com/help/us/ysearch/slurp)"
68.142.249.190 - - [06/Jul/2005:15:50:58 +0000] "GET /robots.txt HTTP/1.0" 404 204 "-" "Mozilla/5.0 (compatible; Yahoo! Slurp; http://help.yahoo.com/help/us/ysearch/slurp)"
68.142.250.193 - - [06/Jul/2005:15:50:58 +0000] "GET /?M=A HTTP/1.0" 200 814 "-" "Mozilla/5.0 (compatible; Yahoo! Slurp; http://help.yahoo.com/help/us/ysearch/slurp)"
68.142.249.190 - - [06/Jul/2005:19:43:50 +0000] "GET /robots.txt HTTP/1.0" 404 204 "-" "Mozilla/5.0 (compatible; Yahoo! Slurp; http://help.yahoo.com/help/us/ysearch/slurp)"
68.142.250.169 - - [06/Jul/2005:19:43:50 +0000] "GET /?N=D HTTP/1.0" 200 814 "-" "Mozilla/5.0 (compatible; Yahoo! Slurp; http://help.yahoo.com/help/us/ysearch/slurp)"
84.119.141.88 - - [06/Jul/2005:22:57:53 +0000] "GET / HTTP/1.1" 200 826 "-" "Mozilla/4.0 (compatible; MSIE 6.0; Windows NT 5.1; Wanadoo042NLPP01HCFFFFFFCC; SV1; .NET CLR 1.1.4322; Hotbar 4.6.1)"
84.119.141.88 - - [06/Jul/2005:22:57:53 +0000] "GET /icons/blank.gif HTTP/1.1" 200 148 "http://www.persianart.com/" "Mozilla/4.0 (compatible; MSIE 6.0; Windows NT 5.1; Wanadoo042NLPP01HCFFFFFFCC; SV1; .NET CLR 1.1.4322; Hotbar 4.6.1)"
