207.46.98.123 - - [24/Jul/2005:05:38:32 +0000] "GET /robots.txt HTTP/1.0" 404 204 "-" "msnbot/1.0 (+http://search.msn.com/msnbot.htm)"
207.46.98.123 - - [24/Jul/2005:05:38:32 +0000] "GET / HTTP/1.0" 200 814 "-" "msnbot/1.0 (+http://search.msn.com/msnbot.htm)"
66.45.16.199 - - [24/Jul/2005:05:45:48 +0000] "GET /robots.txt HTTP/1.0" 404 204 "-" "Mozilla/4.0 (compatible; MSIE 6.0; Windows NT 5.1;)"
217.219.35.131 - - [24/Jul/2005:07:22:42 +0000] "GET / HTTP/1.1" 200 826 "-" "Mozilla/4.0 (compatible; MSIE 6.0; Windows NT 5.1)"
64.242.88.50 - - [24/Jul/2005:07:24:37 +0000] "GET /access_log HTTP/1.1" 200 3812 "-" "Mozilla/4.0 compatible ZyBorg/1.0 Dead Link Checker (wn.dlc@looksmart.net; http://www.WISEnutbot.com)"
64.242.88.50 - - [24/Jul/2005:07:58:31 +0000] "GET /error_log HTTP/1.1" 200 3840 "-" "Mozilla/4.0 compatible ZyBorg/1.0 Dead Link Checker (wn.dlc@looksmart.net; http://www.WISEnutbot.com)"
64.242.88.10 - - [24/Jul/2005:08:23:50 +0000] "GET /robots.txt HTTP/1.1" 404 216 "-" "Mozilla/4.0 compatible ZyBorg/1.0 (wn-14.zyborg@looksmart.net; http://www.WISEnutbot.com)"
207.46.98.123 - - [24/Jul/2005:12:27:49 +0000] "GET /robots.txt HTTP/1.0" 404 204 "-" "msnbot/1.0 (+http://search.msn.com/msnbot.htm)"
207.46.98.123 - - [24/Jul/2005:12:27:50 +0000] "GET / HTTP/1.0" 200 814 "-" "msnbot/1.0 (+http://search.msn.com/msnbot.htm)"
64.62.168.72 - - [24/Jul/2005:14:28:25 +0000] "GET /robots.txt HTTP/1.0" 404 204 "-" "Gigabot/2.0"
68.142.250.71 - - [24/Jul/2005:14:50:40 +0000] "GET /robots.txt HTTP/1.0" 404 204 "-" "Mozilla/5.0 (compatible; Yahoo! Slurp; http://help.yahoo.com/help/us/ysearch/slurp)"
68.142.251.174 - - [24/Jul/2005:14:50:41 +0000] "GET /access_log HTTP/1.0" 200 251239 "-" "Mozilla/5.0 (compatible; Yahoo! Slurp; http://help.yahoo.com/help/us/ysearch/slurp)"
68.142.251.72 - - [24/Jul/2005:14:53:34 +0000] "GET /WS_FTP.LOG HTTP/1.0" 200 440 "-" "Mozilla/5.0 (compatible; Yahoo! Slurp; http://help.yahoo.com/help/us/ysearch/slurp)"
207.46.98.121 - - [24/Jul/2005:20:18:41 +0000] "GET /robots.txt HTTP/1.0" 404 204 "-" "msnbot/1.0 (+http://search.msn.com/msnbot.htm)"
207.46.98.121 - - [24/Jul/2005:20:18:42 +0000] "GET /error_log HTTP/1.0" 200 38631 "-" "msnbot/1.0 (+http://search.msn.com/msnbot.htm)"
68.142.250.71 - - [24/Jul/2005:20:19:36 +0000] "GET /robots.txt HTTP/1.0" 404 204 "-" "Mozilla/5.0 (compatible; Yahoo! Slurp; http://help.yahoo.com/help/us/ysearch/slurp)"
68.142.251.179 - - [24/Jul/2005:20:19:36 +0000] "GET /error_log HTTP/1.0" 200 38760 "-" "Mozilla/5.0 (compatible; Yahoo! Slurp; http://help.yahoo.com/help/us/ysearch/slurp)"
195.146.46.12 - - [24/Jul/2005:20:28:39 +0000] "GET / HTTP/1.1" 200 826 "-" "Mozilla/4.0 (compatible; MSIE 6.0; Windows NT 5.1; SV1)"
195.146.46.12 - - [24/Jul/2005:20:28:41 +0000] "GET /icons/back.gif HTTP/1.1" 200 216 "http://www.persianart.com" "Mozilla/4.0 (compatible; MSIE 6.0; Windows NT 5.1; SV1)"
195.146.46.12 - - [24/Jul/2005:20:28:41 +0000] "GET /icons/blank.gif HTTP/1.1" 200 148 "http://www.persianart.com" "Mozilla/4.0 (compatible; MSIE 6.0; Windows NT 5.1; SV1)"
195.146.46.12 - - [24/Jul/2005:20:28:41 +0000] "GET /icons/unknown.gif HTTP/1.1" 200 245 "http://www.persianart.com" "Mozilla/4.0 (compatible; MSIE 6.0; Windows NT 5.1; SV1)"
195.146.46.12 - - [24/Jul/2005:20:28:54 +0000] "GET /access_log HTTP/1.1" 200 252858 "http://www.persianart.com" "Mozilla/4.0 (compatible; MSIE 6.0; Windows NT 5.1; SV1)"
195.146.46.12 - - [24/Jul/2005:20:28:58 +0000] "GET /WS_FTP.LOG HTTP/1.1" 200 440 "http://www.persianart.com" "Mozilla/4.0 (compatible; MSIE 6.0; Windows NT 5.1; SV1)"
195.146.46.12 - - [24/Jul/2005:20:29:06 +0000] "GET /error_log HTTP/1.1" 200 38760 "http://www.persianart.com" "Mozilla/4.0 (compatible; MSIE 6.0; Windows NT 5.1; SV1)"
68.142.250.71 - - [25/Jul/2005:03:41:13 +0000] "GET /robots.txt HTTP/1.0" 404 204 "-" "Mozilla/5.0 (compatible; Yahoo! Slurp; http://help.yahoo.com/help/us/ysearch/slurp)"
68.142.249.102 - - [25/Jul/2005:03:41:13 +0000] "GET /?S=A HTTP/1.0" 200 814 "-" "Mozilla/5.0 (compatible; Yahoo! Slurp; http://help.yahoo.com/help/us/ysearch/slurp)"
141.158.215.106 - - [25/Jul/2005:03:53:51 +0000] "GET / HTTP/1.1" 200 826 "-" "Mozilla/5.0 (Windows; U; Win98; en-US; rv:1.4) Gecko/20030624 Netscape/7.1 (ax)"
141.158.215.106 - - [25/Jul/2005:03:53:51 +0000] "GET /favicon.ico HTTP/1.1" 404 217 "-" "Mozilla/5.0 (Windows; U; Win98; en-US; rv:1.4) Gecko/20030624 Netscape/7.1 (ax)"
141.158.215.106 - - [25/Jul/2005:03:53:51 +0000] "GET /icons/blank.gif HTTP/1.1" 200 148 "http://www.persianart.com/" "Mozilla/5.0 (Windows; U; Win98; en-US; rv:1.4) Gecko/20030624 Netscape/7.1 (ax)"
141.158.215.106 - - [25/Jul/2005:03:53:52 +0000] "GET /icons/back.gif HTTP/1.1" 200 216 "http://www.persianart.com/" "Mozilla/5.0 (Windows; U; Win98; en-US; rv:1.4) Gecko/20030624 Netscape/7.1 (ax)"
141.158.215.106 - - [25/Jul/2005:03:53:52 +0000] "GET /icons/unknown.gif HTTP/1.1" 200 245 "http://www.persianart.com/" "Mozilla/5.0 (Windows; U; Win98; en-US; rv:1.4) Gecko/20030624 Netscape/7.1 (ax)"
69.50.163.178 - - [25/Jul/2005:05:41:11 +0000] "GET / HTTP/1.0" 200 814 "http://domainsdb.net/persianart.com" "DomainsDB.net MetaCrawler v.0.9.7b (http://domainsdb.net/)"
64.62.168.72 - - [25/Jul/2005:10:58:12 +0000] "GET /robots.txt HTTP/1.0" 404 204 "-" "Gigabot/2.0"
64.62.168.27 - - [25/Jul/2005:10:58:13 +0000] "GET /?M=A HTTP/1.0" 200 814 "-" "Gigabot/2.0"
195.146.36.16 - - [25/Jul/2005:12:41:39 +0000] "GET / HTTP/1.1" 200 826 "-" "Mozilla/4.0 (compatible; MSIE 6.0; Windows NT 5.1; SV1; Media Center PC 3.0; .NET CLR 1.0.3705)"
212.42.172.169 - - [25/Jul/2005:13:20:56 +0000] "GET /error_log HTTP/1.1" 200 39149 "http://uk.search.yahoo.com/search?fr=logout&p=persianart" "Mozilla/4.0 (compatible; MSIE 5.01; Windows NT 5.0)"
212.42.172.169 - - [25/Jul/2005:13:21:02 +0000] "GET /access_log HTTP/1.1" 200 98304 "http://uk.search.yahoo.com/search?fr=logout&p=persianart" "Mozilla/4.0 (compatible; MSIE 5.01; Windows NT 5.0)"
64.246.178.34 - - [25/Jul/2005:13:25:11 +0000] "GET /robots.txt HTTP/1.1" 404 216 "http://www.whois.sc/" "SurveyBot/2.3 (Whois Source)"
64.246.178.34 - - [25/Jul/2005:13:25:11 +0000] "GET / HTTP/1.1" 200 826 "http://www.whois.sc/persianart.com" "SurveyBot/2.3 (Whois Source)"
66.194.6.79 - - [25/Jul/2005:14:52:42 +0000] "GET / HTTP/1.1" 200 826 "-" "Mozilla/5.0 (compatible; Konqueror/3.1-rc6; i686 Linux; 20020226)"
213.217.41.241 - - [25/Jul/2005:15:09:50 +0000] "GET /icons/blank.gif HTTP/1.1" 200 148 "http://www.persianart.com" "Mozilla/4.0 (compatible; MSIE 6.0; Windows NT 5.1; .NET CLR 1.1.4322)"
213.217.41.241 - - [25/Jul/2005:15:09:50 +0000] "GET /icons/back.gif HTTP/1.1" 200 216 "http://www.persianart.com" "Mozilla/4.0 (compatible; MSIE 6.0; Windows NT 5.1; .NET CLR 1.1.4322)"
213.217.41.241 - - [25/Jul/2005:15:09:51 +0000] "GET /icons/unknown.gif HTTP/1.1" 200 245 "http://www.persianart.com" "Mozilla/4.0 (compatible; MSIE 6.0; Windows NT 5.1; .NET CLR 1.1.4322)"
213.217.40.165 - - [25/Jul/2005:15:11:03 +0000] "GET / HTTP/1.1" 200 826 "-" "Mozilla/4.0 (compatible;)"
66.147.154.3 - - [25/Jul/2005:15:16:20 +0000] "GET /robots.txt HTTP/1.0" 404 204 "-" "http://www.almaden.ibm.com/cs/crawler [bc12]"
66.147.154.3 - - [25/Jul/2005:15:17:06 +0000] "GET / HTTP/1.0" 200 814 "-" "http://www.almaden.ibm.com/cs/crawler [bc12]"
66.147.154.3 - - [25/Jul/2005:15:17:53 +0000] "GET /?N=D HTTP/1.0" 200 814 "-" "http://www.almaden.ibm.com/cs/crawler [bc12]"
68.142.250.71 - - [25/Jul/2005:17:38:12 +0000] "GET /robots.txt HTTP/1.0" 404 204 "-" "Mozilla/5.0 (compatible; Yahoo! Slurp; http://help.yahoo.com/help/us/ysearch/slurp)"
68.142.250.193 - - [25/Jul/2005:17:38:12 +0000] "GET /?M=A HTTP/1.0" 200 814 "-" "Mozilla/5.0 (compatible; Yahoo! Slurp; http://help.yahoo.com/help/us/ysearch/slurp)"
68.142.250.40 - - [25/Jul/2005:18:11:46 +0000] "GET /robots.txt HTTP/1.0" 404 204 "-" "Mozilla/5.0 (compatible; Yahoo! Slurp; http://help.yahoo.com/help/us/ysearch/slurp)"
68.142.250.169 - - [25/Jul/2005:18:11:46 +0000] "GET /?N=D HTTP/1.0" 200 814 "-" "Mozilla/5.0 (compatible; Yahoo! Slurp; http://help.yahoo.com/help/us/ysearch/slurp)"
68.142.250.40 - - [25/Jul/2005:20:19:38 +0000] "GET /robots.txt HTTP/1.0" 404 204 "-" "Mozilla/5.0 (compatible; Yahoo! Slurp; http://help.yahoo.com/help/us/ysearch/slurp)"
68.142.251.179 - - [25/Jul/2005:20:19:38 +0000] "GET /error_log HTTP/1.0" 200 39793 "-" "Mozilla/5.0 (compatible; Yahoo! Slurp; http://help.yahoo.com/help/us/ysearch/slurp)"
68.142.251.98 - - [25/Jul/2005:20:35:30 +0000] "GET /?D=D HTTP/1.0" 200 814 "-" "Mozilla/5.0 (compatible; Yahoo! Slurp; http://help.yahoo.com/help/us/ysearch/slurp)"
64.124.85.77 - - [25/Jul/2005:21:17:33 +0000] "GET /robots.txt HTTP/1.1" 404 216 "-" "Mozilla/5.0 (compatible; BecomeBot/2.3; MSIE 6.0 compatible; +http://www.become.com/site_owners.html)"
64.124.85.77 - - [25/Jul/2005:21:20:34 +0000] "GET / HTTP/1.1" 200 826 "http://dualathlonservers.com/links.htm" "Mozilla/5.0 (compatible; BecomeBot/2.3; MSIE 6.0 compatible; +http://www.become.com/site_owners.html)"
211.118.146.167 - - [26/Jul/2005:07:39:20 +0000] "GET / HTTP/1.0" 200 814 "-" "Mozilla/4.0 (compatible; MSIE 6.0; Windows NT 5.1; SV1; (R1 1.3); .NET CLR 1.0.3705)"
211.118.146.167 - - [26/Jul/2005:07:39:27 +0000] "GET /icons/back.gif HTTP/1.0" 200 216 "http://www.persianart.com/" "Mozilla/4.0 (compatible; MSIE 6.0; Windows NT 5.1; SV1; (R1 1.3); .NET CLR 1.0.3705)"
211.118.146.167 - - [26/Jul/2005:07:39:28 +0000] "GET /icons/unknown.gif HTTP/1.0" 200 245 "http://www.persianart.com/" "Mozilla/4.0 (compatible; MSIE 6.0; Windows NT 5.1; SV1; (R1 1.3); .NET CLR 1.0.3705)"
217.219.111.130 - - [26/Jul/2005:08:18:25 +0000] "GET /access_log HTTP/1.1" 200 65536 "http://www.mamma.com/Mamma?qtype=0&query=http%3A%2F%2F217.219.98.131&Submit=%A0%A0Search%A0%A0" "Mozilla/4.0 (compatible; MSIE 6.0; Windows NT 5.1; SV1; Media Center PC 3.0; .NET CLR 1.0.3705)"
68.142.250.71 - - [26/Jul/2005:14:50:42 +0000] "GET /robots.txt HTTP/1.0" 404 204 "-" "Mozilla/5.0 (compatible; Yahoo! Slurp; http://help.yahoo.com/help/us/ysearch/slurp)"
68.142.251.174 - - [26/Jul/2005:14:50:43 +0000] "GET /access_log HTTP/1.0" 200 259667 "-" "Mozilla/5.0 (compatible; Yahoo! Slurp; http://help.yahoo.com/help/us/ysearch/slurp)"
217.218.40.51 - - [26/Jul/2005:19:26:08 +0000] "GET / HTTP/1.1" 200 826 "-" "Mozilla/4.0 (compatible; MSIE 6.0; Windows NT 5.1; SV1)"
217.218.40.51 - - [26/Jul/2005:19:26:09 +0000] "GET /icons/blank.gif HTTP/1.1" 200 148 "http://www.persianart.com" "Mozilla/4.0 (compatible; MSIE 6.0; Windows NT 5.1; SV1)"
217.218.40.51 - - [26/Jul/2005:19:26:09 +0000] "GET /icons/unknown.gif HTTP/1.1" 200 245 "http://www.persianart.com" "Mozilla/4.0 (compatible; MSIE 6.0; Windows NT 5.1; SV1)"
217.218.40.51 - - [26/Jul/2005:19:26:09 +0000] "GET /icons/back.gif HTTP/1.1" 200 216 "http://www.persianart.com" "Mozilla/4.0 (compatible; MSIE 6.0; Windows NT 5.1; SV1)"
24.112.130.246 - - [26/Jul/2005:19:56:29 +0000] "GET / HTTP/1.1" 200 826 "-" "Mozilla/4.0 (compatible; MSIE 6.0; Windows NT 5.1)"
24.112.130.246 - - [26/Jul/2005:19:56:29 +0000] "GET /icons/blank.gif HTTP/1.1" 200 148 "http://www.persianart.com/" "Mozilla/4.0 (compatible; MSIE 6.0; Windows NT 5.1)"
24.112.130.246 - - [26/Jul/2005:19:56:30 +0000] "GET /icons/unknown.gif HTTP/1.1" 200 245 "http://www.persianart.com/" "Mozilla/4.0 (compatible; MSIE 6.0; Windows NT 5.1)"
24.112.130.246 - - [26/Jul/2005:19:56:30 +0000] "GET /icons/back.gif HTTP/1.1" 200 216 "http://www.persianart.com/" "Mozilla/4.0 (compatible; MSIE 6.0; Windows NT 5.1)"
24.112.130.246 - - [26/Jul/2005:19:56:35 +0000] "GET /WS_FTP.LOG HTTP/1.1" 200 440 "http://www.persianart.com/" "Mozilla/4.0 (compatible; MSIE 6.0; Windows NT 5.1)"
68.142.250.71 - - [26/Jul/2005:20:19:40 +0000] "GET /robots.txt HTTP/1.0" 404 204 "-" "Mozilla/5.0 (compatible; Yahoo! Slurp; http://help.yahoo.com/help/us/ysearch/slurp)"
68.142.251.179 - - [26/Jul/2005:20:19:40 +0000] "GET /error_log HTTP/1.0" 200 40179 "-" "Mozilla/5.0 (compatible; Yahoo! Slurp; http://help.yahoo.com/help/us/ysearch/slurp)"
85.185.53.223 - - [26/Jul/2005:20:43:27 +0000] "GET / HTTP/1.1" 200 826 "-" "Mozilla/4.0 (compatible; MSIE 6.0; Windows NT 5.1; SV1)"
85.185.53.223 - - [26/Jul/2005:20:43:30 +0000] "GET /icons/blank.gif HTTP/1.1" 200 148 "http://www.persianart.com/" "Mozilla/4.0 (compatible; MSIE 6.0; Windows NT 5.1; SV1)"
85.185.53.223 - - [26/Jul/2005:20:43:32 +0000] "GET /icons/back.gif HTTP/1.1" 200 216 "http://www.persianart.com/" "Mozilla/4.0 (compatible; MSIE 6.0; Windows NT 5.1; SV1)"
85.185.53.223 - - [26/Jul/2005:20:43:32 +0000] "GET /icons/unknown.gif HTTP/1.1" 200 245 "http://www.persianart.com/" "Mozilla/4.0 (compatible; MSIE 6.0; Windows NT 5.1; SV1)"
64.242.88.10 - - [26/Jul/2005:21:14:42 +0000] "GET /?D=A HTTP/1.1" 200 826 "-" "Mozilla/4.0 compatible ZyBorg/1.0 (wn-14.zyborg@looksmart.net; http://www.WISEnutbot.com)"
64.242.88.10 - - [26/Jul/2005:21:24:22 +0000] "GET /?M=A HTTP/1.1" 200 826 "-" "Mozilla/4.0 compatible ZyBorg/1.0 (wn-14.zyborg@looksmart.net; http://www.WISEnutbot.com)"
64.242.88.10 - - [26/Jul/2005:22:01:42 +0000] "GET /?N=D HTTP/1.1" 200 826 "-" "Mozilla/4.0 compatible ZyBorg/1.0 (wn-14.zyborg@looksmart.net; http://www.WISEnutbot.com)"
68.142.250.76 - - [27/Jul/2005:01:19:36 +0000] "GET /robots.txt HTTP/1.0" 404 204 "-" "Mozilla/5.0 (compatible; Yahoo! Slurp; http://help.yahoo.com/help/us/ysearch/slurp)"
68.142.251.52 - - [27/Jul/2005:01:19:36 +0000] "GET /?N=A HTTP/1.0" 200 814 "-" "Mozilla/5.0 (compatible; Yahoo! Slurp; http://help.yahoo.com/help/us/ysearch/slurp)"
66.147.154.3 - - [27/Jul/2005:01:21:18 +0000] "GET /robots.txt HTTP/1.0" 404 204 "-" "http://www.almaden.ibm.com/cs/crawler [bc12]"
66.147.154.3 - - [27/Jul/2005:01:22:05 +0000] "GET /?S=A HTTP/1.0" 200 814 "-" "http://www.almaden.ibm.com/cs/crawler [bc12]"
68.142.250.136 - - [27/Jul/2005:01:50:41 +0000] "GET /robots.txt HTTP/1.0" 404 204 "-" "Mozilla/5.0 (compatible; Yahoo! Slurp; http://help.yahoo.com/help/us/ysearch/slurp)"
68.142.250.75 - - [27/Jul/2005:01:50:42 +0000] "GET /?D=A HTTP/1.0" 200 814 "-" "Mozilla/5.0 (compatible; Yahoo! Slurp; http://help.yahoo.com/help/us/ysearch/slurp)"
64.242.88.10 - - [27/Jul/2005:03:20:20 +0000] "GET /access_log HTTP/1.1" 200 98304 "-" "Mozilla/4.0 compatible ZyBorg/1.0 (wn-14.zyborg@looksmart.net; http://www.WISEnutbot.com)"
64.242.88.10 - - [27/Jul/2005:03:23:44 +0000] "GET /?S=A HTTP/1.1" 200 826 "-" "Mozilla/4.0 compatible ZyBorg/1.0 (wn-14.zyborg@looksmart.net; http://www.WISEnutbot.com)"
64.242.88.10 - - [27/Jul/2005:05:38:39 +0000] "GET /error_log HTTP/1.1" 200 40566 "-" "Mozilla/4.0 compatible ZyBorg/1.0 (wn-14.zyborg@looksmart.net; http://www.WISEnutbot.com)"
68.142.250.162 - - [27/Jul/2005:11:31:53 +0000] "GET /robots.txt HTTP/1.0" 404 204 "-" "Mozilla/5.0 (compatible; Yahoo! Slurp; http://help.yahoo.com/help/us/ysearch/slurp)"
68.142.251.181 - - [27/Jul/2005:11:31:53 +0000] "GET / HTTP/1.0" 200 814 "-" "Mozilla/5.0 (compatible; Yahoo! Slurp; http://help.yahoo.com/help/us/ysearch/slurp)"
217.219.162.139 - - [27/Jul/2005:12:07:08 +0000] "GET / HTTP/1.1" 200 826 "-" "Mozilla/4.0 (compatible; MSIE 6.0; Windows NT 5.1) Opera 7.50 [en]"
217.219.162.139 - - [27/Jul/2005:12:07:10 +0000] "GET /favicon.ico HTTP/1.1" 404 217 "http://www.persianart.com/" "Mozilla/4.0 (compatible; MSIE 6.0; Windows NT 5.1) Opera 7.50 [en]"
213.217.46.200 - - [27/Jul/2005:13:26:43 +0000] "GET /icons/blank.gif HTTP/1.1" 200 148 "http://persianart.com/" "Mozilla/4.0 (compatible; MSIE 6.0; Windows NT 5.1; SV1)"
213.217.46.200 - - [27/Jul/2005:13:26:43 +0000] "GET /icons/back.gif HTTP/1.1" 200 216 "http://persianart.com/" "Mozilla/4.0 (compatible; MSIE 6.0; Windows NT 5.1; SV1)"
213.217.46.200 - - [27/Jul/2005:13:26:44 +0000] "GET /icons/unknown.gif HTTP/1.1" 200 245 "http://persianart.com/" "Mozilla/4.0 (compatible; MSIE 6.0; Windows NT 5.1; SV1)"
64.32.224.129 - - [27/Jul/2005:15:06:42 +0000] "GET /error_log HTTP/1.1" 200 40828 "http://search.yahoo.com/search?p=file+does+not+exist+robot.txt&fr=FP-tab-web-t&toggle=1&cop=&ei=UTF-8" "Mozilla/4.0 (compatible; MSIE 5.5; Windows NT 5.0; .NET CLR 1.1.4322)"
68.142.250.40 - - [27/Jul/2005:20:19:41 +0000] "GET /robots.txt HTTP/1.0" 404 204 "-" "Mozilla/5.0 (compatible; Yahoo! Slurp; http://help.yahoo.com/help/us/ysearch/slurp)"
68.142.251.179 - - [27/Jul/2005:20:19:41 +0000] "GET /error_log HTTP/1.0" 200 40957 "-" "Mozilla/5.0 (compatible; Yahoo! Slurp; http://help.yahoo.com/help/us/ysearch/slurp)"
68.142.250.40 - - [27/Jul/2005:23:27:48 +0000] "GET /robots.txt HTTP/1.0" 404 204 "-" "Mozilla/5.0 (compatible; Yahoo! Slurp; http://help.yahoo.com/help/us/ysearch/slurp)"
68.142.250.139 - - [27/Jul/2005:23:27:49 +0000] "GET /?M=D HTTP/1.0" 200 814 "-" "Mozilla/5.0 (compatible; Yahoo! Slurp; http://help.yahoo.com/help/us/ysearch/slurp)"
69.238.45.206 - - [27/Jul/2005:23:29:36 +0000] "GET /robots.txt HTTP/1.1" 404 216 "-" "ScSpider/0.2"
69.238.45.206 - - [27/Jul/2005:23:29:39 +0000] "GET / HTTP/1.1" 200 826 "-" "ScSpider/0.2"
69.238.45.206 - - [27/Jul/2005:23:29:41 +0000] "GET /?N=D HTTP/1.1" 200 826 "-" "ScSpider/0.2"
69.238.45.206 - - [27/Jul/2005:23:29:50 +0000] "GET /?M=A HTTP/1.1" 200 826 "-" "ScSpider/0.2"
69.238.45.206 - - [27/Jul/2005:23:29:52 +0000] "GET /?S=A HTTP/1.1" 200 826 "-" "ScSpider/0.2"
69.238.45.206 - - [27/Jul/2005:23:29:54 +0000] "GET /?D=A HTTP/1.1" 200 826 "-" "ScSpider/0.2"
69.238.45.206 - - [27/Jul/2005:23:29:56 +0000] "GET /WS_FTP.LOG HTTP/1.1" 200 440 "-" "ScSpider/0.2"
81.12.0.233 - - [28/Jul/2005:07:28:31 +0000] "GET / HTTP/1.0" 200 814 "-" "Mozilla/4.0 (compatible; MSIE 6.0; Windows NT 5.1; SV1)"
81.12.0.236 - - [28/Jul/2005:07:28:47 +0000] "GET /icons/blank.gif HTTP/1.0" 200 148 "http://www.persianart.com" "Mozilla/4.0 (compatible; MSIE 6.0; Windows NT 5.1; SV1)"
81.12.0.234 - - [28/Jul/2005:07:28:47 +0000] "GET /icons/back.gif HTTP/1.0" 200 216 "http://www.persianart.com" "Mozilla/4.0 (compatible; MSIE 6.0; Windows NT 5.1; SV1)"
81.12.0.231 - - [28/Jul/2005:07:28:47 +0000] "GET /icons/unknown.gif HTTP/1.0" 200 245 "http://www.persianart.com" "Mozilla/4.0 (compatible; MSIE 6.0; Windows NT 5.1; SV1)"
193.171.13.62 - - [28/Jul/2005:08:39:15 +0000] "GET / HTTP/1.0" 200 814 "-" "Mozilla/5.0 (Windows; U; Windows NT 5.0; de-AT; rv:1.7.3) Gecko/20040910"
193.171.13.62 - - [28/Jul/2005:08:39:15 +0000] "GET /icons/back.gif HTTP/1.0" 200 216 "http://www.persianart.com/" "Mozilla/5.0 (Windows; U; Windows NT 5.0; de-AT; rv:1.7.3) Gecko/20040910"
193.171.13.62 - - [28/Jul/2005:08:39:15 +0000] "GET /icons/blank.gif HTTP/1.0" 200 148 "http://www.persianart.com/" "Mozilla/5.0 (Windows; U; Windows NT 5.0; de-AT; rv:1.7.3) Gecko/20040910"
193.171.13.62 - - [28/Jul/2005:08:39:15 +0000] "GET /icons/unknown.gif HTTP/1.0" 200 245 "http://www.persianart.com/" "Mozilla/5.0 (Windows; U; Windows NT 5.0; de-AT; rv:1.7.3) Gecko/20040910"
66.224.220.220 - - [28/Jul/2005:09:51:43 +0000] "GET / HTTP/1.0" 200 814 "-" "Mozilla/4.0 (compatible; MSIE 6.0; Windows NT 5.0)"
66.194.6.83 - - [28/Jul/2005:13:42:43 +0000] "GET / HTTP/1.1" 200 826 "-" "Mozilla/4.0 (compatible; MSIE 6.0; Windows NT 5.1; Q312469)"
80.71.114.34 - - [28/Jul/2005:14:11:23 +0000] "GET / HTTP/1.0" 200 814 "-" "Mozilla/4.0 (compatible; MSIE 6.0; Windows NT 5.1; SV1)"
80.71.114.34 - - [28/Jul/2005:14:11:25 +0000] "GET /icons/blank.gif HTTP/1.0" 200 148 "http://persianart.com" "Mozilla/4.0 (compatible; MSIE 6.0; Windows NT 5.1; SV1)"
80.71.114.34 - - [28/Jul/2005:14:11:25 +0000] "GET /icons/back.gif HTTP/1.0" 200 216 "http://persianart.com" "Mozilla/4.0 (compatible; MSIE 6.0; Windows NT 5.1; SV1)"
80.71.114.34 - - [28/Jul/2005:14:11:25 +0000] "GET /icons/unknown.gif HTTP/1.0" 200 245 "http://persianart.com" "Mozilla/4.0 (compatible; MSIE 6.0; Windows NT 5.1; SV1)"
80.71.114.34 - - [28/Jul/2005:14:11:35 +0000] "GET / HTTP/1.0" 200 814 "http://persianart.com" "Mozilla/4.0 (compatible; MSIE 6.0; Windows NT 5.1; SV1)"
80.71.114.34 - - [28/Jul/2005:14:12:33 +0000] "GET /?M=A HTTP/1.0" 200 814 "http://persianart.com/" "Mozilla/4.0 (compatible; MSIE 6.0; Windows NT 5.1; SV1)"
68.142.250.76 - - [28/Jul/2005:14:50:45 +0000] "GET /robots.txt HTTP/1.0" 404 204 "-" "Mozilla/5.0 (compatible; Yahoo! Slurp; http://help.yahoo.com/help/us/ysearch/slurp)"
68.142.251.174 - - [28/Jul/2005:14:50:46 +0000] "GET /access_log HTTP/1.0" 200 269843 "-" "Mozilla/5.0 (compatible; Yahoo! Slurp; http://help.yahoo.com/help/us/ysearch/slurp)"
216.12.200.78 - - [28/Jul/2005:16:00:32 +0000] "GET / HTTP/1.0" 200 814 "http://ddb.in/persianart.com" "DomainsDB.net MetaCrawler v.0.9.7b (http://domainsdb.net/)"
64.242.88.10 - - [28/Jul/2005:18:38:27 +0000] "GET /WS_FTP.LOG HTTP/1.1" 200 440 "-" "Mozilla/4.0 compatible ZyBorg/1.0 (wn-14.zyborg@looksmart.net; http://www.WISEnutbot.com)"
68.142.250.76 - - [28/Jul/2005:20:19:42 +0000] "GET /robots.txt HTTP/1.0" 404 204 "-" "Mozilla/5.0 (compatible; Yahoo! Slurp; http://help.yahoo.com/help/us/ysearch/slurp)"
68.142.251.179 - - [28/Jul/2005:20:19:42 +0000] "GET /error_log HTTP/1.0" 200 41473 "-" "Mozilla/5.0 (compatible; Yahoo! Slurp; http://help.yahoo.com/help/us/ysearch/slurp)"
217.219.114.132 - - [28/Jul/2005:20:20:56 +0000] "GET / HTTP/1.1" 200 826 "-" "Mozilla/4.0 (compatible; MSIE 6.0; Windows NT 5.1; SV1)"
217.219.114.132 - - [28/Jul/2005:20:21:20 +0000] "GET / HTTP/1.1" 200 826 "http://www.persianart.com" "Mozilla/4.0 (compatible; MSIE 6.0; Windows NT 5.1; SV1)"
81.91.143.134 - - [28/Jul/2005:22:41:51 +0000] "GET / HTTP/1.1" 200 826 "-" "Mozilla/4.0 (compatible; MSIE 5.01; Windows 98)"
81.91.143.134 - - [28/Jul/2005:22:41:52 +0000] "GET /icons/blank.gif HTTP/1.1" 200 148 "http://persianart.com/" "Mozilla/4.0 (compatible; MSIE 5.01; Windows 98)"
81.91.143.134 - - [28/Jul/2005:22:41:53 +0000] "GET /icons/back.gif HTTP/1.1" 200 216 "http://persianart.com/" "Mozilla/4.0 (compatible; MSIE 5.01; Windows 98)"
81.91.143.134 - - [28/Jul/2005:22:41:53 +0000] "GET /icons/unknown.gif HTTP/1.1" 200 245 "http://persianart.com/" "Mozilla/4.0 (compatible; MSIE 5.01; Windows 98)"
68.142.250.76 - - [29/Jul/2005:00:26:31 +0000] "GET /robots.txt HTTP/1.0" 404 204 "-" "Mozilla/5.0 (compatible; Yahoo! Slurp; http://help.yahoo.com/help/us/ysearch/slurp)"
68.142.249.102 - - [29/Jul/2005:00:26:35 +0000] "GET /?S=A HTTP/1.0" 200 814 "-" "Mozilla/5.0 (compatible; Yahoo! Slurp; http://help.yahoo.com/help/us/ysearch/slurp)"
69.50.163.178 - - [29/Jul/2005:02:49:59 +0000] "GET / HTTP/1.0" 200 814 "http://ddb.in/persianart.com" "DomainsDB.net MetaCrawler v.0.9.7b (http://domainsdb.net/)"
67.188.223.199 - - [29/Jul/2005:07:14:50 +0000] "GET / HTTP/1.1" 200 826 "-" "Mozilla/4.0 (compatible; MSIE 6.0; Windows NT 5.1; SV1; .NET CLR 1.0.3705; .NET CLR 1.1.4322)"
67.188.223.199 - - [29/Jul/2005:07:14:50 +0000] "GET /icons/blank.gif HTTP/1.1" 200 148 "http://www.persianart.com" "Mozilla/4.0 (compatible; MSIE 6.0; Windows NT 5.1; SV1; .NET CLR 1.0.3705; .NET CLR 1.1.4322)"
67.188.223.199 - - [29/Jul/2005:07:14:51 +0000] "GET /icons/back.gif HTTP/1.1" 200 216 "http://www.persianart.com" "Mozilla/4.0 (compatible; MSIE 6.0; Windows NT 5.1; SV1; .NET CLR 1.0.3705; .NET CLR 1.1.4322)"
67.188.223.199 - - [29/Jul/2005:07:14:51 +0000] "GET /icons/unknown.gif HTTP/1.1" 200 245 "http://www.persianart.com" "Mozilla/4.0 (compatible; MSIE 6.0; Windows NT 5.1; SV1; .NET CLR 1.0.3705; .NET CLR 1.1.4322)"
80.191.66.89 - - [29/Jul/2005:07:36:09 +0000] "GET / HTTP/1.1" 200 826 "-" "Mozilla/4.0 (compatible; MSIE 6.0; Windows NT 5.1; SV1)"
80.191.66.89 - - [29/Jul/2005:07:36:10 +0000] "GET /icons/blank.gif HTTP/1.1" 200 148 "http://www.persianart.com" "Mozilla/4.0 (compatible; MSIE 6.0; Windows NT 5.1; SV1)"
80.191.66.89 - - [29/Jul/2005:07:36:11 +0000] "GET /icons/back.gif HTTP/1.1" 200 216 "http://www.persianart.com" "Mozilla/4.0 (compatible; MSIE 6.0; Windows NT 5.1; SV1)"
80.191.66.89 - - [29/Jul/2005:07:36:11 +0000] "GET /icons/unknown.gif HTTP/1.1" 200 245 "http://www.persianart.com" "Mozilla/4.0 (compatible; MSIE 6.0; Windows NT 5.1; SV1)"
66.150.55.230 - - [29/Jul/2005:07:45:29 +0000] "GET /robots.txt HTTP/1.1" 404 216 "-" "Miva (AlgoFeedback@miva.com)"
66.150.55.230 - - [29/Jul/2005:07:45:29 +0000] "GET /error_log HTTP/1.1" 200 41731 "-" "Miva (AlgoFeedback@miva.com)"
66.150.55.230 - - [29/Jul/2005:07:46:30 +0000] "GET /access_log HTTP/1.1" 200 273813 "-" "Miva (AlgoFeedback@miva.com)"
68.142.250.85 - - [29/Jul/2005:13:09:58 +0000] "GET /robots.txt HTTP/1.0" 404 204 "-" "Mozilla/5.0 (compatible; Yahoo! Slurp; http://help.yahoo.com/help/us/ysearch/slurp)"
68.142.250.193 - - [29/Jul/2005:13:09:59 +0000] "GET /?M=A HTTP/1.0" 200 814 "-" "Mozilla/5.0 (compatible; Yahoo! Slurp; http://help.yahoo.com/help/us/ysearch/slurp)"
66.249.64.37 - - [29/Jul/2005:13:57:52 +0000] "GET /robots.txt HTTP/1.0" 404 204 "-" "Googlebot/2.1 (+http://www.google.com/bot.html)"
66.249.64.37 - - [29/Jul/2005:13:57:52 +0000] "GET / HTTP/1.0" 200 814 "-" "Googlebot/2.1 (+http://www.google.com/bot.html)"
68.142.250.85 - - [29/Jul/2005:14:35:33 +0000] "GET /robots.txt HTTP/1.0" 404 204 "-" "Mozilla/5.0 (compatible; Yahoo! Slurp; http://help.yahoo.com/help/us/ysearch/slurp)"
68.142.251.98 - - [29/Jul/2005:14:35:33 +0000] "GET /?D=D HTTP/1.0" 200 814 "-" "Mozilla/5.0 (compatible; Yahoo! Slurp; http://help.yahoo.com/help/us/ysearch/slurp)"
81.83.67.13 - - [29/Jul/2005:15:16:25 +0000] "GET / HTTP/1.1" 200 826 "http://www.google.be/search?hl=nl&q=www.persianart.com&btnG=Zoeken&meta=" "Mozilla/5.0 (Windows; U; Windows NT 5.1; en-US; rv:1.7.5) Gecko/20050603 Netscape/8.0.2"
81.83.67.13 - - [29/Jul/2005:15:16:25 +0000] "GET /icons/blank.gif HTTP/1.1" 200 148 "http://www.persianart.com/" "Mozilla/5.0 (Windows; U; Windows NT 5.1; en-US; rv:1.7.5) Gecko/20050603 Netscape/8.0.2"
81.83.67.13 - - [29/Jul/2005:15:16:25 +0000] "GET /icons/unknown.gif HTTP/1.1" 200 245 "http://www.persianart.com/" "Mozilla/5.0 (Windows; U; Windows NT 5.1; en-US; rv:1.7.5) Gecko/20050603 Netscape/8.0.2"
81.83.67.13 - - [29/Jul/2005:15:16:25 +0000] "GET /icons/back.gif HTTP/1.1" 200 216 "http://www.persianart.com/" "Mozilla/5.0 (Windows; U; Windows NT 5.1; en-US; rv:1.7.5) Gecko/20050603 Netscape/8.0.2"
81.83.67.13 - - [29/Jul/2005:15:16:25 +0000] "GET /favicon.ico HTTP/1.1" 404 217 "-" "Mozilla/5.0 (Windows; U; Windows NT 5.1; en-US; rv:1.7.5) Gecko/20050603 Netscape/8.0.2"
81.83.67.13 - - [29/Jul/2005:15:16:29 +0000] "GET /WS_FTP.LOG HTTP/1.1" 200 440 "http://www.persianart.com/" "Mozilla/5.0 (Windows; U; Windows NT 5.1; en-US; rv:1.7.5) Gecko/20050603 Netscape/8.0.2"
81.83.67.13 - - [29/Jul/2005:15:16:29 +0000] "GET /favicon.ico HTTP/1.1" 404 217 "-" "Mozilla/5.0 (Windows; U; Windows NT 5.1; en-US; rv:1.7.5) Gecko/20050603 Netscape/8.0.2"
81.83.67.13 - - [29/Jul/2005:15:16:31 +0000] "GET / HTTP/1.1" 200 826 "http://www.google.be/search?hl=nl&q=www.persianart.com&btnG=Zoeken&meta=" "Mozilla/5.0 (Windows; U; Windows NT 5.1; en-US; rv:1.7.5) Gecko/20050603 Netscape/8.0.2"
216.12.200.78 - - [29/Jul/2005:18:52:22 +0000] "GET / HTTP/1.0" 200 814 "http://domainsdb.net/persianart.com" "DomainsDB.net MetaCrawler v.0.9.7c (http://domainsdb.net/)"
66.249.71.28 - - [29/Jul/2005:20:08:12 +0000] "GET /error_log HTTP/1.0" 200 42373 "-" "Googlebot/2.1 (+http://www.google.com/bot.html)"
81.12.0.227 - - [29/Jul/2005:20:40:24 +0000] "GET / HTTP/1.0" 200 814 "-" "Mozilla/4.0 (compatible; MSIE 6.0; Windows NT 5.1; SV1)"
66.194.6.80 - - [30/Jul/2005:00:03:14 +0000] "GET / HTTP/1.1" 200 826 "-" "Mozilla/4.0 (compatible; MSIE 6.0; Windows NT 5.1; Q312463)"
68.142.250.85 - - [30/Jul/2005:01:13:30 +0000] "GET /robots.txt HTTP/1.0" 404 204 "-" "Mozilla/5.0 (compatible; Yahoo! Slurp; http://help.yahoo.com/help/us/ysearch/slurp)"
68.142.250.169 - - [30/Jul/2005:01:13:30 +0000] "GET /?N=D HTTP/1.0" 200 814 "-" "Mozilla/5.0 (compatible; Yahoo! Slurp; http://help.yahoo.com/help/us/ysearch/slurp)"
207.46.98.121 - - [30/Jul/2005:03:09:27 +0000] "GET /robots.txt HTTP/1.0" 404 204 "-" "msnbot/1.0 (+http://search.msn.com/msnbot.htm)"
207.46.98.121 - - [30/Jul/2005:03:09:27 +0000] "GET /WS_FTP.LOG HTTP/1.0" 200 440 "-" "msnbot/1.0 (+http://search.msn.com/msnbot.htm)"
64.242.88.10 - - [30/Jul/2005:03:10:12 +0000] "GET /robots.txt HTTP/1.1" 404 216 "-" "Mozilla/4.0 compatible ZyBorg/1.0 (wn-14.zyborg@looksmart.net; http://www.WISEnutbot.com)"
81.12.0.243 - - [30/Jul/2005:08:41:32 +0000] "GET / HTTP/1.0" 200 814 "-" "Mozilla/4.0 (compatible; MSIE 6.0; Windows NT 5.1; SV1)"
213.217.57.116 - - [30/Jul/2005:08:59:06 +0000] "GET /icons/blank.gif HTTP/1.1" 200 148 "http://www.persianart.com" "Mozilla/4.0 (compatible; MSIE 6.0; Windows NT 5.1)"
213.217.57.116 - - [30/Jul/2005:08:59:06 +0000] "GET /icons/back.gif HTTP/1.1" 200 216 "http://www.persianart.com" "Mozilla/4.0 (compatible; MSIE 6.0; Windows NT 5.1)"
213.217.57.116 - - [30/Jul/2005:08:59:07 +0000] "GET /icons/unknown.gif HTTP/1.1" 200 245 "http://www.persianart.com" "Mozilla/4.0 (compatible; MSIE 6.0; Windows NT 5.1)"
213.217.57.116 - - [30/Jul/2005:08:59:11 +0000] "GET /?M=A HTTP/1.1" 200 826 "http://www.persianart.com" "Mozilla/4.0 (compatible; MSIE 6.0; Windows NT 5.1)"
213.217.57.116 - - [30/Jul/2005:09:00:43 +0000] "GET /access_log HTTP/1.1" 200 278661 "http://www.persianart.com" "Mozilla/4.0 (compatible; MSIE 6.0; Windows NT 5.1)"
213.217.57.116 - - [30/Jul/2005:09:00:51 +0000] "GET /WS_FTP.LOG HTTP/1.1" 200 440 "http://www.persianart.com" "Mozilla/4.0 (compatible; MSIE 6.0; Windows NT 5.1)"
213.217.57.116 - - [30/Jul/2005:09:01:05 +0000] "GET /?D=A HTTP/1.1" 200 826 "http://www.persianart.com" "Mozilla/4.0 (compatible; MSIE 6.0; Windows NT 5.1)"
213.217.57.116 - - [30/Jul/2005:09:01:20 +0000] "GET /?D=D HTTP/1.1" 200 826 "http://www.persianart.com/?D=A" "Mozilla/4.0 (compatible; MSIE 6.0; Windows NT 5.1)"
213.217.57.116 - - [30/Jul/2005:09:01:23 +0000] "GET /?S=A HTTP/1.1" 200 826 "http://www.persianart.com/?D=D" "Mozilla/4.0 (compatible; MSIE 6.0; Windows NT 5.1)"
213.217.57.116 - - [30/Jul/2005:09:03:59 +0000] "GET /?S=D HTTP/1.1" 200 826 "http://www.persianart.com/?S=A" "Mozilla/4.0 (compatible; MSIE 6.0; Windows NT 5.1)"
213.217.57.116 - - [30/Jul/2005:09:04:33 +0000] "GET /?N=A HTTP/1.1" 200 826 "http://www.persianart.com/?S=D" "Mozilla/4.0 (compatible; MSIE 6.0; Windows NT 5.1)"
150.165.15.18 - - [30/Jul/2005:13:50:24 +0000] "GET / HTTP/1.0" 200 814 "-" "Mozilla/4.0 (compatible; MSIE 6.0; Windows NT 5.1; SV1; (R1 1.3); .NET CLR 1.0.3705)"
200.132.0.70 - - [30/Jul/2005:13:51:35 +0000] "GET /icons/blank.gif HTTP/1.0" 200 148 "http://www.persianart.com/" "Mozilla/4.0 (compatible; MSIE 6.0; Windows NT 5.1; SV1; (R1 1.3); .NET CLR 1.0.3705)"
200.159.255.80 - - [30/Jul/2005:13:51:38 +0000] "GET /icons/back.gif HTTP/1.0" 304 - "http://www.persianart.com/" "Mozilla/4.0 (compatible; MSIE 6.0; Windows NT 5.1; SV1; (R1 1.3); .NET CLR 1.0.3705)"
200.159.255.70 - - [30/Jul/2005:13:51:49 +0000] "GET /icons/unknown.gif HTTP/1.0" 304 - "http://www.persianart.com/" "Mozilla/4.0 (compatible; MSIE 6.0; Windows NT 5.1; SV1; (R1 1.3); .NET CLR 1.0.3705)"
68.142.250.85 - - [30/Jul/2005:16:39:19 +0000] "GET /robots.txt HTTP/1.0" 404 204 "-" "Mozilla/5.0 (compatible; Yahoo! Slurp; http://help.yahoo.com/help/us/ysearch/slurp)"
68.142.251.174 - - [30/Jul/2005:16:39:20 +0000] "GET /access_log HTTP/1.0" 200 280744 "-" "Mozilla/5.0 (compatible; Yahoo! Slurp; http://help.yahoo.com/help/us/ysearch/slurp)"
66.249.64.66 - - [30/Jul/2005:19:56:04 +0000] "GET /robots.txt HTTP/1.0" 404 204 "-" "Googlebot/2.1 (+http://www.google.com/bot.html)"
66.249.64.66 - - [30/Jul/2005:19:56:05 +0000] "GET /access_log HTTP/1.0" 200 281055 "-" "Googlebot/2.1 (+http://www.google.com/bot.html)"
66.194.6.77 - - [30/Jul/2005:21:23:36 +0000] "GET / HTTP/1.1" 200 826 "-" "Mozilla/4.0 (compatible; MSIE 6.0; Windows NT 5.1; Q312467)"
68.142.250.85 - - [30/Jul/2005:22:19:13 +0000] "GET /robots.txt HTTP/1.0" 404 204 "-" "Mozilla/5.0 (compatible; Yahoo! Slurp; http://help.yahoo.com/help/us/ysearch/slurp)"
68.142.251.179 - - [30/Jul/2005:22:19:14 +0000] "GET /error_log HTTP/1.0" 200 43145 "-" "Mozilla/5.0 (compatible; Yahoo! Slurp; http://help.yahoo.com/help/us/ysearch/slurp)"
68.142.250.85 - - [31/Jul/2005:02:02:34 +0000] "GET /robots.txt HTTP/1.0" 404 204 "-" "Mozilla/5.0 (compatible; Yahoo! Slurp; http://help.yahoo.com/help/us/ysearch/slurp)"
68.142.251.52 - - [31/Jul/2005:02:02:34 +0000] "GET /?N=A HTTP/1.0" 200 814 "-" "Mozilla/5.0 (compatible; Yahoo! Slurp; http://help.yahoo.com/help/us/ysearch/slurp)"
66.45.16.199 - - [31/Jul/2005:03:02:50 +0000] "GET / HTTP/1.0" 200 814 "-" "Mozilla/4.0 (compatible; MSIE 6.0; Windows NT 5.1;)"
81.19.66.8 - - [31/Jul/2005:03:31:26 +0000] "GET /robots.txt HTTP/1.0" 404 204 "-" "StackRambler/2.0 (MSIE incompatible)"
68.142.250.85 - - [31/Jul/2005:06:41:32 +0000] "GET /robots.txt HTTP/1.0" 404 204 "-" "Mozilla/5.0 (compatible; Yahoo! Slurp; http://help.yahoo.com/help/us/ysearch/slurp)"
68.142.250.75 - - [31/Jul/2005:06:41:35 +0000] "GET /?D=A HTTP/1.0" 200 814 "-" "Mozilla/5.0 (compatible; Yahoo! Slurp; http://help.yahoo.com/help/us/ysearch/slurp)"
62.65.180.5 - - [31/Jul/2005:09:27:17 +0000] "GET / HTTP/1.1" 200 826 "-" "Mozilla/5.0 (Windows; U; Windows NT 5.1; cs-CZ; rv:1.7.8) Gecko/20050511 Firefox/1.0.4"
62.65.180.5 - - [31/Jul/2005:09:27:17 +0000] "GET /icons/blank.gif HTTP/1.1" 200 148 "http://www.persianart.com/" "Mozilla/5.0 (Windows; U; Windows NT 5.1; cs-CZ; rv:1.7.8) Gecko/20050511 Firefox/1.0.4"
62.65.180.5 - - [31/Jul/2005:09:27:17 +0000] "GET /icons/back.gif HTTP/1.1" 200 216 "http://www.persianart.com/" "Mozilla/5.0 (Windows; U; Windows NT 5.1; cs-CZ; rv:1.7.8) Gecko/20050511 Firefox/1.0.4"
62.65.180.5 - - [31/Jul/2005:09:27:17 +0000] "GET /icons/unknown.gif HTTP/1.1" 200 245 "http://www.persianart.com/" "Mozilla/5.0 (Windows; U; Windows NT 5.1; cs-CZ; rv:1.7.8) Gecko/20050511 Firefox/1.0.4"
62.65.180.5 - - [31/Jul/2005:09:27:18 +0000] "GET /favicon.ico HTTP/1.1" 404 217 "-" "Mozilla/5.0 (Windows; U; Windows NT 5.1; cs-CZ; rv:1.7.8) Gecko/20050511 Firefox/1.0.4"
66.224.220.220 - - [31/Jul/2005:15:03:49 +0000] "GET / HTTP/1.0" 200 814 "-" "Mozilla/4.0 (compatible; MSIE 6.0; Windows NT 5.0)"
68.142.250.85 - - [31/Jul/2005:15:05:56 +0000] "GET /robots.txt HTTP/1.0" 404 204 "-" "Mozilla/5.0 (compatible; Yahoo! Slurp; http://help.yahoo.com/help/us/ysearch/slurp)"
68.142.251.181 - - [31/Jul/2005:15:05:56 +0000] "GET / HTTP/1.0" 200 814 "-" "Mozilla/5.0 (compatible; Yahoo! Slurp; http://help.yahoo.com/help/us/ysearch/slurp)"
85.198.3.2 - - [31/Jul/2005:15:59:06 +0000] "GET /access_log HTTP/1.0" 200 284014 "http://search.msn.com/results.aspx?q=www.persianart.com&FORM=DNSERR" "Mozilla/4.0 (compatible; MSIE 6.0; Windows NT 5.1)"
68.142.250.85 - - [31/Jul/2005:17:27:55 +0000] "GET /robots.txt HTTP/1.0" 404 204 "-" "Mozilla/5.0 (compatible; Yahoo! Slurp; http://help.yahoo.com/help/us/ysearch/slurp)"
68.142.250.139 - - [31/Jul/2005:17:27:55 +0000] "GET /?M=D HTTP/1.0" 200 814 "-" "Mozilla/5.0 (compatible; Yahoo! Slurp; http://help.yahoo.com/help/us/ysearch/slurp)"
64.180.176.148 - - [31/Jul/2005:18:29:38 +0000] "GET / HTTP/1.1" 200 826 "-" "Mozilla/5.0 (Windows; U; Windows NT 5.1; en-US; rv:1.7.9) Gecko/20050711 Firefox/1.0.5"
64.180.176.148 - - [31/Jul/2005:18:29:38 +0000] "GET /icons/blank.gif HTTP/1.1" 200 148 "http://persianart.com/" "Mozilla/5.0 (Windows; U; Windows NT 5.1; en-US; rv:1.7.9) Gecko/20050711 Firefox/1.0.5"
64.180.176.148 - - [31/Jul/2005:18:29:38 +0000] "GET /icons/back.gif HTTP/1.1" 200 216 "http://persianart.com/" "Mozilla/5.0 (Windows; U; Windows NT 5.1; en-US; rv:1.7.9) Gecko/20050711 Firefox/1.0.5"
64.180.176.148 - - [31/Jul/2005:18:29:38 +0000] "GET /icons/unknown.gif HTTP/1.1" 200 245 "http://persianart.com/" "Mozilla/5.0 (Windows; U; Windows NT 5.1; en-US; rv:1.7.9) Gecko/20050711 Firefox/1.0.5"
64.180.176.148 - - [31/Jul/2005:18:29:38 +0000] "GET /favicon.ico HTTP/1.1" 404 217 "-" "Mozilla/5.0 (Windows; U; Windows NT 5.1; en-US; rv:1.7.9) Gecko/20050711 Firefox/1.0.5"
66.194.6.79 - - [31/Jul/2005:19:23:30 +0000] "GET / HTTP/1.1" 200 826 "-" "Mozilla/4.0 (compatible; MSIE 6.0; Windows NT 5.1; Q312460)"
68.142.250.85 - - [31/Jul/2005:20:07:12 +0000] "GET /robots.txt HTTP/1.0" 404 204 "-" "Mozilla/5.0 (compatible; Yahoo! Slurp; http://help.yahoo.com/help/us/ysearch/slurp)"
68.142.251.174 - - [31/Jul/2005:20:08:07 +0000] "GET /access_log HTTP/1.0" 200 285816 "-" "Mozilla/5.0 (compatible; Yahoo! Slurp; http://help.yahoo.com/help/us/ysearch/slurp)"
85.198.14.2 - - [31/Jul/2005:23:44:36 +0000] "GET / HTTP/1.0" 200 814 "-" "Mozilla/4.0 (compatible; MSIE 6.0; Windows NT 5.1)"
85.198.14.2 - - [31/Jul/2005:23:44:47 +0000] "GET /icons/blank.gif HTTP/1.0" 200 148 "http://persianart.com/" "Mozilla/4.0 (compatible; MSIE 6.0; Windows NT 5.1)"
85.198.14.2 - - [31/Jul/2005:23:44:47 +0000] "GET /icons/back.gif HTTP/1.0" 200 216 "http://persianart.com/" "Mozilla/4.0 (compatible; MSIE 6.0; Windows NT 5.1)"
85.198.14.2 - - [31/Jul/2005:23:44:47 +0000] "GET /icons/unknown.gif HTTP/1.0" 200 245 "http://persianart.com/" "Mozilla/4.0 (compatible; MSIE 6.0; Windows NT 5.1)"
69.239.71.88 - - [01/Aug/2005:02:56:55 +0000] "GET / HTTP/1.1" 200 826 "-" "Mozilla/4.0 (compatible; MSIE 6.0; Windows NT 5.1; YPC 3.2.0)"
69.239.71.88 - - [01/Aug/2005:02:56:55 +0000] "GET /icons/blank.gif HTTP/1.1" 200 148 "http://www.persianart.com/" "Mozilla/4.0 (compatible; MSIE 6.0; Windows NT 5.1; YPC 3.2.0)"
69.239.71.88 - - [01/Aug/2005:02:56:55 +0000] "GET /icons/back.gif HTTP/1.1" 200 216 "http://www.persianart.com/" "Mozilla/4.0 (compatible; MSIE 6.0; Windows NT 5.1; YPC 3.2.0)"
69.239.71.88 - - [01/Aug/2005:02:56:55 +0000] "GET /_vti_bin/owssvr.dll?UL=1&ACT=4&BUILD=2614&STRMVER=4&CAPREQ=0 HTTP/1.1" 404 225 "-" "Mozilla/4.0 (compatible; MSIE 6.0; Windows NT 5.1; YPC 3.2.0)"
69.239.71.88 - - [01/Aug/2005:02:56:55 +0000] "GET /icons/unknown.gif HTTP/1.1" 200 245 "http://www.persianart.com/" "Mozilla/4.0 (compatible; MSIE 6.0; Windows NT 5.1; YPC 3.2.0)"
69.239.71.88 - - [01/Aug/2005:02:56:55 +0000] "GET /MSOffice/cltreq.asp?UL=1&ACT=4&BUILD=2614&STRMVER=4&CAPREQ=0 HTTP/1.1" 404 225 "-" "Mozilla/4.0 (compatible; MSIE 6.0; Windows NT 5.1; YPC 3.2.0)"
69.239.71.88 - - [01/Aug/2005:02:57:46 +0000] "GET /WS_FTP.LOG HTTP/1.1" 200 440 "-" "Mozilla/4.0 (compatible; MSIE 6.0; Windows NT 5.1; YPC 3.2.0)"
63.241.61.8 - - [01/Aug/2005:08:13:00 +0000] "GET /robots.txt HTTP/1.0" 404 204 "-" "ConveraCrawler/0.8 (+http://www.authoritativeweb.com/crawl)"
63.241.61.8 - - [01/Aug/2005:08:13:17 +0000] "GET /?D=D HTTP/1.0" 200 814 "-" "ConveraCrawler/0.8 (+http://www.authoritativeweb.com/crawl)"
63.241.61.8 - - [01/Aug/2005:08:13:33 +0000] "GET /?S=D HTTP/1.0" 200 814 "-" "ConveraCrawler/0.8 (+http://www.authoritativeweb.com/crawl)"
63.241.61.8 - - [01/Aug/2005:08:13:48 +0000] "GET /?M=A HTTP/1.0" 200 814 "-" "ConveraCrawler/0.8 (+http://www.authoritativeweb.com/crawl)"
63.241.61.8 - - [01/Aug/2005:08:14:05 +0000] "GET /?N=D HTTP/1.0" 200 814 "-" "ConveraCrawler/0.8 (+http://www.authoritativeweb.com/crawl)"
63.241.61.8 - - [01/Aug/2005:08:14:20 +0000] "GET /?M=D HTTP/1.0" 200 814 "-" "ConveraCrawler/0.8 (+http://www.authoritativeweb.com/crawl)"
63.241.61.8 - - [01/Aug/2005:08:14:36 +0000] "GET /?D=A HTTP/1.0" 200 814 "-" "ConveraCrawler/0.8 (+http://www.authoritativeweb.com/crawl)"
63.241.61.8 - - [01/Aug/2005:08:14:51 +0000] "GET / HTTP/1.0" 200 814 "-" "ConveraCrawler/0.8 (+http://www.authoritativeweb.com/crawl)"
63.241.61.8 - - [01/Aug/2005:08:15:09 +0000] "GET /?S=A HTTP/1.0" 200 814 "-" "ConveraCrawler/0.8 (+http://www.authoritativeweb.com/crawl)"
63.241.61.8 - - [01/Aug/2005:08:15:33 +0000] "GET /?N=A HTTP/1.0" 200 814 "-" "ConveraCrawler/0.8 (+http://www.authoritativeweb.com/crawl)"
63.241.61.8 - - [01/Aug/2005:08:15:52 +0000] "GET /error_log HTTP/1.0" 200 44576 "-" "ConveraCrawler/0.8 (+http://www.authoritativeweb.com/crawl)"
63.241.61.8 - - [01/Aug/2005:08:16:10 +0000] "GET /WS_FTP.LOG HTTP/1.0" 304 - "-" "ConveraCrawler/0.8 (+http://www.authoritativeweb.com/crawl)"
63.241.61.8 - - [01/Aug/2005:08:16:29 +0000] "GET /access_log HTTP/1.0" 200 196608 "-" "ConveraCrawler/0.8 (+http://www.authoritativeweb.com/crawl)"
64.246.165.180 - - [01/Aug/2005:12:31:04 +0000] "GET /robots.txt HTTP/1.1" 404 216 "http://www.whois.sc/" "SurveyBot/2.3 (Whois Source)"
64.246.165.180 - - [01/Aug/2005:12:31:04 +0000] "GET / HTTP/1.1" 200 826 "http://www.whois.sc/persianart.com" "SurveyBot/2.3 (Whois Source)"
207.46.98.121 - - [01/Aug/2005:12:45:32 +0000] "GET /robots.txt HTTP/1.0" 404 204 "-" "msnbot/1.0 (+http://search.msn.com/msnbot.htm)"
207.46.98.121 - - [01/Aug/2005:12:45:33 +0000] "GET / HTTP/1.0" 200 814 "-" "msnbot/1.0 (+http://search.msn.com/msnbot.htm)"
68.142.250.85 - - [01/Aug/2005:13:00:07 +0000] "GET /robots.txt HTTP/1.0" 404 204 "-" "Mozilla/5.0 (compatible; Yahoo! Slurp; http://help.yahoo.com/help/us/ysearch/slurp)"
68.142.251.72 - - [01/Aug/2005:13:00:07 +0000] "GET /WS_FTP.LOG HTTP/1.0" 200 440 "-" "Mozilla/5.0 (compatible; Yahoo! Slurp; http://help.yahoo.com/help/us/ysearch/slurp)"
195.175.37.6 - - [01/Aug/2005:16:01:41 +0000] "GET / HTTP/1.0" 200 814 "-" "Mozilla/4.0 (compatible; MSIE 6.0; Windows NT 5.1; FunWebProducts)"
195.175.37.6 - - [01/Aug/2005:16:01:43 +0000] "GET /icons/blank.gif HTTP/1.0" 200 148 "http://www.persianart.com" "Mozilla/4.0 (compatible; MSIE 6.0; Windows NT 5.1; FunWebProducts)"
195.175.37.6 - - [01/Aug/2005:16:01:43 +0000] "GET /icons/back.gif HTTP/1.0" 200 216 "http://www.persianart.com" "Mozilla/4.0 (compatible; MSIE 6.0; Windows NT 5.1; FunWebProducts)"
195.175.37.6 - - [01/Aug/2005:16:01:45 +0000] "GET /icons/unknown.gif HTTP/1.0" 304 - "http://www.persianart.com" "Mozilla/4.0 (compatible; MSIE 6.0; Windows NT 5.1; FunWebProducts)"
195.175.37.6 - - [01/Aug/2005:16:02:37 +0000] "GET / HTTP/1.0" 200 814 "http://www.persianart.com" "Mozilla/4.0 (compatible; MSIE 6.0; Windows NT 5.1; FunWebProducts)"
195.175.37.6 - - [01/Aug/2005:16:02:38 +0000] "GET /WS_FTP.LOG HTTP/1.0" 304 - "http://www.persianart.com" "Mozilla/4.0 (compatible; MSIE 6.0; Windows NT 5.1; FunWebProducts)"
217.219.150.33 - - [01/Aug/2005:16:55:53 +0000] "GET / HTTP/1.1" 200 826 "-" "Mozilla/4.0 (compatible; MSIE 6.0; Windows NT 5.1)"
217.219.150.33 - - [01/Aug/2005:16:56:06 +0000] "GET /icons/back.gif HTTP/1.1" 200 216 "http://www.persianart.com" "Mozilla/4.0 (compatible; MSIE 6.0; Windows NT 5.1)"
217.219.150.33 - - [01/Aug/2005:16:56:08 +0000] "GET /icons/blank.gif HTTP/1.1" 200 148 "http://www.persianart.com" "Mozilla/4.0 (compatible; MSIE 6.0; Windows NT 5.1)"
217.219.150.33 - - [01/Aug/2005:16:56:11 +0000] "GET /icons/unknown.gif HTTP/1.1" 200 245 "http://www.persianart.com" "Mozilla/4.0 (compatible; MSIE 6.0; Windows NT 5.1)"
66.194.6.81 - - [01/Aug/2005:17:23:22 +0000] "GET / HTTP/1.1" 200 826 "-" "Mozilla/5.0 (compatible; Konqueror/3.0-rc5; i686 Linux; 20020817)"
207.46.98.121 - - [01/Aug/2005:17:36:29 +0000] "GET /robots.txt HTTP/1.0" 404 204 "-" "msnbot/1.0 (+http://search.msn.com/msnbot.htm)"
207.46.98.121 - - [01/Aug/2005:17:36:30 +0000] "GET / HTTP/1.0" 200 814 "-" "msnbot/1.0 (+http://search.msn.com/msnbot.htm)"
68.142.250.85 - - [01/Aug/2005:20:08:09 +0000] "GET /robots.txt HTTP/1.0" 404 204 "-" "Mozilla/5.0 (compatible; Yahoo! Slurp; http://help.yahoo.com/help/us/ysearch/slurp)"
68.142.251.174 - - [01/Aug/2005:20:08:10 +0000] "GET /access_log HTTP/1.0" 200 292805 "-" "Mozilla/5.0 (compatible; Yahoo! Slurp; http://help.yahoo.com/help/us/ysearch/slurp)"
217.219.7.130 - - [01/Aug/2005:20:16:35 +0000] "GET / HTTP/1.1" 200 826 "-" "Mozilla/4.0 (compatible; MSIE 6.0; Windows NT 5.1)"
217.219.7.130 - - [01/Aug/2005:20:16:41 +0000] "GET /icons/unknown.gif HTTP/1.1" 200 245 "http://persianart.com/" "Mozilla/4.0 (compatible; MSIE 6.0; Windows NT 5.1)"
217.219.7.130 - - [01/Aug/2005:20:16:41 +0000] "GET /icons/blank.gif HTTP/1.1" 200 148 "http://persianart.com/" "Mozilla/4.0 (compatible; MSIE 6.0; Windows NT 5.1)"
217.219.7.130 - - [01/Aug/2005:20:16:42 +0000] "GET /icons/back.gif HTTP/1.1" 200 216 "http://persianart.com/" "Mozilla/4.0 (compatible; MSIE 6.0; Windows NT 5.1)"
68.142.250.85 - - [01/Aug/2005:22:19:15 +0000] "GET /robots.txt HTTP/1.0" 404 204 "-" "Mozilla/5.0 (compatible; Yahoo! Slurp; http://help.yahoo.com/help/us/ysearch/slurp)"
68.142.251.179 - - [01/Aug/2005:22:19:15 +0000] "GET /error_log HTTP/1.0" 200 45351 "-" "Mozilla/5.0 (compatible; Yahoo! Slurp; http://help.yahoo.com/help/us/ysearch/slurp)"
207.46.98.121 - - [01/Aug/2005:22:21:58 +0000] "GET /robots.txt HTTP/1.0" 404 204 "-" "msnbot/1.0 (+http://search.msn.com/msnbot.htm)"
207.46.98.121 - - [01/Aug/2005:22:21:58 +0000] "GET / HTTP/1.0" 200 814 "-" "msnbot/1.0 (+http://search.msn.com/msnbot.htm)"
81.19.66.9 - - [02/Aug/2005:01:01:25 +0000] "GET / HTTP/1.0" 200 814 "-" "StackRambler/2.0 (MSIE incompatible)"
68.142.250.86 - - [02/Aug/2005:03:40:16 +0000] "GET /robots.txt HTTP/1.0" 404 204 "-" "Mozilla/5.0 (compatible; Yahoo! Slurp; http://help.yahoo.com/help/us/ysearch/slurp)"
68.142.249.102 - - [02/Aug/2005:03:40:16 +0000] "GET /?S=A HTTP/1.0" 200 814 "-" "Mozilla/5.0 (compatible; Yahoo! Slurp; http://help.yahoo.com/help/us/ysearch/slurp)"
63.241.61.8 - - [02/Aug/2005:05:33:39 +0000] "GET /robots.txt HTTP/1.0" 404 204 "-" "ConveraCrawler/0.9 (+http://www.authoritativeweb.com/crawl)"
63.241.61.8 - - [02/Aug/2005:05:33:59 +0000] "GET /?D=D HTTP/1.0" 200 814 "-" "ConveraCrawler/0.9 (+http://www.authoritativeweb.com/crawl)"
63.241.61.8 - - [02/Aug/2005:05:34:17 +0000] "GET /?M=D HTTP/1.0" 200 814 "-" "ConveraCrawler/0.9 (+http://www.authoritativeweb.com/crawl)"
63.241.61.8 - - [02/Aug/2005:05:34:35 +0000] "GET /?S=A HTTP/1.0" 200 814 "-" "ConveraCrawler/0.9 (+http://www.authoritativeweb.com/crawl)"
63.241.61.8 - - [02/Aug/2005:05:34:57 +0000] "GET /?N=D HTTP/1.0" 200 814 "-" "ConveraCrawler/0.9 (+http://www.authoritativeweb.com/crawl)"
63.241.61.8 - - [02/Aug/2005:05:35:18 +0000] "GET /?S=D HTTP/1.0" 200 814 "-" "ConveraCrawler/0.9 (+http://www.authoritativeweb.com/crawl)"
63.241.61.8 - - [02/Aug/2005:05:35:39 +0000] "GET /?N=A HTTP/1.0" 200 814 "-" "ConveraCrawler/0.9 (+http://www.authoritativeweb.com/crawl)"
63.241.61.8 - - [02/Aug/2005:05:35:57 +0000] "GET /WS_FTP.LOG HTTP/1.0" 304 - "-" "ConveraCrawler/0.9 (+http://www.authoritativeweb.com/crawl)"
63.241.61.8 - - [02/Aug/2005:05:36:13 +0000] "GET /?D=A HTTP/1.0" 200 814 "-" "ConveraCrawler/0.9 (+http://www.authoritativeweb.com/crawl)"
63.241.61.8 - - [02/Aug/2005:05:36:31 +0000] "GET /?M=A HTTP/1.0" 200 814 "-" "ConveraCrawler/0.9 (+http://www.authoritativeweb.com/crawl)"
63.241.61.8 - - [02/Aug/2005:05:36:53 +0000] "GET /access_log HTTP/1.0" 200 296073 "-" "ConveraCrawler/0.9 (+http://www.authoritativeweb.com/crawl)"
63.241.61.8 - - [02/Aug/2005:05:37:10 +0000] "GET /error_log HTTP/1.0" 200 45736 "-" "ConveraCrawler/0.9 (+http://www.authoritativeweb.com/crawl)"
63.241.61.8 - - [02/Aug/2005:05:37:30 +0000] "GET / HTTP/1.0" 200 814 "-" "ConveraCrawler/0.9 (+http://www.authoritativeweb.com/crawl)"
68.142.250.86 - - [02/Aug/2005:07:10:02 +0000] "GET /robots.txt HTTP/1.0" 404 204 "-" "Mozilla/5.0 (compatible; Yahoo! Slurp; http://help.yahoo.com/help/us/ysearch/slurp)"
68.142.250.193 - - [02/Aug/2005:07:10:02 +0000] "GET /?M=A HTTP/1.0" 200 814 "-" "Mozilla/5.0 (compatible; Yahoo! Slurp; http://help.yahoo.com/help/us/ysearch/slurp)"
81.93.41.6 - - [02/Aug/2005:07:39:33 +0000] "GET / HTTP/1.0" 200 814 "-" "Mozilla/4.0 (compatible; MSIE 6.0; Windows NT 5.1; {EF7007E3-3685-96D8-B1B6-1B9A67EECB0F})"
81.93.41.6 - - [02/Aug/2005:07:39:34 +0000] "GET /icons/back.gif HTTP/1.0" 200 216 "http://www.persianart.com" "Mozilla/4.0 (compatible; MSIE 6.0; Windows NT 5.1; {EF7007E3-3685-96D8-B1B6-1B9A67EECB0F})"
81.93.41.6 - - [02/Aug/2005:07:39:34 +0000] "GET /icons/unknown.gif HTTP/1.0" 200 245 "http://www.persianart.com" "Mozilla/4.0 (compatible; MSIE 6.0; Windows NT 5.1; {EF7007E3-3685-96D8-B1B6-1B9A67EECB0F})"
81.93.41.6 - - [02/Aug/2005:07:39:36 +0000] "GET /icons/blank.gif HTTP/1.0" 200 148 "http://www.persianart.com" "Mozilla/4.0 (compatible; MSIE 6.0; Windows NT 5.1; {EF7007E3-3685-96D8-B1B6-1B9A67EECB0F})"
60.229.229.97 - - [02/Aug/2005:07:51:27 +0000] "GET / HTTP/1.1" 200 826 "-" "Mozilla/4.0 (compatible; MSIE 6.0; Windows NT 5.1; FunWebProducts; SV1; bgft; HbTools 4.6.2)"
60.229.229.97 - - [02/Aug/2005:07:51:27 +0000] "GET /icons/blank.gif HTTP/1.1" 200 148 "http://www.persianart.com/" "Mozilla/4.0 (compatible; MSIE 6.0; Windows NT 5.1; FunWebProducts; SV1; bgft; HbTools 4.6.2)"
60.229.229.97 - - [02/Aug/2005:07:51:28 +0000] "GET /icons/unknown.gif HTTP/1.1" 200 245 "http://www.persianart.com/" "Mozilla/4.0 (compatible; MSIE 6.0; Windows NT 5.1; FunWebProducts; SV1; bgft; HbTools 4.6.2)"
60.229.229.97 - - [02/Aug/2005:07:51:28 +0000] "GET /icons/back.gif HTTP/1.1" 200 216 "http://www.persianart.com/" "Mozilla/4.0 (compatible; MSIE 6.0; Windows NT 5.1; FunWebProducts; SV1; bgft; HbTools 4.6.2)"
60.229.229.97 - - [02/Aug/2005:07:51:58 +0000] "GET / HTTP/1.1" 200 826 "-" "Mozilla/4.0 (compatible; MSIE 6.0; Windows NT 5.1; FunWebProducts; SV1; bgft; HbTools 4.6.2)"
81.205.39.64 - - [02/Aug/2005:08:32:05 +0000] "GET /robots.txt HTTP/1.0" 404 204 "-" "appie 1.1 (www.walhello.com)"
81.205.39.64 - - [02/Aug/2005:08:32:08 +0000] "GET / HTTP/1.0" 200 814 "-" "appie 1.1 (www.walhello.com)"
68.142.250.86 - - [02/Aug/2005:08:35:36 +0000] "GET /robots.txt HTTP/1.0" 404 204 "-" "Mozilla/5.0 (compatible; Yahoo! Slurp; http://help.yahoo.com/help/us/ysearch/slurp)"
68.142.251.98 - - [02/Aug/2005:08:35:36 +0000] "GET /?D=D HTTP/1.0" 200 814 "-" "Mozilla/5.0 (compatible; Yahoo! Slurp; http://help.yahoo.com/help/us/ysearch/slurp)"
82.99.234.151 - - [02/Aug/2005:10:01:10 +0000] "GET / HTTP/1.1" 200 826 "-" "Mozilla/4.0 (compatible; MSIE 6.0; Windows NT 5.1; SV1)"
82.99.234.151 - - [02/Aug/2005:10:01:12 +0000] "GET /icons/back.gif HTTP/1.1" 200 216 "http://www.persianart.com/" "Mozilla/4.0 (compatible; MSIE 6.0; Windows NT 5.1; SV1)"
