84.119.141.88 - - [06/Jul/2005:22:57:53 +0000] "GET /icons/back.gif HTTP/1.1" 200 216 "http://www.persianart.com/" "Mozilla/4.0 (compatible; MSIE 6.0; Windows NT 5.1; Wanadoo042NLPP01HCFFFFFFCC; SV1; .NET CLR 1.1.4322; Hotbar 4.6.1)"
84.119.141.88 - - [06/Jul/2005:22:57:53 +0000] "GET /icons/unknown.gif HTTP/1.1" 200 245 "http://www.persianart.com/" "Mozilla/4.0 (compatible; MSIE 6.0; Windows NT 5.1; Wanadoo042NLPP01HCFFFFFFCC; SV1; .NET CLR 1.1.4322; Hotbar 4.6.1)"
217.219.61.132 - - [07/Jul/2005:01:56:14 +0000] "GET / HTTP/1.1" 200 826 "-" "Mozilla/4.0 (compatible; MSIE 6.0; Windows NT 5.1; SV1)"
217.219.61.132 - - [07/Jul/2005:01:56:17 +0000] "GET /icons/blank.gif HTTP/1.1" 200 148 "http://www.persianart.com/" "Mozilla/4.0 (compatible; MSIE 6.0; Windows NT 5.1; SV1)"
217.219.61.132 - - [07/Jul/2005:01:56:18 +0000] "GET /icons/back.gif HTTP/1.1" 200 216 "http://www.persianart.com/" "Mozilla/4.0 (compatible; MSIE 6.0; Windows NT 5.1; SV1)"
217.219.61.132 - - [07/Jul/2005:01:56:18 +0000] "GET /icons/unknown.gif HTTP/1.1" 200 245 "http://www.persianart.com/" "Mozilla/4.0 (compatible; MSIE 6.0; Windows NT 5.1; SV1)"
217.219.61.132 - - [07/Jul/2005:02:35:25 +0000] "GET / HTTP/1.1" 200 826 "-" "Mozilla/4.0 (compatible; MSIE 6.0; Windows NT 5.1; SV1)"
217.219.61.132 - - [07/Jul/2005:02:36:13 +0000] "GET / HTTP/1.1" 200 826 "http://www.persianart.com/" "Mozilla/4.0 (compatible; MSIE 6.0; Windows NT 5.1; SV1)"
217.219.61.132 - - [07/Jul/2005:02:36:31 +0000] "GET /?N=D HTTP/1.1" 200 826 "http://www.persianart.com/" "Mozilla/4.0 (compatible; MSIE 6.0; Windows NT 5.1; SV1)"
217.219.61.132 - - [07/Jul/2005:02:36:42 +0000] "GET / HTTP/1.1" 200 826 "http://www.persianart.com/?N=D" "Mozilla/4.0 (compatible; MSIE 6.0; Windows NT 5.1; SV1)"
217.219.61.132 - - [07/Jul/2005:02:38:02 +0000] "GET / HTTP/1.1" 200 826 "http://www.persianart.com/" "Mozilla/4.0 (compatible; MSIE 6.0; Windows NT 5.1; SV1)"
217.219.61.132 - - [07/Jul/2005:02:38:25 +0000] "GET /?M=A HTTP/1.1" 200 826 "http://www.persianart.com/" "Mozilla/4.0 (compatible; MSIE 6.0; Windows NT 5.1; SV1)"
217.219.61.132 - - [07/Jul/2005:02:38:35 +0000] "GET /WS_FTP.LOG HTTP/1.1" 200 440 "http://www.persianart.com/?M=A" "Mozilla/4.0 (compatible; MSIE 6.0; Windows NT 5.1; SV1)"
217.219.61.132 - - [07/Jul/2005:02:38:48 +0000] "GET /error_log HTTP/1.1" 200 23266 "http://www.persianart.com/?M=A" "Mozilla/4.0 (compatible; MSIE 6.0; Windows NT 5.1; SV1)"
68.142.249.190 - - [07/Jul/2005:06:55:51 +0000] "GET /robots.txt HTTP/1.0" 404 204 "-" "Mozilla/5.0 (compatible; Yahoo! Slurp; http://help.yahoo.com/help/us/ysearch/slurp)"
68.142.250.125 - - [07/Jul/2005:06:55:51 +0000] "GET /?S=A HTTP/1.0" 200 814 "-" "Mozilla/5.0 (compatible; Yahoo! Slurp; http://help.yahoo.com/help/us/ysearch/slurp)"
217.219.57.29 - - [07/Jul/2005:07:40:50 +0000] "GET / HTTP/1.1" 200 826 "-" "Mozilla/4.0 (compatible; MSIE 5.5; Windows 98; Win 9x 4.90)"
217.219.57.29 - - [07/Jul/2005:07:41:09 +0000] "GET /?N=D HTTP/1.1" 200 826 "http://www.persianart.com./" "Mozilla/4.0 (compatible; MSIE 5.5; Windows 98; Win 9x 4.90)"
217.219.57.29 - - [07/Jul/2005:07:42:58 +0000] "GET / HTTP/1.1" 200 826 "-" "Mozilla/4.0 (compatible; MSIE 5.5; Windows 98; Win 9x 4.90)"
193.149.191.1 - - [07/Jul/2005:07:49:23 +0000] "GET / HTTP/1.1" 200 826 "-" "Mozilla/4.0 (compatible; MSIE 6.0; Windows NT 5.1; SV1; .NET CLR 1.1.4322)"
193.149.191.1 - - [07/Jul/2005:07:49:24 +0000] "GET /icons/blank.gif HTTP/1.1" 200 148 "http://www.persianart.com/" "Mozilla/4.0 (compatible; MSIE 6.0; Windows NT 5.1; SV1; .NET CLR 1.1.4322)"
193.149.191.1 - - [07/Jul/2005:07:49:24 +0000] "GET /icons/back.gif HTTP/1.1" 200 216 "http://www.persianart.com/" "Mozilla/4.0 (compatible; MSIE 6.0; Windows NT 5.1; SV1; .NET CLR 1.1.4322)"
193.149.191.1 - - [07/Jul/2005:07:49:24 +0000] "GET /icons/unknown.gif HTTP/1.1" 200 245 "http://www.persianart.com/" "Mozilla/4.0 (compatible; MSIE 6.0; Windows NT 5.1; SV1; .NET CLR 1.1.4322)"
193.149.191.1 - - [07/Jul/2005:07:49:52 +0000] "GET /access_log HTTP/1.1" 200 153706 "http://www.persianart.com/" "Mozilla/4.0 (compatible; MSIE 6.0; Windows NT 5.1; SV1; .NET CLR 1.1.4322)"
83.170.42.67 - - [07/Jul/2005:08:38:46 +0000] "GET / HTTP/1.0" 200 814 "-" "Mozilla/4.0 (compatible; MSIE 6.0; Windows NT 5.0)"
83.170.42.67 - - [07/Jul/2005:08:38:47 +0000] "GET /icons/blank.gif HTTP/1.0" 200 148 "http://persianart.com/" "Mozilla/4.0 (compatible; MSIE 6.0; Windows NT 5.0)"
83.170.42.67 - - [07/Jul/2005:08:38:47 +0000] "GET /icons/back.gif HTTP/1.0" 200 216 "http://persianart.com/" "Mozilla/4.0 (compatible; MSIE 6.0; Windows NT 5.0)"
83.170.42.67 - - [07/Jul/2005:08:38:47 +0000] "GET /icons/unknown.gif HTTP/1.0" 200 245 "http://persianart.com/" "Mozilla/4.0 (compatible; MSIE 6.0; Windows NT 5.0)"
217.219.61.132 - - [07/Jul/2005:09:21:08 +0000] "GET / HTTP/1.1" 200 826 "-" "Mozilla/4.0 (compatible; MSIE 6.0; Windows NT 5.1; SV1)"
217.219.61.132 - - [07/Jul/2005:12:44:33 +0000] "GET / HTTP/1.1" 200 826 "-" "Mozilla/4.0 (compatible; MSIE 6.0; Windows NT 5.1; SV1)"
68.142.249.190 - - [07/Jul/2005:13:03:07 +0000] "GET /robots.txt HTTP/1.0" 404 204 "-" "Mozilla/5.0 (compatible; Yahoo! Slurp; http://help.yahoo.com/help/us/ysearch/slurp)"
68.142.251.52 - - [07/Jul/2005:13:03:07 +0000] "GET /?N=A HTTP/1.0" 200 814 "-" "Mozilla/5.0 (compatible; Yahoo! Slurp; http://help.yahoo.com/help/us/ysearch/slurp)"
217.219.155.70 - - [07/Jul/2005:13:22:59 +0000] "GET / HTTP/1.1" 200 826 "-" "Mozilla/4.0 (compatible; MSIE 6.0; Windows 98)"
217.219.155.70 - - [07/Jul/2005:13:51:44 +0000] "GET / HTTP/1.1" 200 826 "-" "Mozilla/4.0 (compatible; MSIE 6.0; Windows 98)"
217.219.155.73 - - [07/Jul/2005:14:09:11 +0000] "GET / HTTP/1.1" 200 826 "-" "Mozilla/4.0 (compatible; MSIE 6.0; Windows 98)"
68.142.249.190 - - [07/Jul/2005:15:17:42 +0000] "GET /robots.txt HTTP/1.0" 404 204 "-" "Mozilla/5.0 (compatible; Yahoo! Slurp; http://help.yahoo.com/help/us/ysearch/slurp)"
68.142.250.75 - - [07/Jul/2005:15:17:42 +0000] "GET /?D=A HTTP/1.0" 200 814 "-" "Mozilla/5.0 (compatible; Yahoo! Slurp; http://help.yahoo.com/help/us/ysearch/slurp)"
68.142.251.181 - - [07/Jul/2005:15:29:01 +0000] "GET / HTTP/1.0" 200 814 "-" "Mozilla/5.0 (compatible; Yahoo! Slurp; http://help.yahoo.com/help/us/ysearch/slurp)"
85.140.6.238 - - [07/Jul/2005:16:37:05 +0000] "GET / HTTP/1.1" 200 826 "http://www.ccir.ru/russian/Russian_links.htm" "Mozilla/4.0 (compatible; MSIE 6.0; Windows NT 5.1; SV1)"
85.140.6.238 - - [07/Jul/2005:16:37:05 +0000] "GET /icons/blank.gif HTTP/1.1" 200 148 "http://www.persianart.com/" "Mozilla/4.0 (compatible; MSIE 6.0; Windows NT 5.1; SV1)"
85.140.6.238 - - [07/Jul/2005:16:37:05 +0000] "GET /icons/back.gif HTTP/1.1" 200 216 "http://www.persianart.com/" "Mozilla/4.0 (compatible; MSIE 6.0; Windows NT 5.1; SV1)"
85.140.6.238 - - [07/Jul/2005:16:37:05 +0000] "GET /icons/unknown.gif HTTP/1.1" 200 245 "http://www.persianart.com/" "Mozilla/4.0 (compatible; MSIE 6.0; Windows NT 5.1; SV1)"
66.194.6.2 - - [07/Jul/2005:17:11:10 +0000] "GET / HTTP/1.1" 200 826 "-" "Mozilla/5.0 (compatible; Konqueror/3.1-rc5; i686 Linux; 20020324)"
66.194.6.3 - - [07/Jul/2005:17:14:08 +0000] "GET / HTTP/1.1" 200 826 "-" "Mozilla/5.0 (compatible; Konqueror/3.0-rc3; i686 Linux; 20020501)"
82.132.124.17 - - [07/Jul/2005:18:20:33 +0000] "GET / HTTP/1.0" 200 814 "-" "Mozilla/4.0 (compatible; MSIE 6.0; Windows NT 5.1)"
83.170.43.197 - - [07/Jul/2005:18:20:35 +0000] "GET /icons/blank.gif HTTP/1.0" 200 148 "-" "Mozilla/4.0 (compatible; MSIE 6.0; Windows NT 5.1)"
82.132.124.17 - - [07/Jul/2005:18:20:35 +0000] "GET /icons/back.gif HTTP/1.0" 200 216 "-" "Mozilla/4.0 (compatible; MSIE 6.0; Windows NT 5.1)"
82.132.124.17 - - [07/Jul/2005:18:20:35 +0000] "GET /icons/unknown.gif HTTP/1.0" 200 245 "-" "Mozilla/4.0 (compatible; MSIE 6.0; Windows NT 5.1)"
217.219.16.197 - - [07/Jul/2005:22:47:27 +0000] "GET / HTTP/1.1" 200 826 "-" "Mozilla/4.0 (compatible; MSIE 6.0; Windows NT 5.1)"
217.219.16.197 - - [07/Jul/2005:22:47:28 +0000] "GET /icons/blank.gif HTTP/1.1" 200 148 "http://persianart.com/" "Mozilla/4.0 (compatible; MSIE 6.0; Windows NT 5.1)"
217.219.16.197 - - [07/Jul/2005:22:47:29 +0000] "GET /icons/back.gif HTTP/1.1" 200 216 "http://persianart.com/" "Mozilla/4.0 (compatible; MSIE 6.0; Windows NT 5.1)"
217.219.16.197 - - [07/Jul/2005:22:47:29 +0000] "GET /icons/unknown.gif HTTP/1.1" 200 245 "http://persianart.com/" "Mozilla/4.0 (compatible; MSIE 6.0; Windows NT 5.1)"
68.142.249.186 - - [07/Jul/2005:23:52:29 +0000] "GET /robots.txt HTTP/1.0" 404 204 "-" "Mozilla/5.0 (compatible; Yahoo! Slurp; http://help.yahoo.com/help/us/ysearch/slurp)"
68.142.251.181 - - [07/Jul/2005:23:52:30 +0000] "GET / HTTP/1.0" 200 814 "-" "Mozilla/5.0 (compatible; Yahoo! Slurp; http://help.yahoo.com/help/us/ysearch/slurp)"
84.11.64.116 - - [08/Jul/2005:02:35:23 +0000] "GET / HTTP/1.0" 200 814 "-" "Mozilla/4.0 (compatible; MSIE 6.0; Windows NT 5.1; en) Opera 8.01"
84.11.64.116 - - [08/Jul/2005:02:35:25 +0000] "GET /icons/blank.gif HTTP/1.0" 200 148 "http://persianart.com/" "Mozilla/4.0 (compatible; MSIE 6.0; Windows NT 5.1; en) Opera 8.01"
84.11.64.116 - - [08/Jul/2005:02:35:26 +0000] "GET /icons/back.gif HTTP/1.0" 200 216 "http://persianart.com/" "Mozilla/4.0 (compatible; MSIE 6.0; Windows NT 5.1; en) Opera 8.01"
84.11.64.116 - - [08/Jul/2005:02:35:26 +0000] "GET /icons/unknown.gif HTTP/1.0" 200 245 "http://persianart.com/" "Mozilla/4.0 (compatible; MSIE 6.0; Windows NT 5.1; en) Opera 8.01"
84.11.64.116 - - [08/Jul/2005:02:35:27 +0000] "GET /favicon.ico HTTP/1.0" 404 205 "http://persianart.com/" "Mozilla/4.0 (compatible; MSIE 6.0; Windows NT 5.1; en) Opera 8.01"
84.11.64.116 - - [08/Jul/2005:02:37:05 +0000] "GET /WS_FTP.LOG HTTP/1.0" 200 440 "http://persianart.com/" "Mozilla/4.0 (compatible; MSIE 6.0; Windows NT 5.1; en) Opera 8.01"
81.93.32.3 - - [08/Jul/2005:08:55:21 +0000] "GET / HTTP/1.0" 200 814 "-" "Mozilla/4.0 (compatible; MSIE 6.0; Windows 98)"
81.93.32.3 - - [08/Jul/2005:08:55:23 +0000] "GET /icons/back.gif HTTP/1.0" 200 216 "http://www.persianart.com" "Mozilla/4.0 (compatible; MSIE 6.0; Windows 98)"
81.93.32.3 - - [08/Jul/2005:08:55:23 +0000] "GET /icons/unknown.gif HTTP/1.0" 200 245 "http://www.persianart.com" "Mozilla/4.0 (compatible; MSIE 6.0; Windows 98)"
81.93.32.3 - - [08/Jul/2005:08:55:23 +0000] "GET /icons/blank.gif HTTP/1.0" 200 148 "http://www.persianart.com" "Mozilla/4.0 (compatible; MSIE 6.0; Windows 98)"
217.219.148.210 - - [08/Jul/2005:11:39:51 +0000] "GET / HTTP/1.1" 200 826 "-" "Mozilla/4.0 (compatible; MSIE 6.0; Windows NT 5.1)"
66.249.65.101 - - [08/Jul/2005:16:32:25 +0000] "GET /robots.txt HTTP/1.1" 404 216 "-" "Mozilla/5.0 (compatible; Googlebot/2.1; +http://www.google.com/bot.html)"
66.249.65.101 - - [08/Jul/2005:16:32:25 +0000] "GET / HTTP/1.1" 200 826 "-" "Mozilla/5.0 (compatible; Googlebot/2.1; +http://www.google.com/bot.html)"
62.194.7.30 - - [08/Jul/2005:16:55:25 +0000] "GET / HTTP/1.1" 200 826 "-" "Mozilla/4.0 (compatible; MSIE 6.0; Windows 98)"
60.34.59.251 - - [08/Jul/2005:18:37:41 +0000] "GET /access_log HTTP/1.1" 200 160714 "http://results.dashbar.com/search?k=http%3B%2F%2F0000&SubmitBtn=Search&b=17862&m=NTEwNzczMjIy&t=0&c=27440&si=b3a72ec2c1&lang=&ue=sb&v=1" "Mozilla/4.0 (compatible; MSIE 5.5; Windows 98; Win 9x 4.90)"
202.125.147.199 - - [08/Jul/2005:19:53:51 +0000] "GET /?M=A HTTP/1.0" 200 814 "http://www.google.com.pk/search?hl=en&lr=&sa=G&q=%22persianart.com%22" "Mozilla/4.0 (compatible; MSIE 6.0; Windows NT 5.1; SV1)"
202.125.147.199 - - [08/Jul/2005:19:53:52 +0000] "GET /icons/blank.gif HTTP/1.0" 200 148 "http://www.persianart.com/?M=A" "Mozilla/4.0 (compatible; MSIE 6.0; Windows NT 5.1; SV1)"
202.125.147.199 - - [08/Jul/2005:19:53:52 +0000] "GET /icons/back.gif HTTP/1.0" 200 216 "http://www.persianart.com/?M=A" "Mozilla/4.0 (compatible; MSIE 6.0; Windows NT 5.1; SV1)"
202.125.147.199 - - [08/Jul/2005:19:53:52 +0000] "GET /icons/unknown.gif HTTP/1.0" 200 245 "http://www.persianart.com/?M=A" "Mozilla/4.0 (compatible; MSIE 6.0; Windows NT 5.1; SV1)"
68.142.249.190 - - [08/Jul/2005:20:42:16 +0000] "GET /robots.txt HTTP/1.0" 404 204 "-" "Mozilla/5.0 (compatible; Yahoo! Slurp; http://help.yahoo.com/help/us/ysearch/slurp)"
68.142.250.139 - - [08/Jul/2005:20:42:16 +0000] "GET /?M=D HTTP/1.0" 200 814 "-" "Mozilla/5.0 (compatible; Yahoo! Slurp; http://help.yahoo.com/help/us/ysearch/slurp)"
207.46.98.121 - - [08/Jul/2005:22:21:23 +0000] "GET /robots.txt HTTP/1.0" 404 204 "-" "msnbot/1.0 (+http://search.msn.com/msnbot.htm)"
207.46.98.121 - - [08/Jul/2005:22:21:23 +0000] "GET / HTTP/1.0" 200 814 "-" "msnbot/1.0 (+http://search.msn.com/msnbot.htm)"
66.194.6.83 - - [09/Jul/2005:00:37:45 +0000] "GET / HTTP/1.1" 200 826 "-" "Mozilla/4.0 (compatible; MSIE 6.0; Windows NT 5.1; Q312468)"
207.46.98.121 - - [09/Jul/2005:00:58:36 +0000] "GET /robots.txt HTTP/1.0" 404 204 "-" "msnbot/1.0 (+http://search.msn.com/msnbot.htm)"
207.46.98.121 - - [09/Jul/2005:00:58:36 +0000] "GET /?S=A HTTP/1.0" 200 814 "-" "msnbot/1.0 (+http://search.msn.com/msnbot.htm)"
82.132.120.17 - - [09/Jul/2005:01:16:54 +0000] "GET / HTTP/1.0" 200 814 "http://whois.sc/persianart.com" "Mozilla/4.0 (compatible; MSIE 6.0; Windows NT 5.1)"
82.132.120.17 - - [09/Jul/2005:01:16:55 +0000] "GET /icons/blank.gif HTTP/1.0" 200 148 "http://www.persianart.com/" "Mozilla/4.0 (compatible; MSIE 6.0; Windows NT 5.1)"
82.132.120.17 - - [09/Jul/2005:01:16:55 +0000] "GET /icons/unknown.gif HTTP/1.0" 200 245 "http://www.persianart.com/" "Mozilla/4.0 (compatible; MSIE 6.0; Windows NT 5.1)"
82.132.120.17 - - [09/Jul/2005:01:16:55 +0000] "GET /icons/back.gif HTTP/1.0" 200 216 "http://www.persianart.com/" "Mozilla/4.0 (compatible; MSIE 6.0; Windows NT 5.1)"
82.132.120.17 - - [09/Jul/2005:01:17:06 +0000] "GET /WS_FTP.LOG HTTP/1.0" 200 440 "http://www.persianart.com/" "Mozilla/4.0 (compatible; MSIE 6.0; Windows NT 5.1)"
82.132.120.17 - - [09/Jul/2005:01:17:13 +0000] "GET /access_log HTTP/1.0" 200 163577 "http://www.persianart.com/" "Mozilla/4.0 (compatible; MSIE 6.0; Windows NT 5.1)"
207.46.98.121 - - [09/Jul/2005:01:51:25 +0000] "GET /?M=A HTTP/1.0" 200 814 "-" "msnbot/1.0 (+http://search.msn.com/msnbot.htm)"
207.46.98.121 - - [09/Jul/2005:02:16:19 +0000] "GET / HTTP/1.0" 200 814 "-" "msnbot/1.0 (+http://search.msn.com/msnbot.htm)"
68.142.249.189 - - [09/Jul/2005:03:20:08 +0000] "GET /robots.txt HTTP/1.0" 404 204 "-" "Mozilla/5.0 (compatible; Yahoo! Slurp; http://help.yahoo.com/help/us/ysearch/slurp)"
68.142.251.179 - - [09/Jul/2005:03:20:08 +0000] "GET /error_log HTTP/1.0" 200 24562 "-" "Mozilla/5.0 (compatible; Yahoo! Slurp; http://help.yahoo.com/help/us/ysearch/slurp)"
207.46.98.121 - - [09/Jul/2005:06:26:44 +0000] "GET /?M=A HTTP/1.0" 200 814 "-" "msnbot/1.0 (+http://search.msn.com/msnbot.htm)"
207.46.98.121 - - [09/Jul/2005:07:10:21 +0000] "GET /robots.txt HTTP/1.0" 404 204 "-" "msnbot/1.0 (+http://search.msn.com/msnbot.htm)"
207.46.98.121 - - [09/Jul/2005:07:10:21 +0000] "GET / HTTP/1.0" 200 814 "-" "msnbot/1.0 (+http://search.msn.com/msnbot.htm)"
217.36.32.178 - - [09/Jul/2005:07:13:07 +0000] "GET / HTTP/1.1" 200 826 "-" "MFC_Tear_Sample"
217.219.57.58 - - [09/Jul/2005:07:57:56 +0000] "GET / HTTP/1.1" 200 826 "-" "Mozilla/4.0 (compatible; MSIE 6.0; Windows NT 5.1; SV1; Media Center PC 3.0; .NET CLR 1.0.3705)"
66.194.6.3 - - [09/Jul/2005:08:42:57 +0000] "GET / HTTP/1.1" 200 826 "-" "Mozilla/4.0 (compatible; MSIE 6.0; Windows NT 5.1; Q312464)"
217.218.197.9 - - [09/Jul/2005:10:51:15 +0000] "GET / HTTP/1.1" 200 826 "-" "Mozilla/4.0 (compatible; MSIE 5.5; Windows 98; Win 9x 4.90)"
217.218.197.9 - - [09/Jul/2005:10:51:17 +0000] "GET /icons/blank.gif HTTP/1.1" 200 148 "http://www.persianart.com" "Mozilla/4.0 (compatible; MSIE 5.5; Windows 98; Win 9x 4.90)"
217.218.197.9 - - [09/Jul/2005:10:51:17 +0000] "GET /icons/unknown.gif HTTP/1.1" 200 245 "http://www.persianart.com" "Mozilla/4.0 (compatible; MSIE 5.5; Windows 98; Win 9x 4.90)"
217.218.197.9 - - [09/Jul/2005:10:51:17 +0000] "GET /icons/back.gif HTTP/1.1" 200 216 "http://www.persianart.com" "Mozilla/4.0 (compatible; MSIE 5.5; Windows 98; Win 9x 4.90)"
80.191.240.66 - - [09/Jul/2005:12:13:11 +0000] "GET / HTTP/1.1" 200 826 "-" "Mozilla/4.0 (compatible; MSIE 6.0; Windows NT 5.1)"
80.191.240.66 - - [09/Jul/2005:12:13:11 +0000] "GET /icons/blank.gif HTTP/1.1" 200 148 "http://persianart.com/" "Mozilla/4.0 (compatible; MSIE 6.0; Windows NT 5.1)"
80.191.240.66 - - [09/Jul/2005:12:13:12 +0000] "GET /icons/unknown.gif HTTP/1.1" 200 245 "http://persianart.com/" "Mozilla/4.0 (compatible; MSIE 6.0; Windows NT 5.1)"
80.191.240.66 - - [09/Jul/2005:12:13:12 +0000] "GET /icons/back.gif HTTP/1.1" 200 216 "http://persianart.com/" "Mozilla/4.0 (compatible; MSIE 6.0; Windows NT 5.1)"
80.191.240.66 - - [09/Jul/2005:12:14:01 +0000] "GET /error_log HTTP/1.1" 200 24691 "http://search.msn.com/results.aspx?srch=105&FORM=AS5&q=persianart" "Mozilla/4.0 (compatible; MSIE 6.0; Windows NT 5.1)"
80.191.240.66 - - [09/Jul/2005:12:15:11 +0000] "GET /access_log HTTP/1.1" 200 98304 "http://search.msn.com/results.aspx?srch=105&FORM=AS5&q=persianart" "Mozilla/4.0 (compatible; MSIE 6.0; Windows NT 5.1)"
80.191.240.66 - - [09/Jul/2005:12:17:54 +0000] "GET / HTTP/1.1" 200 826 "-" "Mozilla/4.0 (compatible; MSIE 6.0; Windows NT 5.1)"
80.191.240.66 - - [09/Jul/2005:13:11:29 +0000] "GET / HTTP/1.1" 200 826 "-" "Mozilla/4.0 (compatible; MSIE 6.0; Windows NT 5.1)"
68.142.249.204 - - [09/Jul/2005:13:46:39 +0000] "GET /robots.txt HTTP/1.0" 404 204 "-" "Mozilla/5.0 (compatible; Yahoo! Slurp; http://help.yahoo.com/help/us/ysearch/slurp)"
68.142.251.72 - - [09/Jul/2005:13:46:40 +0000] "GET /WS_FTP.LOG HTTP/1.0" 200 440 "-" "Mozilla/5.0 (compatible; Yahoo! Slurp; http://help.yahoo.com/help/us/ysearch/slurp)"
207.46.98.121 - - [09/Jul/2005:13:49:32 +0000] "GET /robots.txt HTTP/1.0" 404 204 "-" "msnbot/1.0 (+http://search.msn.com/msnbot.htm)"
207.46.98.121 - - [09/Jul/2005:13:49:32 +0000] "GET / HTTP/1.0" 200 814 "-" "msnbot/1.0 (+http://search.msn.com/msnbot.htm)"
207.46.98.121 - - [09/Jul/2005:13:53:25 +0000] "GET /?M=A HTTP/1.0" 200 814 "-" "msnbot/1.0 (+http://search.msn.com/msnbot.htm)"
217.36.32.178 - - [09/Jul/2005:16:03:02 +0000] "GET / HTTP/1.1" 200 826 "-" "MFC_Tear_Sample"
217.219.155.75 - - [09/Jul/2005:16:34:29 +0000] "GET / HTTP/1.1" 200 826 "-" "Mozilla/4.0 (compatible; MSIE 6.0; Windows 98)"
217.219.155.75 - - [09/Jul/2005:16:34:30 +0000] "GET /icons/blank.gif HTTP/1.1" 304 - "http://www.persianart.com/" "Mozilla/4.0 (compatible; MSIE 6.0; Windows 98)"
217.219.155.75 - - [09/Jul/2005:16:34:32 +0000] "GET /icons/back.gif HTTP/1.1" 304 - "http://www.persianart.com/" "Mozilla/4.0 (compatible; MSIE 6.0; Windows 98)"
217.219.155.75 - - [09/Jul/2005:16:34:33 +0000] "GET /icons/unknown.gif HTTP/1.1" 304 - "http://www.persianart.com/" "Mozilla/4.0 (compatible; MSIE 6.0; Windows 98)"
68.142.249.204 - - [09/Jul/2005:17:27:49 +0000] "GET /robots.txt HTTP/1.0" 404 204 "-" "Mozilla/5.0 (compatible; Yahoo! Slurp; http://help.yahoo.com/help/us/ysearch/slurp)"
68.142.251.174 - - [09/Jul/2005:17:27:49 +0000] "GET /access_log HTTP/1.0" 200 168719 "-" "Mozilla/5.0 (compatible; Yahoo! Slurp; http://help.yahoo.com/help/us/ysearch/slurp)"
207.46.98.121 - - [09/Jul/2005:19:10:09 +0000] "GET /robots.txt HTTP/1.0" 404 204 "-" "msnbot/1.0 (+http://search.msn.com/msnbot.htm)"
207.46.98.121 - - [09/Jul/2005:19:10:09 +0000] "GET / HTTP/1.0" 200 814 "-" "msnbot/1.0 (+http://search.msn.com/msnbot.htm)"
207.46.98.121 - - [09/Jul/2005:19:12:55 +0000] "GET /?M=A HTTP/1.0" 200 814 "-" "msnbot/1.0 (+http://search.msn.com/msnbot.htm)"
66.194.6.3 - - [09/Jul/2005:19:59:00 +0000] "GET / HTTP/1.1" 200 826 "-" "Mozilla/4.0 (compatible; MSIE 6.0; Windows NT 5.1; Q312465)"
207.46.98.121 - - [10/Jul/2005:00:57:49 +0000] "GET /robots.txt HTTP/1.0" 404 204 "-" "msnbot/1.0 (+http://search.msn.com/msnbot.htm)"
207.46.98.121 - - [10/Jul/2005:00:57:49 +0000] "GET /?M=A HTTP/1.0" 200 814 "-" "msnbot/1.0 (+http://search.msn.com/msnbot.htm)"
68.142.249.204 - - [10/Jul/2005:02:39:02 +0000] "GET /robots.txt HTTP/1.0" 404 204 "-" "Mozilla/5.0 (compatible; Yahoo! Slurp; http://help.yahoo.com/help/us/ysearch/slurp)"
68.142.250.150 - - [10/Jul/2005:02:39:02 +0000] "GET /?D=D HTTP/1.0" 200 814 "-" "Mozilla/5.0 (compatible; Yahoo! Slurp; http://help.yahoo.com/help/us/ysearch/slurp)"
207.46.98.121 - - [10/Jul/2005:04:50:57 +0000] "GET /robots.txt HTTP/1.0" 404 204 "-" "msnbot/1.0 (+http://search.msn.com/msnbot.htm)"
207.46.98.121 - - [10/Jul/2005:04:50:58 +0000] "GET /error_log HTTP/1.0" 200 25597 "-" "msnbot/1.0 (+http://search.msn.com/msnbot.htm)"
207.46.98.121 - - [10/Jul/2005:06:23:02 +0000] "GET /?M=A HTTP/1.0" 200 814 "-" "msnbot/1.0 (+http://search.msn.com/msnbot.htm)"
217.219.196.91 - - [10/Jul/2005:07:52:25 +0000] "GET / HTTP/1.1" 200 826 "-" "Mozilla/4.0 (compatible; MSIE 6.0; Windows NT 5.1)"
217.219.196.91 - - [10/Jul/2005:07:52:27 +0000] "GET /icons/blank.gif HTTP/1.1" 200 148 "http://www.persianart.com" "Mozilla/4.0 (compatible; MSIE 6.0; Windows NT 5.1)"
217.219.196.91 - - [10/Jul/2005:07:52:28 +0000] "GET /icons/back.gif HTTP/1.1" 200 216 "http://www.persianart.com" "Mozilla/4.0 (compatible; MSIE 6.0; Windows NT 5.1)"
217.219.196.91 - - [10/Jul/2005:07:52:28 +0000] "GET /icons/unknown.gif HTTP/1.1" 200 245 "http://www.persianart.com" "Mozilla/4.0 (compatible; MSIE 6.0; Windows NT 5.1)"
81.19.66.8 - - [10/Jul/2005:09:40:18 +0000] "GET /robots.txt HTTP/1.0" 404 204 "-" "StackRambler/2.0 (MSIE incompatible)"
68.142.249.204 - - [10/Jul/2005:09:51:01 +0000] "GET /robots.txt HTTP/1.0" 404 204 "-" "Mozilla/5.0 (compatible; Yahoo! Slurp; http://help.yahoo.com/help/us/ysearch/slurp)"
68.142.250.193 - - [10/Jul/2005:09:51:01 +0000] "GET /?M=A HTTP/1.0" 200 814 "-" "Mozilla/5.0 (compatible; Yahoo! Slurp; http://help.yahoo.com/help/us/ysearch/slurp)"
207.46.98.121 - - [10/Jul/2005:12:21:23 +0000] "GET /robots.txt HTTP/1.0" 404 204 "-" "msnbot/1.0 (+http://search.msn.com/msnbot.htm)"
207.46.98.121 - - [10/Jul/2005:12:21:24 +0000] "GET /?M=D HTTP/1.0" 200 814 "-" "msnbot/1.0 (+http://search.msn.com/msnbot.htm)"
213.165.116.3 - - [10/Jul/2005:15:10:08 +0000] "GET / HTTP/1.0" 200 814 "-" "Mozilla/4.0 (compatible; MSIE 5.0; Windows 98; DigExt; FunWebProducts)"
213.165.116.3 - - [10/Jul/2005:15:10:11 +0000] "GET /icons/blank.gif HTTP/1.0" 200 148 "http://www.persianart.com/" "Mozilla/4.0 (compatible; MSIE 5.0; Windows 98; DigExt; FunWebProducts)"
213.165.116.3 - - [10/Jul/2005:15:10:11 +0000] "GET /icons/back.gif HTTP/1.0" 200 216 "http://www.persianart.com/" "Mozilla/4.0 (compatible; MSIE 5.0; Windows 98; DigExt; FunWebProducts)"
213.165.116.3 - - [10/Jul/2005:15:10:12 +0000] "GET /icons/unknown.gif HTTP/1.0" 200 245 "http://www.persianart.com/" "Mozilla/4.0 (compatible; MSIE 5.0; Windows 98; DigExt; FunWebProducts)"
213.165.116.3 - - [10/Jul/2005:15:13:25 +0000] "GET /favicon.ico HTTP/1.0" 404 205 "-" "Mozilla/4.0 (compatible; MSIE 5.0; Windows 98; DigExt; FunWebProducts)"
213.165.116.3 - - [10/Jul/2005:15:13:30 +0000] "GET /favicon.ico HTTP/1.0" 404 205 "-" "Mozilla/4.0 (compatible; MSIE 5.0; Windows 98; DigExt; FunWebProducts)"
217.219.195.10 - - [10/Jul/2005:15:20:26 +0000] "GET / HTTP/1.1" 200 826 "-" "Mozilla/4.0 (compatible; MSIE 6.0; Windows NT 5.1)"
68.142.249.204 - - [10/Jul/2005:15:48:04 +0000] "GET /robots.txt HTTP/1.0" 404 204 "-" "Mozilla/5.0 (compatible; Yahoo! Slurp; http://help.yahoo.com/help/us/ysearch/slurp)"
68.142.250.169 - - [10/Jul/2005:15:48:04 +0000] "GET /?N=D HTTP/1.0" 200 814 "-" "Mozilla/5.0 (compatible; Yahoo! Slurp; http://help.yahoo.com/help/us/ysearch/slurp)"
80.253.131.2 - - [10/Jul/2005:16:29:57 +0000] "GET / HTTP/1.0" 200 814 "-" "Mozilla/4.0 (compatible; MSIE 6.0; Windows NT 5.1; DigExt; SV1)"
80.253.131.2 - - [10/Jul/2005:16:29:58 +0000] "GET /icons/blank.gif HTTP/1.0" 200 148 "-" "Mozilla/3.01 (compatible;)"
80.253.131.2 - - [10/Jul/2005:16:29:58 +0000] "GET /icons/unknown.gif HTTP/1.0" 200 245 "-" "Mozilla/3.01 (compatible;)"
80.253.131.2 - - [10/Jul/2005:16:29:58 +0000] "GET /icons/back.gif HTTP/1.0" 200 216 "-" "Mozilla/3.01 (compatible;)"
207.46.98.121 - - [10/Jul/2005:17:48:41 +0000] "GET /robots.txt HTTP/1.0" 404 204 "-" "msnbot/1.0 (+http://search.msn.com/msnbot.htm)"
207.46.98.121 - - [10/Jul/2005:17:48:41 +0000] "GET /?M=D HTTP/1.0" 200 814 "-" "msnbot/1.0 (+http://search.msn.com/msnbot.htm)"
66.207.118.206 - - [10/Jul/2005:18:17:41 +0000] "GET / HTTP/1.1" 200 826 "-" "Mozilla/4.0 (compatible; MSIE 6.0; Windows NT 5.1; .NET CLR 1.1.4322)"
66.207.118.206 - - [10/Jul/2005:18:17:47 +0000] "GET /access_log HTTP/1.1" 200 174206 "-" "Mozilla/4.0 (compatible; MSIE 6.0; Windows NT 5.1; .NET CLR 1.1.4322)"
207.46.98.121 - - [10/Jul/2005:23:22:40 +0000] "GET /robots.txt HTTP/1.0" 404 204 "-" "msnbot/1.0 (+http://search.msn.com/msnbot.htm)"
207.46.98.121 - - [10/Jul/2005:23:22:40 +0000] "GET /?M=D HTTP/1.0" 200 814 "-" "msnbot/1.0 (+http://search.msn.com/msnbot.htm)"
68.142.249.204 - - [11/Jul/2005:03:20:09 +0000] "GET /robots.txt HTTP/1.0" 404 204 "-" "Mozilla/5.0 (compatible; Yahoo! Slurp; http://help.yahoo.com/help/us/ysearch/slurp)"
68.142.251.179 - - [11/Jul/2005:03:20:10 +0000] "GET /error_log HTTP/1.0" 200 26760 "-" "Mozilla/5.0 (compatible; Yahoo! Slurp; http://help.yahoo.com/help/us/ysearch/slurp)"
207.46.98.121 - - [11/Jul/2005:04:56:42 +0000] "GET /robots.txt HTTP/1.0" 404 204 "-" "msnbot/1.0 (+http://search.msn.com/msnbot.htm)"
207.46.98.121 - - [11/Jul/2005:04:56:42 +0000] "GET /?M=D HTTP/1.0" 200 814 "-" "msnbot/1.0 (+http://search.msn.com/msnbot.htm)"
68.142.249.204 - - [11/Jul/2005:05:36:03 +0000] "GET /robots.txt HTTP/1.0" 404 204 "-" "Mozilla/5.0 (compatible; Yahoo! Slurp; http://help.yahoo.com/help/us/ysearch/slurp)"
68.142.251.174 - - [11/Jul/2005:05:36:04 +0000] "GET /access_log HTTP/1.0" 200 175416 "-" "Mozilla/5.0 (compatible; Yahoo! Slurp; http://help.yahoo.com/help/us/ysearch/slurp)"
68.142.249.204 - - [11/Jul/2005:07:03:09 +0000] "GET /robots.txt HTTP/1.0" 404 204 "-" "Mozilla/5.0 (compatible; Yahoo! Slurp; http://help.yahoo.com/help/us/ysearch/slurp)"
68.142.251.52 - - [11/Jul/2005:07:03:10 +0000] "GET /?N=A HTTP/1.0" 200 814 "-" "Mozilla/5.0 (compatible; Yahoo! Slurp; http://help.yahoo.com/help/us/ysearch/slurp)"
217.219.195.10 - - [11/Jul/2005:10:33:32 +0000] "GET / HTTP/1.1" 200 826 "-" "Mozilla/4.0 (compatible; MSIE 6.0; Windows NT 5.1)"
207.46.98.121 - - [11/Jul/2005:11:45:42 +0000] "GET /robots.txt HTTP/1.0" 404 204 "-" "msnbot/1.0 (+http://search.msn.com/msnbot.htm)"
207.46.98.121 - - [11/Jul/2005:11:45:42 +0000] "GET /?M=D HTTP/1.0" 200 814 "-" "msnbot/1.0 (+http://search.msn.com/msnbot.htm)"
85.185.142.44 - - [11/Jul/2005:13:08:31 +0000] "GET / HTTP/1.1" 200 826 "http://www.google.com/" "Mozilla/4.0 (compatible; MSIE 6.0; Windows NT 5.1; SV1)"
85.185.142.44 - - [11/Jul/2005:13:08:31 +0000] "GET /icons/back.gif HTTP/1.1" 200 216 "http://www.persianart.com/" "Mozilla/4.0 (compatible; MSIE 6.0; Windows NT 5.1; SV1)"
85.185.142.44 - - [11/Jul/2005:13:08:32 +0000] "GET /icons/blank.gif HTTP/1.1" 200 148 "http://www.persianart.com/" "Mozilla/4.0 (compatible; MSIE 6.0; Windows NT 5.1; SV1)"
85.185.142.44 - - [11/Jul/2005:13:08:32 +0000] "GET /icons/unknown.gif HTTP/1.1" 200 245 "http://www.persianart.com/" "Mozilla/4.0 (compatible; MSIE 6.0; Windows NT 5.1; SV1)"
216.145.16.240 - - [11/Jul/2005:14:01:11 +0000] "GET /robots.txt HTTP/1.1" 404 216 "http://www.whois.sc/" "SurveyBot/2.3 (Whois Source)"
216.145.16.240 - - [11/Jul/2005:14:01:11 +0000] "GET / HTTP/1.1" 200 826 "http://www.whois.sc/persianart.com" "SurveyBot/2.3 (Whois Source)"
207.46.98.121 - - [11/Jul/2005:16:44:47 +0000] "GET /robots.txt HTTP/1.0" 404 204 "-" "msnbot/1.0 (+http://search.msn.com/msnbot.htm)"
207.46.98.121 - - [11/Jul/2005:16:44:47 +0000] "GET /?M=D HTTP/1.0" 200 814 "-" "msnbot/1.0 (+http://search.msn.com/msnbot.htm)"
68.142.249.204 - - [11/Jul/2005:17:52:32 +0000] "GET /robots.txt HTTP/1.0" 404 204 "-" "Mozilla/5.0 (compatible; Yahoo! Slurp; http://help.yahoo.com/help/us/ysearch/slurp)"
68.142.251.181 - - [11/Jul/2005:17:52:32 +0000] "GET / HTTP/1.0" 200 814 "-" "Mozilla/5.0 (compatible; Yahoo! Slurp; http://help.yahoo.com/help/us/ysearch/slurp)"
217.218.222.28 - - [11/Jul/2005:19:32:53 +0000] "GET / HTTP/1.1" 200 826 "-" "Mozilla/4.0 (compatible; MSIE 6.0; Windows NT 5.1)"
217.218.222.28 - - [11/Jul/2005:19:32:54 +0000] "GET /icons/blank.gif HTTP/1.1" 200 148 "http://www.persianart.com/" "Mozilla/4.0 (compatible; MSIE 6.0; Windows NT 5.1)"
217.218.222.28 - - [11/Jul/2005:19:32:55 +0000] "GET /icons/back.gif HTTP/1.1" 200 216 "http://www.persianart.com/" "Mozilla/4.0 (compatible; MSIE 6.0; Windows NT 5.1)"
217.218.222.28 - - [11/Jul/2005:19:32:56 +0000] "GET /icons/unknown.gif HTTP/1.1" 200 245 "http://www.persianart.com/" "Mozilla/4.0 (compatible; MSIE 6.0; Windows NT 5.1)"
217.218.222.28 - - [11/Jul/2005:19:33:22 +0000] "GET / HTTP/1.1" 200 826 "http://www.persianart.com/" "Mozilla/4.0 (compatible; MSIE 6.0; Windows NT 5.1)"
217.218.222.28 - - [11/Jul/2005:19:41:55 +0000] "GET /WS_FTP.LOG HTTP/1.1" 200 440 "http://www.persianart.com/" "Mozilla/4.0 (compatible; MSIE 6.0; Windows NT 5.1)"
213.215.82.32 - - [11/Jul/2005:21:51:45 +0000] "GET /access_log HTTP/1.1" 200 65536 "http://search.yahoo.com/search?p=62.168.65.18&sm=Yahoo%21+Search&fr=FP-tab-web-t&toggle=1&cop=&ei=UTF-8" "Mozilla/5.0 (Windows; U; Windows NT 5.1; cs-CZ; rv:1.7.7) Gecko/20050414 Firefox/1.0.3"
217.219.199.160 - - [12/Jul/2005:00:48:51 +0000] "GET / HTTP/1.1" 200 826 "-" "Mozilla/4.0 (compatible; MSIE 6.0; Windows NT 5.1)"
217.219.199.160 - - [12/Jul/2005:01:13:51 +0000] "GET / HTTP/1.1" 200 826 "-" "Mozilla/4.0 (compatible; MSIE 6.0; Windows NT 5.1)"
68.142.249.204 - - [12/Jul/2005:06:15:00 +0000] "GET /robots.txt HTTP/1.0" 404 204 "-" "Mozilla/5.0 (compatible; Yahoo! Slurp; http://help.yahoo.com/help/us/ysearch/slurp)"
68.142.250.75 - - [12/Jul/2005:06:15:00 +0000] "GET /?D=A HTTP/1.0" 200 814 "-" "Mozilla/5.0 (compatible; Yahoo! Slurp; http://help.yahoo.com/help/us/ysearch/slurp)"
84.47.192.2 - - [12/Jul/2005:08:19:28 +0000] "GET / HTTP/1.0" 200 814 "http://www.google.com/search?hl=en&q=persianart" "Mozilla/4.0 (compatible; MSIE 6.0; Windows NT 5.1; SV1)"
84.47.192.2 - - [12/Jul/2005:08:19:29 +0000] "GET /icons/blank.gif HTTP/1.0" 200 148 "http://www.persianart.com/" "Mozilla/4.0 (compatible; MSIE 6.0; Windows NT 5.1; SV1)"
84.47.192.2 - - [12/Jul/2005:08:19:29 +0000] "GET /icons/back.gif HTTP/1.0" 200 216 "http://www.persianart.com/" "Mozilla/4.0 (compatible; MSIE 6.0; Windows NT 5.1; SV1)"
84.47.192.2 - - [12/Jul/2005:08:19:30 +0000] "GET /icons/unknown.gif HTTP/1.0" 200 245 "http://www.persianart.com/" "Mozilla/4.0 (compatible; MSIE 6.0; Windows NT 5.1; SV1)"
193.13.200.10 - - [12/Jul/2005:10:50:35 +0000] "GET / HTTP/1.0" 200 814 "-" "Mozilla/4.0 (compatible; MSIE 6.0; Windows NT 5.0; .NET CLR 1.0.3705; .NET CLR 1.1.4322)"
193.13.200.10 - - [12/Jul/2005:10:50:36 +0000] "GET /icons/back.gif HTTP/1.0" 200 216 "http://www.persianart.com/" "Mozilla/4.0 (compatible; MSIE 6.0; Windows NT 5.0; .NET CLR 1.0.3705; .NET CLR 1.1.4322)"
193.13.200.10 - - [12/Jul/2005:10:50:36 +0000] "GET /icons/blank.gif HTTP/1.0" 200 148 "http://www.persianart.com/" "Mozilla/4.0 (compatible; MSIE 6.0; Windows NT 5.0; .NET CLR 1.0.3705; .NET CLR 1.1.4322)"
193.13.200.10 - - [12/Jul/2005:10:50:36 +0000] "GET /icons/unknown.gif HTTP/1.0" 200 245 "http://www.persianart.com/" "Mozilla/4.0 (compatible; MSIE 6.0; Windows NT 5.0; .NET CLR 1.0.3705; .NET CLR 1.1.4322)"
83.139.8.6 - - [12/Jul/2005:13:16:10 +0000] "GET / HTTP/1.1" 200 826 "-" "Mozilla/4.0 (compatible; MSIE 6.0; Windows NT 5.1; SV1)"
83.139.8.6 - - [12/Jul/2005:13:16:11 +0000] "GET /icons/blank.gif HTTP/1.1" 200 148 "http://www.persianart.com/" "Mozilla/4.0 (compatible; MSIE 6.0; Windows NT 5.1; SV1)"
83.139.8.6 - - [12/Jul/2005:13:16:11 +0000] "GET /icons/back.gif HTTP/1.1" 200 216 "http://www.persianart.com/" "Mozilla/4.0 (compatible; MSIE 6.0; Windows NT 5.1; SV1)"
83.139.8.6 - - [12/Jul/2005:13:16:12 +0000] "GET /icons/unknown.gif HTTP/1.1" 200 245 "http://www.persianart.com/" "Mozilla/4.0 (compatible; MSIE 6.0; Windows NT 5.1; SV1)"
83.139.8.6 - - [12/Jul/2005:13:17:07 +0000] "GET /?M=A HTTP/1.1" 200 826 "http://www.persianart.com" "Mozilla/4.0 (compatible; MSIE 6.0; Windows NT 5.1; SV1)"
68.142.249.191 - - [12/Jul/2005:19:25:00 +0000] "GET /robots.txt HTTP/1.0" 404 204 "-" "Mozilla/5.0 (compatible; Yahoo! Slurp; http://help.yahoo.com/help/us/ysearch/slurp)"
68.142.250.139 - - [12/Jul/2005:19:25:00 +0000] "GET /?M=D HTTP/1.0" 200 814 "-" "Mozilla/5.0 (compatible; Yahoo! Slurp; http://help.yahoo.com/help/us/ysearch/slurp)"
66.194.6.77 - - [12/Jul/2005:20:41:38 +0000] "GET / HTTP/1.1" 200 826 "-" "Mozilla/5.0 (compatible; Konqueror/3.0-rc2; i686 Linux; 20020221)"
24.202.29.204 - - [12/Jul/2005:20:41:57 +0000] "GET /access_log HTTP/1.1" 200 182492 "http://ca.search.yahoo.com/search?p=persianart&ei=UTF-8&fr=FP-tab-web-t&fl=0&x=wrt&meta=vc%3D" "Mozilla/4.0 (compatible; MSIE 6.0; Windows NT 5.1; SV1)"
84.11.38.142 - - [12/Jul/2005:20:45:09 +0000] "GET / HTTP/1.0" 200 814 "-" "Mozilla/4.0 (compatible; MSIE 6.0; Windows NT 5.1)"
84.11.38.142 - - [12/Jul/2005:20:45:11 +0000] "GET /icons/blank.gif HTTP/1.0" 200 148 "http://www.persianart.com" "Mozilla/4.0 (compatible; MSIE 6.0; Windows NT 5.1)"
84.11.38.142 - - [12/Jul/2005:20:45:11 +0000] "GET /icons/back.gif HTTP/1.0" 200 216 "http://www.persianart.com" "Mozilla/4.0 (compatible; MSIE 6.0; Windows NT 5.1)"
84.11.38.142 - - [12/Jul/2005:20:45:11 +0000] "GET /icons/unknown.gif HTTP/1.0" 200 245 "http://www.persianart.com" "Mozilla/4.0 (compatible; MSIE 6.0; Windows NT 5.1)"
84.11.38.142 - - [12/Jul/2005:20:47:18 +0000] "GET /WS_FTP.LOG HTTP/1.0" 200 440 "http://www.persianart.com/" "Mozilla/4.0 (compatible; MSIE 6.0; Windows NT 5.1)"
81.12.0.243 - - [12/Jul/2005:20:54:01 +0000] "GET / HTTP/1.0" 200 814 "-" "Mozilla/4.0 (compatible; MSIE 6.0; Windows NT 5.1; .NET CLR 1.1.4322)"
81.12.0.243 - - [12/Jul/2005:20:54:05 +0000] "GET /icons/back.gif HTTP/1.0" 200 216 "http://www.persianart.com/" "Mozilla/4.0 (compatible; MSIE 6.0; Windows NT 5.1; .NET CLR 1.1.4322)"
81.12.0.232 - - [12/Jul/2005:20:54:07 +0000] "GET /icons/blank.gif HTTP/1.0" 200 148 "http://www.persianart.com/" "Mozilla/4.0 (compatible; MSIE 6.0; Windows NT 5.1; .NET CLR 1.1.4322)"
81.12.0.230 - - [12/Jul/2005:20:54:07 +0000] "GET /icons/unknown.gif HTTP/1.0" 200 245 "http://www.persianart.com/" "Mozilla/4.0 (compatible; MSIE 6.0; Windows NT 5.1; .NET CLR 1.1.4322)"
207.46.98.121 - - [12/Jul/2005:23:42:09 +0000] "GET /robots.txt HTTP/1.0" 404 204 "-" "msnbot/1.0 (+http://search.msn.com/msnbot.htm)"
207.46.98.121 - - [12/Jul/2005:23:42:09 +0000] "GET / HTTP/1.0" 200 814 "-" "msnbot/1.0 (+http://search.msn.com/msnbot.htm)"
68.142.249.204 - - [13/Jul/2005:01:39:20 +0000] "GET /robots.txt HTTP/1.0" 404 204 "-" "Mozilla/5.0 (compatible; Yahoo! Slurp; http://help.yahoo.com/help/us/ysearch/slurp)"
68.142.251.98 - - [13/Jul/2005:01:39:20 +0000] "GET /?D=D HTTP/1.0" 200 814 "-" "Mozilla/5.0 (compatible; Yahoo! Slurp; http://help.yahoo.com/help/us/ysearch/slurp)"
207.200.116.12 - - [13/Jul/2005:02:54:17 +0000] "GET / HTTP/1.0" 200 814 "-" "Mozilla/4.0 (compatible; MSIE 6.0; AOL 9.0; Windows NT 5.1; SV1)"
207.200.116.8 - - [13/Jul/2005:02:54:18 +0000] "GET /icons/blank.gif HTTP/1.0" 200 148 "http://www.persianart.com/" "Mozilla/4.0 (compatible; MSIE 6.0; AOL 9.0; Windows NT 5.1; SV1)"
207.200.116.5 - - [13/Jul/2005:02:54:18 +0000] "GET /icons/back.gif HTTP/1.0" 200 216 "http://www.persianart.com/" "Mozilla/4.0 (compatible; MSIE 6.0; AOL 9.0; Windows NT 5.1; SV1)"
207.200.116.65 - - [13/Jul/2005:02:54:18 +0000] "GET /icons/unknown.gif HTTP/1.0" 200 245 "http://www.persianart.com/" "Mozilla/4.0 (compatible; MSIE 6.0; AOL 9.0; Windows NT 5.1; SV1)"
66.249.65.101 - - [13/Jul/2005:03:14:03 +0000] "GET /robots.txt HTTP/1.1" 404 216 "-" "Mozilla/5.0 (compatible; Googlebot/2.1; +http://www.google.com/bot.html)"
66.249.65.101 - - [13/Jul/2005:03:14:03 +0000] "GET /error_log HTTP/1.1" 200 28315 "-" "Mozilla/5.0 (compatible; Googlebot/2.1; +http://www.google.com/bot.html)"
66.249.65.101 - - [13/Jul/2005:03:16:16 +0000] "GET /access_log HTTP/1.1" 200 185846 "-" "Mozilla/5.0 (compatible; Googlebot/2.1; +http://www.google.com/bot.html)"
66.249.65.101 - - [13/Jul/2005:03:19:59 +0000] "GET /WS_FTP.LOG HTTP/1.1" 200 440 "-" "Mozilla/5.0 (compatible; Googlebot/2.1; +http://www.google.com/bot.html)"
66.249.65.101 - - [13/Jul/2005:03:22:03 +0000] "GET /?S=A HTTP/1.1" 200 826 "-" "Mozilla/5.0 (compatible; Googlebot/2.1; +http://www.google.com/bot.html)"
68.142.250.23 - - [13/Jul/2005:03:41:09 +0000] "GET /robots.txt HTTP/1.0" 404 204 "-" "Mozilla/5.0 (compatible; Yahoo! Slurp; http://help.yahoo.com/help/us/ysearch/slurp)"
68.142.251.179 - - [13/Jul/2005:03:41:09 +0000] "GET /error_log HTTP/1.0" 200 28444 "-" "Mozilla/5.0 (compatible; Yahoo! Slurp; http://help.yahoo.com/help/us/ysearch/slurp)"
207.46.98.121 - - [13/Jul/2005:05:31:37 +0000] "GET /robots.txt HTTP/1.0" 404 204 "-" "msnbot/1.0 (+http://search.msn.com/msnbot.htm)"
207.46.98.121 - - [13/Jul/2005:05:31:37 +0000] "GET / HTTP/1.0" 200 814 "-" "msnbot/1.0 (+http://search.msn.com/msnbot.htm)"
212.95.252.16 - - [13/Jul/2005:10:19:30 +0000] "GET / HTTP/1.0" 200 814 "-" "Mozilla/4.0 (compatible; MSIE 6.0; Windows NT 5.1)"
207.46.98.121 - - [13/Jul/2005:10:20:11 +0000] "GET /robots.txt HTTP/1.0" 404 204 "-" "msnbot/1.0 (+http://search.msn.com/msnbot.htm)"
207.46.98.121 - - [13/Jul/2005:10:20:11 +0000] "GET / HTTP/1.0" 200 814 "-" "msnbot/1.0 (+http://search.msn.com/msnbot.htm)"
68.142.250.23 - - [13/Jul/2005:13:34:59 +0000] "GET /robots.txt HTTP/1.0" 404 204 "-" "Mozilla/5.0 (compatible; Yahoo! Slurp; http://help.yahoo.com/help/us/ysearch/slurp)"
68.142.249.102 - - [13/Jul/2005:13:34:59 +0000] "GET /?S=A HTTP/1.0" 200 814 "-" "Mozilla/5.0 (compatible; Yahoo! Slurp; http://help.yahoo.com/help/us/ysearch/slurp)"
207.46.98.121 - - [13/Jul/2005:15:10:45 +0000] "GET / HTTP/1.0" 200 814 "-" "msnbot/1.0 (+http://search.msn.com/msnbot.htm)"
66.249.65.101 - - [13/Jul/2005:15:29:53 +0000] "GET /robots.txt HTTP/1.1" 404 216 "-" "Mozilla/5.0 (compatible; Googlebot/2.1; +http://www.google.com/bot.html)"
66.249.65.101 - - [13/Jul/2005:15:29:53 +0000] "GET / HTTP/1.1" 200 826 "-" "Mozilla/5.0 (compatible; Googlebot/2.1; +http://www.google.com/bot.html)"
84.241.10.4 - - [13/Jul/2005:15:52:57 +0000] "GET / HTTP/1.1" 200 826 "-" "Mozilla/4.0 (compatible; MSIE 6.0; Windows NT 5.1)"
84.241.10.4 - - [13/Jul/2005:15:52:58 +0000] "GET /icons/blank.gif HTTP/1.1" 200 148 "http://www.persianart.com/" "Mozilla/4.0 (compatible; MSIE 6.0; Windows NT 5.1)"
84.241.10.4 - - [13/Jul/2005:15:52:59 +0000] "GET /icons/back.gif HTTP/1.1" 200 216 "http://www.persianart.com/" "Mozilla/4.0 (compatible; MSIE 6.0; Windows NT 5.1)"
84.241.10.4 - - [13/Jul/2005:15:52:59 +0000] "GET / HTTP/1.1" 200 826 "-" "Mozilla/4.0 (compatible; MSIE 6.0; Windows NT 5.1)"
84.241.10.4 - - [13/Jul/2005:15:53:00 +0000] "GET /icons/unknown.gif HTTP/1.1" 200 245 "http://www.persianart.com/" "Mozilla/4.0 (compatible; MSIE 6.0; Windows NT 5.1)"
84.241.10.4 - - [13/Jul/2005:15:55:19 +0000] "GET / HTTP/1.1" 200 826 "-" "Mozilla/4.0 (compatible; MSIE 6.0; Windows NT 5.1)"
84.241.10.4 - - [13/Jul/2005:15:55:21 +0000] "GET / HTTP/1.1" 200 826 "-" "Mozilla/4.0 (compatible; MSIE 6.0; Windows NT 5.1)"
84.241.10.4 - - [13/Jul/2005:15:55:56 +0000] "GET / HTTP/1.1" 200 826 "http://www.persianart.com/" "Mozilla/4.0 (compatible; MSIE 6.0; Windows NT 5.1)"
84.241.10.4 - - [13/Jul/2005:15:55:58 +0000] "GET / HTTP/1.1" 200 826 "-" "Mozilla/4.0 (compatible; MSIE 6.0; Windows NT 5.1)"
84.241.10.4 - - [13/Jul/2005:15:56:09 +0000] "GET /WS_FTP.LOG HTTP/1.1" 200 440 "http://www.persianart.com/" "Mozilla/4.0 (compatible; MSIE 6.0; Windows NT 5.1)"
84.241.10.4 - - [13/Jul/2005:15:56:10 +0000] "GET / HTTP/1.1" 200 826 "-" "Mozilla/4.0 (compatible; MSIE 6.0; Windows NT 5.1)"
207.46.98.121 - - [13/Jul/2005:20:05:28 +0000] "GET /robots.txt HTTP/1.0" 404 204 "-" "msnbot/1.0 (+http://search.msn.com/msnbot.htm)"
207.46.98.121 - - [13/Jul/2005:20:05:28 +0000] "GET / HTTP/1.0" 200 814 "-" "msnbot/1.0 (+http://search.msn.com/msnbot.htm)"
65.165.88.1 - - [14/Jul/2005:01:29:34 +0000] "GET /error_log HTTP/1.1" 200 29089 "http://search.msn.com/results.aspx?FORM=TOOLBR&q=persianart" "Mozilla/4.0 (compatible; MSIE 6.0; Windows 98)"
65.165.88.1 - - [14/Jul/2005:01:33:38 +0000] "GET /access_log HTTP/1.1" 200 190127 "http://search.msn.com/results.aspx?FORM=TOOLBR&q=persianart" "Mozilla/4.0 (compatible; MSIE 6.0; Windows 98)"
64.242.88.50 - - [14/Jul/2005:02:53:04 +0000] "GET /robots.txt HTTP/1.1" 404 216 "-" "Mozilla/4.0 compatible ZyBorg/1.0 Dead Link Checker (wn.dlc@looksmart.net; http://www.WISEnutbot.com)"
67.174.53.231 - - [14/Jul/2005:04:35:42 +0000] "GET / HTTP/1.1" 200 826 "-" "Mozilla/4.0 (compatible; MSIE 6.0; Windows NT 5.1; SV1; .NET CLR 1.1.4322)"
67.174.53.231 - - [14/Jul/2005:04:35:43 +0000] "GET /icons/blank.gif HTTP/1.1" 200 148 "http://www.persianart.com/" "Mozilla/4.0 (compatible; MSIE 6.0; Windows NT 5.1; SV1; .NET CLR 1.1.4322)"
67.174.53.231 - - [14/Jul/2005:04:35:43 +0000] "GET /icons/back.gif HTTP/1.1" 200 216 "http://www.persianart.com/" "Mozilla/4.0 (compatible; MSIE 6.0; Windows NT 5.1; SV1; .NET CLR 1.1.4322)"
67.174.53.231 - - [14/Jul/2005:04:35:43 +0000] "GET /icons/unknown.gif HTTP/1.1" 200 245 "http://www.persianart.com/" "Mozilla/4.0 (compatible; MSIE 6.0; Windows NT 5.1; SV1; .NET CLR 1.1.4322)"
68.142.250.65 - - [14/Jul/2005:05:25:03 +0000] "GET /robots.txt HTTP/1.0" 404 204 "-" "Mozilla/5.0 (compatible; Yahoo! Slurp; http://help.yahoo.com/help/us/ysearch/slurp)"
68.142.250.193 - - [14/Jul/2005:05:25:13 +0000] "GET /?M=A HTTP/1.0" 200 814 "-" "Mozilla/5.0 (compatible; Yahoo! Slurp; http://help.yahoo.com/help/us/ysearch/slurp)"
68.142.251.179 - - [14/Jul/2005:05:27:34 +0000] "GET /error_log HTTP/1.0" 200 29346 "-" "Mozilla/5.0 (compatible; Yahoo! Slurp; http://help.yahoo.com/help/us/ysearch/slurp)"
204.14.48.4 - - [14/Jul/2005:08:48:55 +0000] "GET / HTTP/1.0" 200 814 "-" "cfetch/1.0"
204.14.48.4 - - [14/Jul/2005:08:48:55 +0000] "GET / HTTP/1.0" 200 814 "-" "cfetch/1.0"
204.14.48.4 - - [14/Jul/2005:08:48:55 +0000] "GET /robots.txt HTTP/1.0" 404 204 "-" "cfetch/1.0"
213.42.2.11 - - [14/Jul/2005:09:04:56 +0000] "GET / HTTP/1.1" 200 826 "-" "Mozilla/4.0 (compatible; MSIE 6.0; Windows NT 5.1; SV1; Media Center PC 3.0; .NET CLR 1.0.3705)"
213.42.2.11 - - [14/Jul/2005:09:04:57 +0000] "GET /icons/blank.gif HTTP/1.1" 200 148 "http://www.persianart.com/" "Mozilla/4.0 (compatible; MSIE 6.0; Windows NT 5.1; SV1; Media Center PC 3.0; .NET CLR 1.0.3705)"
213.42.2.11 - - [14/Jul/2005:09:04:58 +0000] "GET /icons/unknown.gif HTTP/1.1" 200 245 "http://www.persianart.com/" "Mozilla/4.0 (compatible; MSIE 6.0; Windows NT 5.1; SV1; Media Center PC 3.0; .NET CLR 1.0.3705)"
213.42.2.28 - - [14/Jul/2005:09:04:58 +0000] "GET /icons/back.gif HTTP/1.1" 200 216 "http://www.persianart.com/" "Mozilla/4.0 (compatible; MSIE 6.0; Windows NT 5.1; SV1; Media Center PC 3.0; .NET CLR 1.0.3705)"
213.42.2.11 - - [14/Jul/2005:09:05:20 +0000] "GET /access_log HTTP/1.1" 200 192836 "http://www.persianart.com/" "Mozilla/4.0 (compatible; MSIE 6.0; Windows NT 5.1; SV1; Media Center PC 3.0; .NET CLR 1.0.3705)"
80.253.141.252 - - [14/Jul/2005:10:23:19 +0000] "GET / HTTP/1.1" 200 826 "-" "Mozilla/4.0 (compatible; MSIE 6.0; Windows NT 5.1)"
80.253.141.252 - - [14/Jul/2005:10:23:24 +0000] "GET /icons/back.gif HTTP/1.1" 200 216 "http://www.persianart.com" "Mozilla/4.0 (compatible; MSIE 6.0; Windows NT 5.1)"
80.253.141.252 - - [14/Jul/2005:10:23:29 +0000] "GET /icons/blank.gif HTTP/1.1" 200 148 "http://www.persianart.com" "Mozilla/4.0 (compatible; MSIE 6.0; Windows NT 5.1)"
80.253.141.252 - - [14/Jul/2005:10:23:30 +0000] "GET /icons/unknown.gif HTTP/1.1" 200 245 "http://www.persianart.com" "Mozilla/4.0 (compatible; MSIE 6.0; Windows NT 5.1)"
80.253.141.252 - - [14/Jul/2005:10:33:31 +0000] "GET /access_log HTTP/1.1" 200 131072 "http://www.persianart.com" "Mozilla/4.0 (compatible; MSIE 6.0; Windows NT 5.1)"
68.142.250.65 - - [14/Jul/2005:10:44:06 +0000] "GET /robots.txt HTTP/1.0" 404 204 "-" "Mozilla/5.0 (compatible; Yahoo! Slurp; http://help.yahoo.com/help/us/ysearch/slurp)"
68.142.250.169 - - [14/Jul/2005:10:44:06 +0000] "GET /?N=D HTTP/1.0" 200 814 "-" "Mozilla/5.0 (compatible; Yahoo! Slurp; http://help.yahoo.com/help/us/ysearch/slurp)"
217.219.162.114 - - [14/Jul/2005:11:30:31 +0000] "GET / HTTP/1.1" 200 826 "-" "Mozilla/4.0 (compatible; MSIE 6.0; Windows NT 5.1; SV1)"
217.219.162.114 - - [14/Jul/2005:11:30:33 +0000] "GET /icons/blank.gif HTTP/1.1" 200 148 "http://www.persianart.com" "Mozilla/4.0 (compatible; MSIE 6.0; Windows NT 5.1; SV1)"
217.219.162.114 - - [14/Jul/2005:11:30:33 +0000] "GET /icons/back.gif HTTP/1.1" 200 216 "http://www.persianart.com" "Mozilla/4.0 (compatible; MSIE 6.0; Windows NT 5.1; SV1)"
217.219.162.114 - - [14/Jul/2005:11:30:34 +0000] "GET /icons/unknown.gif HTTP/1.1" 200 245 "http://www.persianart.com" "Mozilla/4.0 (compatible; MSIE 6.0; Windows NT 5.1; SV1)"
217.219.162.114 - - [14/Jul/2005:11:30:42 +0000] "GET /?M=A HTTP/1.1" 200 826 "http://www.persianart.com" "Mozilla/4.0 (compatible; MSIE 6.0; Windows NT 5.1; SV1)"
217.219.53.252 - - [14/Jul/2005:11:49:48 +0000] "GET / HTTP/1.1" 200 826 "-" "Mozilla/4.0 (compatible; MSIE 6.0; Windows NT 5.1; en) Opera 8.0"
217.219.53.252 - - [14/Jul/2005:11:49:49 +0000] "GET /icons/blank.gif HTTP/1.1" 200 148 "http://www.persianart.com/" "Mozilla/4.0 (compatible; MSIE 6.0; Windows NT 5.1; en) Opera 8.0"
217.219.53.252 - - [14/Jul/2005:11:49:50 +0000] "GET /icons/back.gif HTTP/1.1" 200 216 "http://www.persianart.com/" "Mozilla/4.0 (compatible; MSIE 6.0; Windows NT 5.1; en) Opera 8.0"
217.219.53.252 - - [14/Jul/2005:11:49:52 +0000] "GET /icons/unknown.gif HTTP/1.1" 200 245 "http://www.persianart.com/" "Mozilla/4.0 (compatible; MSIE 6.0; Windows NT 5.1; en) Opera 8.0"
217.219.53.252 - - [14/Jul/2005:11:49:52 +0000] "GET /favicon.ico HTTP/1.1" 404 217 "http://www.persianart.com/" "Mozilla/4.0 (compatible; MSIE 6.0; Windows NT 5.1; en) Opera 8.0"
68.142.250.65 - - [14/Jul/2005:12:04:24 +0000] "GET /robots.txt HTTP/1.0" 404 204 "-" "Mozilla/5.0 (compatible; Yahoo! Slurp; http://help.yahoo.com/help/us/ysearch/slurp)"
68.142.251.174 - - [14/Jul/2005:12:04:28 +0000] "GET /access_log HTTP/1.0" 200 196065 "-" "Mozilla/5.0 (compatible; Yahoo! Slurp; http://help.yahoo.com/help/us/ysearch/slurp)"
62.114.60.68 - - [14/Jul/2005:14:06:00 +0000] "GET /access_log HTTP/1.1" 200 163840 "http://www.altavista.com/web/results?pg=q&what=web&fmt=.&q=persianart" "Mozilla/4.0 (compatible; MSIE 6.0; Windows NT 5.1; Smart Explorer 6.1)"
217.219.194.3 - - [14/Jul/2005:18:37:24 +0000] "GET / HTTP/1.1" 200 826 "-" "Mozilla/4.0 (compatible; MSIE 6.0; Windows NT 5.1)"
217.219.194.3 - - [14/Jul/2005:18:37:49 +0000] "GET /?M=A HTTP/1.1" 200 826 "http://www.persianart.com" "Mozilla/4.0 (compatible; MSIE 6.0; Windows NT 5.1)"
217.219.194.3 - - [14/Jul/2005:18:38:33 +0000] "GET /?M=A HTTP/1.1" 200 826 "http://www.persianart.com" "Mozilla/4.0 (compatible; MSIE 6.0; Windows NT 5.1)"
217.219.194.3 - - [14/Jul/2005:18:38:36 +0000] "GET /?M=A HTTP/1.1" 200 826 "http://www.persianart.com" "Mozilla/4.0 (compatible; MSIE 6.0; Windows NT 5.1)"
217.219.194.3 - - [14/Jul/2005:18:39:00 +0000] "GET / HTTP/1.1" 200 826 "-" "Mozilla/4.0 (compatible; MSIE 6.0; Windows NT 5.1)"
217.219.194.3 - - [14/Jul/2005:18:39:22 +0000] "GET / HTTP/1.1" 200 826 "-" "Mozilla/4.0 (compatible; MSIE 6.0; Windows NT 5.1)"
217.219.194.3 - - [14/Jul/2005:19:06:02 +0000] "GET / HTTP/1.1" 200 826 "-" "Mozilla/4.0 (compatible; MSIE 6.0; Windows NT 5.1)"
217.219.194.3 - - [14/Jul/2005:19:06:04 +0000] "GET / HTTP/1.1" 200 826 "-" "Mozilla/4.0 (compatible; MSIE 6.0; Windows NT 5.1)"
217.219.194.9 - - [14/Jul/2005:19:15:35 +0000] "GET / HTTP/1.1" 200 826 "-" "Mozilla/4.0 (compatible; MSIE 6.0; Windows NT 5.1)"
80.76.228.7 - - [14/Jul/2005:21:56:51 +0000] "GET / HTTP/1.0" 200 814 "-" "Mozilla/4.0 (compatible; MSIE 6.0; Windows NT 5.1; SV1)"
80.76.228.7 - - [14/Jul/2005:21:56:53 +0000] "GET /icons/blank.gif HTTP/1.0" 200 148 "http://www.persianart.com/" "Mozilla/4.0 (compatible; MSIE 6.0; Windows NT 5.1; SV1)"
80.76.228.7 - - [14/Jul/2005:21:56:56 +0000] "GET /icons/back.gif HTTP/1.0" 200 216 "http://www.persianart.com/" "Mozilla/4.0 (compatible; MSIE 6.0; Windows NT 5.1; SV1)"
80.76.228.7 - - [14/Jul/2005:21:56:56 +0000] "GET /icons/unknown.gif HTTP/1.0" 200 245 "http://www.persianart.com/" "Mozilla/4.0 (compatible; MSIE 6.0; Windows NT 5.1; SV1)"
80.76.228.7 - - [14/Jul/2005:21:57:05 +0000] "GET / HTTP/1.0" 200 814 "http://www.persianart.com/" "Mozilla/4.0 (compatible; MSIE 6.0; Windows NT 5.1; SV1)"
66.249.71.67 - - [14/Jul/2005:22:44:18 +0000] "GET /robots.txt HTTP/1.0" 404 204 "-" "Googlebot/2.1 (+http://www.google.com/bot.html)"
66.249.71.67 - - [14/Jul/2005:22:44:18 +0000] "GET / HTTP/1.0" 200 814 "-" "Googlebot/2.1 (+http://www.google.com/bot.html)"
66.249.65.101 - - [15/Jul/2005:03:22:10 +0000] "GET /robots.txt HTTP/1.1" 404 216 "-" "Mozilla/5.0 (compatible; Googlebot/2.1; +http://www.google.com/bot.html)"
66.249.65.101 - - [15/Jul/2005:03:22:10 +0000] "GET /error_log HTTP/1.1" 200 30119 "-" "Mozilla/5.0 (compatible; Googlebot/2.1; +http://www.google.com/bot.html)"
66.249.65.101 - - [15/Jul/2005:03:40:45 +0000] "GET / HTTP/1.1" 200 826 "-" "Mozilla/5.0 (compatible; Googlebot/2.1; +http://www.google.com/bot.html)"
69.197.190.212 - - [15/Jul/2005:06:09:21 +0000] "GET /favicon.ico HTTP/1.1" 404 217 "-" "Mozilla/5.0 (Windows; U; Windows NT 5.1; en-US; rv:1.7.8) Gecko/20050511 Firefox/1.0.4"
217.219.196.114 - - [15/Jul/2005:09:07:52 +0000] "GET / HTTP/1.1" 200 826 "-" "Mozilla/4.0 (compatible; MSIE 6.0; Windows NT 5.1)"
68.142.250.71 - - [15/Jul/2005:09:18:55 +0000] "GET /robots.txt HTTP/1.0" 404 204 "-" "Mozilla/5.0 (compatible; Yahoo! Slurp; http://help.yahoo.com/help/us/ysearch/slurp)"
